000
CXUS54 KHUN 021007
CLMMSL
CLIMATE REPORT
NATIONAL WEATHER SERVICE HUNTSVILLE AL
507 AM CDT SUN JUL 02 2023
...................................
...THE MUSCLE SHOALS CLIMATE SUMMARY FOR THE MONTH OF JUNE 2023...
CLIMATE NORMAL PERIOD 1991 TO 2020
CLIMATE RECORD PERIOD 1893 TO 2023
WEATHER OBSERVED NORMAL DEPART LAST YEAR`S
VALUE DATE(S) VALUE FROM VALUE
NORMAL
..............................................................
TEMPERATURE (F)
RECORD
HIGH 108 06/26/1914
LOW 42 06/01/1894
HIGHEST 100 06/30 MM MM 102
LOWEST 60 06/10 MM MM 58
06/13
AVG. MAXIMUM 89.5 88.9 0.6 92.9
AVG. MINIMUM 65.7 67.9 -2.2 68.2
MEAN 77.6 78.4 -0.8 80.6
DAYS MAX >= 90 16 14.8 1.2 21
DAYS MAX <= 32 0 0.0 0.0 0
DAYS MIN <= 32 0 0.0 0.0 0
DAYS MIN <= 0 0 0.0 0.0 0
PRECIPITATION (INCHES)
RECORD
MAXIMUM 13.87 1900
MINIMUM 0.43 1944
TOTALS 2.71 5.05 -2.34 0.86
DAILY AVG. 0.09 0.17 -0.08
DAYS >= .01 11 10.7 0.3 5
DAYS >= .10 7 6.8 0.2 3
DAYS >= .50 2 3.3 -1.3 0
DAYS >= 1.00 0 1.4 -1.4 0
GREATEST
24 HR. TOTAL 0.91 06/02 TO 06/02 0.45
SNOWFALL (INCHES)
RECORDS
TOTAL T 1994
24 HR TOTAL 0.0 MM
TOTALS 0.0 MM MM 0.0
SINCE 7/1 T MM MM MM
DAYS >= TRACE MM MM MM
DAYS >= 1.0 MM MM MM
GREATEST
24 HR TOTAL MM 0.0
DEGREE DAYS
HEATING TOTAL 0 0 0 0
SINCE 7/1 2407 2821 -414 MM
COOLING TOTAL 387 402 -15 475
SINCE 1/1 676 708 -32 MM
FREEZE DATES
RECORD
EARLIEST 10/03/1908
LATEST 05/02/1909
EARLIEST 10/19 11/08
LATEST 03/21 03/20
..............................................................
WIND (MPH)
AVERAGE WIND SPEED 4.8
HIGHEST WIND SPEED/DIRECTION 37/270 DATE 06/25
HIGHEST GUST SPEED/DIRECTION 50/280 DATE 06/25
SKY COVER
POSSIBLE SUNSHINE (PERCENT) MM
WEATHER CONDITIONS. NUMBER OF DAYS WITH
THUNDERSTORM 13 MIXED PRECIP 0
HEAVY RAIN 5 RAIN 5
LIGHT RAIN 13 FREEZING RAIN 0
LT FREEZING RAIN 0 HAIL 0
HEAVY SNOW 0 SNOW 0
LIGHT SNOW 0 SLEET 0
FOG 23 FOG W/VIS <= 1/4 MILE 4
- INDICATES NEGATIVE NUMBERS.
R INDICATES RECORD WAS SET OR TIED.
MM INDICATES DATA IS MISSING.
T INDICATES TRACE AMOUNT.
$$