000
CXUS55 KMSO 031851
CF6MSO
PRELIMINARY LOCAL CLIMATOLOGICAL DATA (WS FORM: F-6)
STATION: MISSOULA MT
MONTH: JUNE
YEAR: 2023
LATITUDE: 46 55 N
LONGITUDE: 114 5 W
TEMPERATURE IN F: :PCPN: SNOW: WIND :SUNSHINE: SKY :PK WND
================================================================================
1 2 3 4 5 6A 6B 7 8 9 10 11 12 13 14 15 16 17 18
12Z AVG MX 2MIN
DY MAX MIN AVG DEP HDD CDD WTR SNW DPTH SPD SPD DIR MIN PSBL S-S WX SPD DR
================================================================================
1 76 54 65 8 0 0 T 0.0 0 5.8 14 320 M M 8 18 320
2 72 56 64 7 1 0 T 0.0 0 5.7 21 130 M M 7 25 140
3 70 53 62 5 3 0 0.03 0.0 0 1.9 13 40 M M 7 1 16 40
4 83 49 66 9 0 1 0.00 0.0 0 5.0 20 40 M M 2 12 24 30
5 72 52 62 4 3 0 0.01 0.0 0 3.0 12 120 M M 5 15 120
6 87 52 70 12 0 5 0.00 0.0 0 6.1 16 100 M M 2 38 22 90
7 89 57 73 15 0 8 T 0.0 0 8.3 31 180 M M 2 3 43 170
8 82 59 71 13 0 6 0.44 0.0 0 3.4 24 130 M M 6 13 32 140
9 78 59 69 11 0 4 0.10 0.0 0 7.5 21 330 M M 5 138 31 350
10 82 53 68 10 0 3 0.01 0.0 0 3.8 13 300 M M 4 18 280
11 80 56 68 10 0 3 0.12 0.0 0 4.1 20 310 M M 5 13 24 310
12 81 58 70 11 0 5 0.14 0.0 0 6.2 23 190 M M 5 13 29 170
13 86 53 70 11 0 5 0.06 0.0 0 5.1 25 230 M M 2 3 35 240
14 71 54 63 4 2 0 0.00 0.0 0 10.3 25 290 M M 6 33 260
15 66 50 58 -1 7 0 0.00 0.0 0 3.7 14 300 M M 8 19 300
16 77 43 60 0 5 0 0.00 0.0 0 3.9 15 300 M M 1 20 310
17 72 55 64 4 1 0 0.56 0.0 0 4.2 12 270 M M 8 1 16 70
18 65 51 58 -2 7 0 0.24 0.0 0 7.9 25 300 M M 9 1 32 290
19 59 41 50 -10 15 0 0.01 0.0 0 6.1 20 190 M M 6 25 190
20 65 38 52 -8 13 0 0.01 0.0 0 4.3 18 300 M M 4 25 270
21 68 40 54 -7 11 0 T 0.0 0 4.7 16 230 M M 2 21 230
22 78 39 59 -2 6 0 0.00 0.0 0 4.3 16 10 M M 0 24 350
23 77 46 62 1 3 0 T 0.0 0 5.9 18 230 M M 2 3 28 240
24 83 49 66 4 0 1 0.00 0.0 0 3.0 14 300 M M 2 20 10
25 74 50 62 0 3 0 0.05 0.0 0 4.2 25 230 M M 2 13 34 230
26 83 49 66 4 0 1 0.18 0.0 0 4.0 30 160 M M 1 3 39 170
27 77 53 65 2 0 0 T 0.0 0 3.6 20 70 M M 3 3 27 70
28 79 56 68 5 0 3 0.07 0.0 0 3.5 15 40 M M 5 13 20 30
29 88 52 70 7 0 5 0.00 0.0 0 3.3 14 360 M M 0 17 360
30 91 56 74 10 0 9 0.00 0.0 0 3.3 14 270 M M 0 20 280
================================================================================
SM 2311 1533 80 59 2.03 0.0 146.1 M 119
================================================================================
AV 77.0 51.1 4.9 FASTST M M 4 MAX(MPH)
MISC ----> 31 180 43 170
================================================================================
NOTES:
# LAST OF SEVERAL OCCURRENCES
COLUMN 17 PEAK WIND IN M.P.H.
PRELIMINARY LOCAL CLIMATOLOGICAL DATA (WS FORM: F-6) , PAGE 2
STATION: MISSOULA MT
MONTH: JUNE
YEAR: 2023
LATITUDE: 46 55 N
LONGITUDE: 114 5 W
[TEMPERATURE DATA] [PRECIPITATION DATA] SYMBOLS USED IN COLUMN 16
AVERAGE MONTHLY: 64.1 TOTAL FOR MONTH: 2.03 1 = FOG OR MIST
DPTR FM NORMAL: 4.4 DPTR FM NORMAL: -0.11 2 = FOG REDUCING VISIBILITY
HIGHEST: 91 ON 30 GRTST 24HR 0.73 ON 17-18 TO 1/4 MILE OR LESS
LOWEST: 38 ON 20 3 = THUNDER
SNOW, ICE PELLETS, HAIL 4 = ICE PELLETS
TOTAL MONTH: 0.0 INCH 5 = HAIL
GRTST 24HR 0.0 6 = FREEZING RAIN OR DRIZZLE
GRTST DEPTH: 0 7 = DUSTSTORM OR SANDSTORM:
VSBY 1/2 MILE OR LESS
8 = SMOKE OR HAZE
[NO. OF DAYS WITH] [WEATHER - DAYS WITH] 9 = BLOWING SNOW
X = TORNADO
MAX 32 OR BELOW: 0 0.01 INCH OR MORE: 15
MAX 90 OR ABOVE: 1 0.10 INCH OR MORE: 7
MIN 32 OR BELOW: 0 0.50 INCH OR MORE: 1
MIN 0 OR BELOW: 0 1.00 INCH OR MORE: 0
[HDD (BASE 65) ]
TOTAL THIS MO. 80 CLEAR (SCALE 0-3) 13
DPTR FM NORMAL -105 PTCLDY (SCALE 4-7) 15
TOTAL FM JUL 1 7170 CLOUDY (SCALE 8-10) 2
DPTR FM NORMAL -342
[CDD (BASE 65) ]
TOTAL THIS MO. 59
DPTR FM NORMAL 31 [PRESSURE DATA]
TOTAL FM JAN 1 85 HIGHEST SLP 30.23 ON 21
DPTR FM NORMAL 54 LOWEST SLP 29.63 ON 18
[REMARKS]
#FINAL-06-23#