000
CXUS52 KKEY 012212 CCA
CF6MTH
PRELIMINARY LOCAL CLIMATOLOGICAL DATA (WS FORM: F-6)...CORRECTED
STATION: MARATHON
MONTH: APRIL
YEAR: 2023
LATITUDE: 24 43 N
LONGITUDE: 81 5 W
TEMPERATURE IN F: :PCPN: SNOW: WIND :SUNSHINE: SKY :PK WND
================================================================================
1 2 3 4 5 6A 6B 7 8 9 10 11 12 13 14 15 16 17 18
12Z AVG MX 2MIN
DY MAX MIN AVG DEP HDD CDD WTR SNW DPTH SPD SPD DIR MIN PSBL S-S WX SPD DR
================================================================================
1 89 78 84 8 0 19 0.01 0.0 0 6.9 14 120 M M 2 23 120
2 87 73 80 3 0 15 0.00 0.0 0 1.5 7 330 M M 4 14 350
3 89 75 82 5 0 17 0.00 0.0 0 6.3 10 110 M M 1 18 120
4 90 79 85 8 0 20 0.00 0.0 0 9.0 14 90 M M 1 22 100
5 90 79 85 8 0 20 0.00 0.0 0 10.1 16 100 M M 3 26 80
6 90 79 85 8 0 20 T 0.0 0 11.5 17 120 M M 3 28 120
7 89 77 83 6 0 18 0.00 0.0 0 9.4 15 90 M M 1 25 100
8 90 75 83 6 0 18 0.00 0.0 0 6.1 12 120 M M 1 19 70
9 87 72 80 2 0 15 0.00 0.0 0 5.7 16 50 M M 1 22 50
10 85 73 79 1 0 14 0.02 0.0 0 11.0 23 50 M M 2 30 40
11 81 71 76 -2 0 11 1.01 0.0 0 18.8 26 60 M M 9 138 40 80
12 87 73 80 2 0 15 0.19 0.0 0 8.8 21 110 M M 5 138 35 110
13 89 78 84 6 0 19 0.00 0.0 0 4.6 9 170 M M 0 8 15 170
14 90 78 84 6 0 19 0.00 0.0 0 4.2 8 160 M M 0 13 120
15 91 79 85 7 0 20 0.00 0.0 0 6.5 12 120 M M 1 8 17 120
16 90 79 85 7 0 20 0.00 0.0 0 6.1 13 140 M M 3 21 150
17 90 72 81 2 0 16 0.34 0.0 0 10.0 21 290 M M 3 13 31 290
18 85 73 79 0 0 14 0.00 0.0 0 9.2 17 30 M M 1 26 40
19 86 75 81 2 0 16 0.00 0.0 0 10.0 16 50 M M 1 25 50
20 88 75 82 3 0 17 0.00 0.0 0 8.2 17 50 M M 2 3 23 70
21 88 75 82 3 0 17 0.00 0.0 0 5.0 10 50 M M 0 8 15 60
22 91 76 84 5 0 19 0.00 0.0 0 5.4 13 260 M M 1 17 260
23 89 74 82 3 0 17 0.00 0.0 0 3.5 12 30 M M 1 16 350
24 90 77 84 5 0 19 0.00 0.0 0 5.5 14 130 M M 0 20 120
25 85 70 78 -2 0 13 1.28 0.0 0 5.0 22 280 M M 4 123 32 280
26 89 76 83 3 0 18 0.00 0.0 0 3.5 9 150 M M 2 13 150
27 91 78 85 5 0 20 0.00 0.0 0 6.8 12 130 M M 1 8 19 140
28 91 81 86 6 0 21 0.00 0.0 0 7.0 14 210 M M 3 24 210
29 90 81 86 6 0 21 0.00 0.0 0 7.4 15 170 M M 3 3 25 170
30 88 77 83 3 0 18 0.06 0.0 0 14.4 24 250 M M 4 3 39 260
================================================================================
SM 2655 2278 0 526 2.91 0.0 227.4 M 63
================================================================================
AV 88.5 75.9 7.6 FASTST M M 2 MAX(MPH)
MISC ----> 26 60 40 80
================================================================================
NOTES:
# LAST OF SEVERAL OCCURRENCES
COLUMN 17 PEAK WIND IN M.P.H.
PRELIMINARY LOCAL CLIMATOLOGICAL DATA (WS FORM: F-6) , PAGE 2
STATION: MARATHON
MONTH: APRIL
YEAR: 2023
LATITUDE: 24 43 N
LONGITUDE: 81 5 W
[TEMPERATURE DATA] [PRECIPITATION DATA] SYMBOLS USED IN COLUMN 16
AVERAGE MONTHLY: 82.2 TOTAL FOR MONTH: 2.91 1 = FOG OR MIST
DPTR FM NORMAL: 3.9 DPTR FM NORMAL: 0.80 2 = FOG REDUCING VISIBILITY
HIGHEST: 91 ON 28,27 GRTST 24HR 1.28 ON 25-25 TO 1/4 MILE OR LESS
LOWEST: 70 ON 25 3 = THUNDER
SNOW, ICE PELLETS, HAIL 4 = ICE PELLETS
TOTAL MONTH: 0.0 INCH 5 = HAIL
GRTST 24HR 0.0 6 = FREEZING RAIN OR DRIZZLE
GRTST DEPTH: 0 7 = DUSTSTORM OR SANDSTORM:
VSBY 1/2 MILE OR LESS
8 = SMOKE OR HAZE
[NO. OF DAYS WITH] [WEATHER - DAYS WITH] 9 = BLOWING SNOW
X = TORNADO
MAX 32 OR BELOW: 0 0.01 INCH OR MORE: 7
MAX 90 OR ABOVE: 13 0.10 INCH OR MORE: 4
MIN 32 OR BELOW: 0 0.50 INCH OR MORE: 2
MIN 0 OR BELOW: 0 1.00 INCH OR MORE: 2
[HDD (BASE 65) ]
TOTAL THIS MO. 0 CLEAR (SCALE 0-3) 24
DPTR FM NORMAL 0 PTCLDY (SCALE 4-7) 5
TOTAL FM JUL 1 44 CLOUDY (SCALE 8-10) 1
DPTR FM NORMAL -27
[CDD (BASE 65) ]
TOTAL THIS MO. 526
DPTR FM NORMAL 127 [PRESSURE DATA]
TOTAL FM JAN 1 1639 HIGHEST SLP M ON M
DPTR FM NORMAL 532 LOWEST SLP 29.74 ON 30
[REMARKS]
CORRECTED SNOW DEPTH ON THE 30TH TO ZERO
CORRECTED ALIGNMENT OF SNOW, ICE PELLETS, HAIL TABLE
#FINAL-04-23#