000
CXUS52 KKEY 020333 CCA
CF6MTH
PRELIMINARY LOCAL CLIMATOLOGICAL DATA (WS FORM: F-6)...CORRECTED
STATION: MARATHON
MONTH: FEBRUARY
YEAR: 2021
LATITUDE: 24 43 N
LONGITUDE: 81 5 W
TEMPERATURE IN F: :PCPN: SNOW: WIND :SUNSHINE: SKY :PK WND
================================================================================
1 2 3 4 5 6A 6B 7 8 9 10 11 12 13 14 15 16 17 18
12Z AVG MX 2MIN
DY MAX MIN AVG DEP HDD CDD WTR SNW DPTH SPD SPD DIR MIN PSBL S-S WX SPD DR
================================================================================
1 77 63 70 -1 0 5 0.02 0.0 0 14.4 28 280 M M 3 18 41 270
2 67 59 63 -8 2 0 0.00 0.0 0 17.3 24 290 M M 6 40 290
3 64 55 60 -11 5 0 0.00 0.0 0 9.3 16 330 M M 0 28 320
4 67 54 61 -10 4 0 0.00 0.0 0 6.8 13 20 M M 0 21 360
5 78 65 72 1 0 7 0.00 0.0 0 5.7 9 130 M M 2 14 130
6 79 70 75 4 0 10 0.01 0.0 0 6.3 15 190 M M 7 1 30 180
7 81 71 76 5 0 11 0.00 0.0 0 4.8 9 360 M M 1 1 17 190
8 82 71 77 6 0 12 0.00 0.0 0 3.6 8 150 M M 3 1 12 140
9 82 71 77 6 0 12 0.00 0.0 0 6.5 12 110 M M 1 19 120
10 81 72 77 6 0 12 0.00 0.0 0 8.5 14 80 M M 2 21 110
11 83 73 78 7 0 13 T 0.0 0 8.3 13 130 M M 4 21 110
12 81 69 75 3 0 10 0.54 0.0 0 7.2 15 170 M M 3 13 26 160
13 82 74 78 6 0 13 T 0.0 0 8.3 14 150 M M 4 26 140
14 83 73 78 6 0 13 0.01 0.0 0 7.2 12 270 M M 2 1 23 240
15 83 72 78 6 0 13 T 0.0 0 7.9 14 160 M M 2 1 25 160
16 83 71 77 5 0 12 0.01 0.0 0 7.5 13 330 M M 5 1 19 200
17 83 73 78 6 0 13 0.11 0.0 0 7.3 15 130 M M 3 1 22 120
18 83 75 79 7 0 14 0.00 0.0 0 9.7 17 130 M M 1 29 130
19 84 69 77 5 0 12 0.00 0.0 0 7.8 20 330 M M 4 32 340
20 73 64 69 -3 0 4 T 0.0 0 13.6 22 40 M M 8 33 340
21 78 68 73 1 0 8 T 0.0 0 18.0 25 70 M M 4 36 80
22 82 71 77 5 0 12 0.00 0.0 0 10.1 17 90 M M 5 28 100
23 79 71 75 3 0 10 0.07 0.0 0 6.0 13 260 M M 3 1 18 270
24 81 67 74 2 0 9 0.00 0.0 0 3.2 8 350 M M 1 12 360
25 81 72 77 5 0 12 0.00 0.0 0 6.2 12 40 M M 2 16 50
26 84 73 79 7 0 14 0.00 0.0 0 8.6 15 80 M M 1 21 90
27 84 75 80 8 0 15 0.00 0.0 0 11.2 16 110 M M 0 27 80
28 84 75 80 8 0 15 0.00 0.0 0 11.5 17 100 M M 3 28 100
================================================================================
SM 2229 1936 11 281 0.77 0.0 242.8 M 80
================================================================================
AV 79.6 69.1 8.7 FASTST M M 3 MAX(MPH)
MISC ----> 28 280 41 270
================================================================================
NOTES:
# LAST OF SEVERAL OCCURRENCES
COLUMN 17 PEAK WIND IN M.P.H.
PRELIMINARY LOCAL CLIMATOLOGICAL DATA (WS FORM: F-6) , PAGE 2
STATION: MARATHON
MONTH: FEBRUARY
YEAR: 2021
LATITUDE: 24 43 N
LONGITUDE: 81 5 W
[TEMPERATURE DATA] [PRECIPITATION DATA] SYMBOLS USED IN COLUMN 16
AVERAGE MONTHLY: 74.4 TOTAL FOR MONTH: 0.77 1 = FOG OR MIST
DPTR FM NORMAL: 2.8 DPTR FM NORMAL: -1.44 2 = FOG REDUCING VISIBILITY
HIGHEST: 84 ON 28,27 GRTST 24HR 0.54 ON 12-12 TO 1/4 MILE OR LESS
LOWEST: 54 ON 4 3 = THUNDER
SNOW, ICE PELLETS, HAIL 4 = ICE PELLETS
TOTAL MONTH: 0.0 INCH 5 = HAIL
GRTST 24HR 0.0 6 = FREEZING RAIN OR DRIZZLE
GRTST DEPTH: 0 7 = DUSTSTORM OR SANDSTORM:
VSBY 1/2 MILE OR LESS
8 = SMOKE OR HAZE
[NO. OF DAYS WITH] [WEATHER - DAYS WITH] 9 = BLOWING SNOW
X = TORNADO
MAX 32 OR BELOW: 0 0.01 INCH OR MORE: 7
MAX 90 OR ABOVE: 0 0.10 INCH OR MORE: 2
MIN 32 OR BELOW: 0 0.50 INCH OR MORE: 1
MIN 0 OR BELOW: 0 1.00 INCH OR MORE: 0
[HDD (BASE 65) ]
TOTAL THIS MO. 11 CLEAR (SCALE 0-3) 19
DPTR FM NORMAL -13 PTCLDY (SCALE 4-7) 8
TOTAL FM JUL 1 36 CLOUDY (SCALE 8-10) 1
DPTR FM NORMAL -39
[CDD (BASE 65) ]
TOTAL THIS MO. 281
DPTR FM NORMAL 80 [PRESSURE DATA]
TOTAL FM JAN 1 412 HIGHEST SLP M ON M
DPTR FM NORMAL 30 LOWEST SLP 29.88 ON 1
[REMARKS]
#FINAL-02-21#
CORRECTED SNOW DEPTH (COL 9) ON FEBRUARY 17TH, 22ND, AND 23RD TO 0 INCHES.
CORRECTED HEATING DEGREE DAYS DEPARTURES FROM NORMAL.
CORRECTED SKY COVER DAYS.
ROSS