000
CXUS55 KGJT 010910
CF6MTJ
PRELIMINARY LOCAL CLIMATOLOGICAL DATA (WS FORM: F-6)
STATION: MONTROSE CO
MONTH: MAY
YEAR: 2021
LATITUDE: 38 30 N
LONGITUDE: 107 53 W
TEMPERATURE IN F: :PCPN: SNOW: WIND :SUNSHINE: SKY :PK WND
================================================================================
1 2 3 4 5 6A 6B 7 8 9 10 11 12 13 14 15 16 17 18
12Z AVG MX 2MIN
DY MAX MIN AVG DEP HDD CDD WTR SNW DPTH SPD SPD DIR MIN PSBL S-S WX SPD DR
================================================================================
1 84 48 66 13 0 1 0.00 M M 9.2 22 230 M M 0 30 230
2 74 50 62 8 3 0 T M M 10.4 31 320 M M 3 50 340
3 51 42 47 -7 18 0 0.37 M M 5.9 15 320 M M 10 1 20 310
4 64 37 51 -3 14 0 0.00 M M 5.7 15 340 M M 3 20 360
5 70 44 57 2 8 0 0.00 M M 7.2 17 330 M M 2 23 360
6 80 38 59 4 6 0 0.00 M M 7.8 17 140 M M 0 20 150
7 82 47 65 10 0 0 0.00 M M 10.6 28 210 M M 0 8 49 220
8 71 43 57 1 8 0 T M M 8.9 28 220 M M 3 36 210
9 62 35 49 -7 16 0 0.00 M M 6.5 18 30 M M 2 25 30
10 56 40 48 -8 17 0 T M M 11.1 26 260 M M 7 37 260
11 62 33 48 -9 17 0 0.00 M M 7.9 17 330 M M 1 23 330
12 70 33 52 -5 13 0 0.00 M M 8.1 17 350 M M 0 23 340
13 79 39 59 2 6 0 0.00 M M 7.2 15 140 M M 0 20 350
14 83 45 64 6 1 0 0.00 M M 8.8 23 240 M M 0 33 240
15 81 44 63 5 2 0 0.00 M M 10.2 22 250 M M 0 32 230
16 81 53 67 9 0 2 0.00 M M 7.2 15 240 M M 0 21 220
17 69 48 59 0 6 0 T M M 8.3 26 80 M M 2 36 90
18 75 45 60 1 5 0 0.01 M M 10.7 33 110 M M 3 44 110
19 79 43 61 1 4 0 T M M 7.5 20 280 M M 1 8 27 160
20 82 59 71 11 0 6 0.00 M M 16.1 31 220 M M 1 45 230
21 70 54 62 2 3 0 0.00 M M 14.4 43 170 M M 3 8 56 170
22 81 46 64 3 1 0 T M M 15.0 37 140 M M 4 54 170
23 68 45 57 -4 8 0 T M M 11.4 30 210 M M 2 43 220
24 69 35 52 -9 13 0 0.00 M M 8.1 21 350 M M 0 28 340
25 77 39 58 -4 7 0 0.00 M M 6.3 13 330 M M 0 18 360
26 74 50 62 0 3 0 0.00 M M 9.0 24 220 M M 1 35 220
27 79 48 64 2 1 0 0.00 M M 7.6 17 340 M M 0 25 350
28 84 46 65 2 0 0 0.00 M M 6.5 16 120 M M 0 20 250
29 84 47 66 3 0 1 0.00 M M 7.6 28 180 M M 0 35 180
30 75 50 63 -1 2 0 T M M 8.4 37 200 M M 1 55 200
31 79 44 62 -2 3 0 0.00 M M 9.3 31 110 M M 1 8 40 120
================================================================================
SM 2295 1370 185 10 0.38 M 278.9 M 50
================================================================================
AV 74.0 44.2 9.0 FASTST M M 2 MAX(MPH)
MISC ----> 43 170 56 170
================================================================================
NOTES:
# LAST OF SEVERAL OCCURRENCES
COLUMN 17 PEAK WIND IN M.P.H.
PRELIMINARY LOCAL CLIMATOLOGICAL DATA (WS FORM: F-6) , PAGE 2
STATION: MONTROSE CO
MONTH: MAY
YEAR: 2021
LATITUDE: 38 30 N
LONGITUDE: 107 53 W
[TEMPERATURE DATA] [PRECIPITATION DATA] SYMBOLS USED IN COLUMN 16
AVERAGE MONTHLY: 59.1 TOTAL FOR MONTH: 0.38 1 = FOG OR MIST
DPTR FM NORMAL: 0.5 DPTR FM NORMAL: -0.44 2 = FOG REDUCING VISIBILITY
HIGHEST: 84 ON 29,28 GRTST 24HR 0.37 ON 2- 3 TO 1/4 MILE OR LESS
LOWEST: 33 ON 12,11 3 = THUNDER
SNOW, ICE PELLETS, HAIL 4 = ICE PELLETS
TOTAL MONTH: M 5 = HAIL
GRTST 24HR M ON M 6 = FREEZING RAIN OR DRIZZLE
GRTST DEPTH: M ON M 7 = DUSTSTORM OR SANDSTORM:
VSBY 1/2 MILE OR LESS
8 = SMOKE OR HAZE
[NO. OF DAYS WITH] [WEATHER - DAYS WITH] 9 = BLOWING SNOW
X = TORNADO
MAX 32 OR BELOW: 0 0.01 INCH OR MORE: 2
MAX 90 OR ABOVE: 0 0.10 INCH OR MORE: 1
MIN 32 OR BELOW: 0 0.50 INCH OR MORE: 0
MIN 0 OR BELOW: 0 1.00 INCH OR MORE: 0
[HDD (BASE 65) ]
TOTAL THIS MO. 185 CLEAR (SCALE 0-3) 27
DPTR FM NORMAL -36 PTCLDY (SCALE 4-7) 3
TOTAL FM JUL 1 5895 CLOUDY (SCALE 8-10) 1
DPTR FM NORMAL -87
[CDD (BASE 65) ]
TOTAL THIS MO. 10
DPTR FM NORMAL -11 [PRESSURE DATA]
TOTAL FM JAN 1 10 HIGHEST SLP M ON M
DPTR FM NORMAL -11 LOWEST SLP 29.40 ON 2
[REMARKS]
#FINAL-05-21#