000
CXUS55 KBOI 011002
CF6MUO
PRELIMINARY LOCAL CLIMATOLOGICAL DATA (WS FORM: F-6)
STATION: MOUNTAIN HOME AFB
MONTH: JULY
YEAR: 2020
LATITUDE: 43 2 N
LONGITUDE: 115 52 W
TEMPERATURE IN F: :PCPN: SNOW: WIND :SUNSHINE: SKY :PK WND
================================================================================
1 2 3 4 5 6A 6B 7 8 9 10 11 12 13 14 15 16 17 18
12Z AVG MX 2MIN
DY MAX MIN AVG DEP HDD CDD WTR SNW DPTH SPD SPD DIR MIN PSBL S-S WX SPD DR
================================================================================
1 77 51 64 -8 1 0 0.00 M M 10.3 18 330 M M 1 21 300
2 83 45 64 -9 1 0 0.00 M M 7.1 13 330 M M 0 M M
3 93 50 72 -1 0 7 0.00 M M 6.6 16 340 M M 1 21 340
4 90 54 72 -1 0 7 0.00 M M 9.3 18 320 M M 0 24 340
5 89 57 73 0 0 8 0.00 M M 10.2 16 340 M M 0 23 330
6 94 51 73 -1 0 8 0.00 M M 4.6 12 350 M M 1 M M
7 83 58 71 -3 0 6 0.00 M M 15.1 24 330 M M 1 31 330
8 82 54 68 -6 0 3 0.00 M M 11.8 17 320 M M 0 22 320
9 92 50 71 -4 0 6 0.00 M M 3.8 9 330 M M 0 M M
10 88 61 75 0 0 10 0.00 M M 11.3 20 310 M M 0 33 320
11 102 55 79 4 0 14 0.00 M M 7.9 14 140 M M 0 21 120
12 91 63 77 2 0 12 0.00 M M 12.3 18 360 M M 0 25 360
13 85 59 72 -4 0 7 0.00 M M 16.1 24 330 M M 1 32 340
14 86 55 71 -5 0 6 0.00 M M 13.3 22 320 M M 0 31 310
15 90 55 73 -3 0 8 0.00 M M 11.2 17 320 M M 0 25 300
16 95 54 75 -1 0 10 0.00 M M 6.6 14 10 M M 0 8 18 330
17 98 59 79 2 0 14 0.00 M M 8.7 20 360 M M 0 31 350
18 92 63 78 1 0 13 0.00 M M 13.7 23 330 M M 0 31 330
19 94 60 77 0 0 12 0.00 M M 11.3 18 320 M M 0 25 320
20 95 65 80 3 0 15 0.00 M M 13.5 22 320 M M 0 33 350
21 100 60 80 3 0 15 T M M 6.0 15 340 M M 1 20 310
22 92 68 80 3 0 15 T M M 8.5 23 150 M M 7 33 220
23 94 61 78 1 0 13 0.17 M M 11.2 35 320 M M 4 13 49 280
24 91 55 73 -5 0 8 T M M 4.4 12 310 M M 0 16 310
25 89 58 74 -4 0 9 0.00 M M 11.7 16 320 M M 1 23 310
26 95 51 73 -5 0 8 0.00 M M 6.0 14 300 M M 0 M M
27 96 56 76 -2 0 11 T M M 6.8 17 280 M M 4 M M
28 94 67 81 3 0 16 T M M 9.9 20 100 M M 4 3 45 20
29 98 59 79 1 0 14 T M M 7.4 16 110 M M 0 17 110
30 105 63 84 6 0 19 T M M 9.3 22 130 M M 1 32 130
31 106 65 86 8 0 21 0.00 M M 8.3 23 120 M M 0 30 130
================================================================================
SM 2859 1782 2 315 0.17 M 294.2 M 27
================================================================================
AV 92.2 57.5 9.5 FASTST M M 1 MAX(MPH)
MISC ----> 35 320 49 280
================================================================================
NOTES:
# LAST OF SEVERAL OCCURRENCES
COLUMN 17 PEAK WIND IN M.P.H.
PRELIMINARY LOCAL CLIMATOLOGICAL DATA (WS FORM: F-6) , PAGE 2
STATION: MOUNTAIN HOME AFB
MONTH: JULY
YEAR: 2020
LATITUDE: 43 2 N
LONGITUDE: 115 52 W
[TEMPERATURE DATA] [PRECIPITATION DATA] SYMBOLS USED IN COLUMN 16
AVERAGE MONTHLY: 74.9 TOTAL FOR MONTH: 0.17 1 = FOG OR MIST
DPTR FM NORMAL: -0.9 DPTR FM NORMAL: -0.04 2 = FOG REDUCING VISIBILITY
HIGHEST: 106 ON 31 GRTST 24HR 0.17 ON 23-23 TO 1/4 MILE OR LESS
LOWEST: 45 ON 2 3 = THUNDER
SNOW, ICE PELLETS, HAIL 4 = ICE PELLETS
TOTAL MONTH: M 5 = HAIL
GRTST 24HR M ON M 6 = FREEZING RAIN OR DRIZZLE
GRTST DEPTH: M ON M 7 = DUSTSTORM OR SANDSTORM:
VSBY 1/2 MILE OR LESS
8 = SMOKE OR HAZE
[NO. OF DAYS WITH] [WEATHER - DAYS WITH] 9 = BLOWING SNOW
X = TORNADO
MAX 32 OR BELOW: 0 0.01 INCH OR MORE: 1
MAX 90 OR ABOVE: 22 0.10 INCH OR MORE: 1
MIN 32 OR BELOW: 0 0.50 INCH OR MORE: 0
MIN 0 OR BELOW: 0 1.00 INCH OR MORE: 0
[HDD (BASE 65) ]
TOTAL THIS MO. 2 CLEAR (SCALE 0-3) 27
DPTR FM NORMAL -4 PTCLDY (SCALE 4-7) 4
TOTAL FM JUL 1 2 CLOUDY (SCALE 8-10) 0
DPTR FM NORMAL -4
[CDD (BASE 65) ]
TOTAL THIS MO. 315
DPTR FM NORMAL -26 [PRESSURE DATA]
TOTAL FM JAN 1 493 HIGHEST SLP M ON M
DPTR FM NORMAL -18 LOWEST SLP M ON M
[REMARKS]
#FINAL-07-20#