000
CXUS56 KOTX 011010
CF6MWH
PRELIMINARY LOCAL CLIMATOLOGICAL DATA (WS FORM: F-6)
STATION: MOSES LAKE WA AIRPORT
MONTH: DECEMBER
YEAR: 2022
LATITUDE: 47 12 N
LONGITUDE: 119 19 W
TEMPERATURE IN F: :PCPN: SNOW: WIND :SUNSHINE: SKY :PK WND
================================================================================
1 2 3 4 5 6A 6B 7 8 9 10 11 12 13 14 15 16 17 18
12Z AVG MX 2MIN
DY MAX MIN AVG DEP HDD CDD WTR SNW DPTH SPD SPD DIR MIN PSBL S-S WX SPD DR
================================================================================
1 28 0 14 -18 51 0 0.00 M M 5.0 14 320 M M 5 12 16 320
2 19 -9 5 -27 60 0 0.00 M M 8.0 14 350 M M 5 16 340
3 27 6 17 -15 48 0 0.00 M M 10.4 17 360 M M 0 20 10
4 27 6 17 -15 48 0 T M M 6.4 15 10 M M 6 16 20
5 26 21 24 -7 41 0 0.00 M M 4.0 9 330 M M 8 10 330
6 27 22 25 -6 40 0 0.00 M M 4.0 12 170 M M 10 1 14 170
7 28 25 27 -4 38 0 T M M 3.3 9 360 M M 10 1 10 360
8 26 17 22 -9 43 0 0.25 M M 4.6 10 100 M M 10 12 13 90
9 33 16 25 -6 40 0 0.05 M M 4.4 13 120 M M 10 12 15 130
10 36 24 30 0 35 0 0.08 M M 3.3 15 140 M M 8 12 20 140
11 40 23 32 2 33 0 0.02 M M 4.8 15 20 M M 6 126 18 20
12 39 14 27 -3 38 0 0.00 M M 2.7 10 150 M M 1 12 11 150
13 29 8 19 -11 46 0 0.00 M M 2.7 9 10 M M 6 1 10 20
14 35 20 28 -2 37 0 T M M 3.6 8 120 M M 6 128 9 120
15 M 16 M M M M T M M 7.5 10 310 M M 6 12 10 310
16 M M M M M M M M M M M M M M M 12 M M
17 M M M M M M M M M M M M M M M 1 M M
18 M M M M M M M M M M M M M M M 1 M M
19 M M M M M M M M M M M M M M M M M
20 M M M M M M M M M M M M M M M 8 M M
21 8 -5 2 -27 63 0 0.00 M M 11.6 21 360 M M 5 25 360
22 7 -5 1 -28 64 0 0.01 M M 12.5 18 10 M M 7 1 21 10
23 14 6 10 -19 55 0 0.15 M M 5.5 13 10 M M 10 18 15 10
24 17 13 15 -14 50 0 0.12 M M 1.8 9 260 M M 10 18 11 260
25 29 14 22 -7 43 0 0.05 M M 4.9 9 240 M M 8 16 11 240
26 34 25 30 1 35 0 0.27 M M 5.2 12 150 M M 10 126 13 150
27 46 32 39 10 26 0 0.03 M M 7.7 23 190 M M 8 1 36 190
28 41 17 29 0 36 0 0.00 M M 8.6 20 250 M M 3 23 250
29 36 15 26 -3 39 0 T M M 5.8 13 350 M M 7 1 15 350
30 34 32 33 4 32 0 0.26 M M 4.4 13 160 M M 10 12 14 150
31 33 28 31 2 34 0 0.00 M M 4.6 10 310 M M 10 12 12 310
================================================================================
SM 719 381 1075 0 1.29 M 147.3 M 185
================================================================================
AV 28.8 14.7 5.7 FASTST M M 7 MAX(MPH)
MISC ----> 23 190 36 190
================================================================================
NOTES:
# LAST OF SEVERAL OCCURRENCES
COLUMN 17 PEAK WIND IN M.P.H.
PRELIMINARY LOCAL CLIMATOLOGICAL DATA (WS FORM: F-6) , PAGE 2
STATION: MOSES LAKE WA AIRPORT
MONTH: DECEMBER
YEAR: 2022
LATITUDE: 47 12 N
LONGITUDE: 119 19 W
[TEMPERATURE DATA] [PRECIPITATION DATA] SYMBOLS USED IN COLUMN 16
AVERAGE MONTHLY: 21.7 TOTAL FOR MONTH: 1.29 1 = FOG OR MIST
DPTR FM NORMAL: -8.2 DPTR FM NORMAL: 0.18 2 = FOG REDUCING VISIBILITY
HIGHEST: 46 ON 27 GRTST 24HR 0.30 ON 26-27 TO 1/4 MILE OR LESS
LOWEST: -9 ON 2 3 = THUNDER
SNOW, ICE PELLETS, HAIL 4 = ICE PELLETS
TOTAL MONTH: M 5 = HAIL
GRTST 24HR M ON M 6 = FREEZING RAIN OR DRIZZLE
GRTST DEPTH: M ON M 7 = DUSTSTORM OR SANDSTORM:
VSBY 1/2 MILE OR LESS
8 = SMOKE OR HAZE
[NO. OF DAYS WITH] [WEATHER - DAYS WITH] 9 = BLOWING SNOW
X = TORNADO
MAX 32 OR BELOW: 14 0.01 INCH OR MORE: 11
MAX 90 OR ABOVE: 0 0.10 INCH OR MORE: 5
MIN 32 OR BELOW: 26 0.50 INCH OR MORE: 0
MIN 0 OR BELOW: 4 1.00 INCH OR MORE: 0
[HDD (BASE 65) ]
TOTAL THIS MO. 1075 CLEAR (SCALE 0-3) 3
DPTR FM NORMAL -15 PTCLDY (SCALE 4-7) 12
TOTAL FM JUL 1 2409 CLOUDY (SCALE 8-10) 16
DPTR FM NORMAL -104
[CDD (BASE 65) ]
TOTAL THIS MO. 0
DPTR FM NORMAL 0 [PRESSURE DATA]
TOTAL FM JAN 1 921 HIGHEST SLP M ON M
DPTR FM NORMAL 244 LOWEST SLP 29.07 ON 27
[REMARKS]
#FINAL-12-22#