000
CXUS54 KFWD 010731
CF6MWL
PRELIMINARY LOCAL CLIMATOLOGICAL DATA (WS FORM: F-6)
STATION: MINERAL WELLS
MONTH: APRIL
YEAR: 2023
LATITUDE: 32 46 N
LONGITUDE: 98 4 W
TEMPERATURE IN F: :PCPN: SNOW: WIND :SUNSHINE: SKY :PK WND
================================================================================
1 2 3 4 5 6A 6B 7 8 9 10 11 12 13 14 15 16 17 18
12Z AVG MX 2MIN
DY MAX MIN AVG DEP HDD CDD WTR SNW DPTH SPD SPD DIR MIN PSBL S-S WX SPD DR
================================================================================
1 77 41 59 -3 6 0 0.00 M M 6.4 16 30 M M 0 22 20
2 83 51 67 5 0 2 0.01 M M 11.9 24 180 M M 2 13 33 180
3 95 52 74 12 0 9 0.00 M M 10.8 22 160 M M 3 12 33 190
4 81 70 76 13 0 11 0.00 M M 12.5 20 150 M M 3 8 33 150
5 74 44 59 -4 6 0 0.00 M M 12.2 23 330 M M 1 18 37 300
6 66 43 55 -8 10 0 0.00 M M 8.2 18 40 M M 1 25 20
7 67 51 59 -4 6 0 0.00 M M 8.4 16 50 M M 9 23 40
8 72 51 62 -1 3 0 0.00 M M 4.5 12 90 M M 7 17 80
9 76 48 62 -2 3 0 0.00 M M 4.1 14 120 M M 3 12 17 100
10 78 54 66 2 0 1 0.00 M M 6.3 15 80 M M 2 1 19 80
11 77 49 63 -1 2 0 0.00 M M 7.3 16 120 M M 0 12 23 140
12 79 45 62 -2 3 0 0.00 M M 9.0 18 140 M M 0 27 130
13 83 50 67 3 0 2 0.00 M M 10.8 20 130 M M 0 27 160
14 85 57 71 7 0 6 0.00 M M 13.3 23 130 M M 2 31 130
15 79 51 65 0 0 0 0.00 M M 12.7 26 360 M M 1 12 36 360
16 75 40 58 -7 7 0 0.00 M M 5.5 15 360 M M 0 22 320
17 84 42 63 -2 2 0 0.00 M M 9.8 23 160 M M 0 31 170
18 77 56 67 2 0 2 0.00 M M 13.8 24 150 M M 4 36 140
19 89 67 78 12 0 13 0.00 M M 16.8 25 190 M M 5 38 160
20 80 59 70 4 0 5 0.00 M M 11.0 24 340 M M 6 8 32 330
21 78 49 64 -2 1 0 0.00 M M 7.8 21 10 M M 0 31 10
22 75 46 61 -5 4 0 T M M 10.7 24 50 M M 5 34 30
23 56 46 51 -15 14 0 0.18 M M 9.0 18 20 M M 10 1 27 50
24 70 45 58 -9 7 0 T M M 7.8 18 150 M M 7 28 140
25 71 56 64 -3 1 0 0.04 M M 10.9 20 130 M M 9 1 25 130
26 67 54 61 -6 4 0 1.40 M M 9.4 22 120 M M 10 13 27 130
27 72 53 63 -4 2 0 0.00 M M 9.6 21 310 M M 7 28 310
28 73 51 62 -6 3 0 T M M 14.0 28 330 M M 5 37 330
29 73 50 62 -6 3 0 0.00 M M 12.7 30 340 M M 1 43 340
30 87 45 66 -2 0 1 0.00 M M 7.4 20 60 M M 0 26 50
================================================================================
SM 2299 1516 87 52 1.63 M 294.6 M 103
================================================================================
AV 76.6 50.5 9.8 FASTST M M 3 MAX(MPH)
MISC ----> 30 340 43 340
================================================================================
NOTES:
# LAST OF SEVERAL OCCURRENCES
COLUMN 17 PEAK WIND IN M.P.H.
PRELIMINARY LOCAL CLIMATOLOGICAL DATA (WS FORM: F-6) , PAGE 2
STATION: MINERAL WELLS
MONTH: APRIL
YEAR: 2023
LATITUDE: 32 46 N
LONGITUDE: 98 4 W
[TEMPERATURE DATA] [PRECIPITATION DATA] SYMBOLS USED IN COLUMN 16
AVERAGE MONTHLY: 63.6 TOTAL FOR MONTH: 1.63 1 = FOG OR MIST
DPTR FM NORMAL: -1.3 DPTR FM NORMAL: -1.00 2 = FOG REDUCING VISIBILITY
HIGHEST: 95 ON 3 GRTST 24HR 1.40 ON 26-26 TO 1/4 MILE OR LESS
LOWEST: 40 ON 16 3 = THUNDER
SNOW, ICE PELLETS, HAIL 4 = ICE PELLETS
TOTAL MONTH: M 5 = HAIL
GRTST 24HR M ON M 6 = FREEZING RAIN OR DRIZZLE
GRTST DEPTH: M ON M 7 = DUSTSTORM OR SANDSTORM:
VSBY 1/2 MILE OR LESS
8 = SMOKE OR HAZE
[NO. OF DAYS WITH] [WEATHER - DAYS WITH] 9 = BLOWING SNOW
X = TORNADO
MAX 32 OR BELOW: 0 0.01 INCH OR MORE: 4
MAX 90 OR ABOVE: 1 0.10 INCH OR MORE: 2
MIN 32 OR BELOW: 0 0.50 INCH OR MORE: 1
MIN 0 OR BELOW: 0 1.00 INCH OR MORE: 1
[HDD (BASE 65) ]
TOTAL THIS MO. 87 CLEAR (SCALE 0-3) 17
DPTR FM NORMAL -11 PTCLDY (SCALE 4-7) 9
TOTAL FM JUL 1 2105 CLOUDY (SCALE 8-10) 4
DPTR FM NORMAL -288
[CDD (BASE 65) ]
TOTAL THIS MO. 52
DPTR FM NORMAL -43 [PRESSURE DATA]
TOTAL FM JAN 1 126 HIGHEST SLP M ON M
DPTR FM NORMAL -12 LOWEST SLP 29.46 ON 4
[REMARKS]
#FINAL-04-23#