000
CXUS54 KFWD 010730
CF6MWL
PRELIMINARY LOCAL CLIMATOLOGICAL DATA (WS FORM: F-6)
STATION: MINERAL WELLS
MONTH: MARCH
YEAR: 2020
LATITUDE: 32 46 N
LONGITUDE: 98 4 W
TEMPERATURE IN F: :PCPN: SNOW: WIND :SUNSHINE: SKY :PK WND
================================================================================
1 2 3 4 5 6A 6B 7 8 9 10 11 12 13 14 15 16 17 18
12Z AVG MX 2MIN
DY MAX MIN AVG DEP HDD CDD WTR SNW DPTH SPD SPD DIR MIN PSBL S-S WX SPD DR
================================================================================
1 78 53 66 13 0 1 0.00 0.0 0 12.0 21 190 M M 0 29 160
2 67 51 59 6 6 0 0.00 0.0 0 4.8 12 330 M M 1 16 170
3 69 49 59 6 6 0 T 0.0 0 4.8 13 130 M M 6 15 40
4 58 49 54 0 11 0 1.60 0.0 0 13.0 29 70 M M 10 1 40 80
5 72 40 56 2 9 0 0.00 0.0 0 6.7 15 360 M M 1 21 330
6 67 37 52 -2 13 0 0.00 0.0 0 5.6 14 60 M M 0 21 50
7 67 39 53 -1 12 0 0.00 0.0 0 11.1 23 140 M M 1 30 150
8 68 43 56 1 9 0 T 0.0 0 13.3 25 160 M M 6 33 180
9 81 58 70 15 0 5 T 0.0 0 11.7 23 220 M M 5 32 150
10 80 49 65 10 0 0 0.00 0.0 0 8.2 16 180 M M 0 25 170
11 88 56 72 16 0 7 0.00 0.0 0 8.5 17 270 M M 0 12 24 270
12 84 61 73 17 0 8 T 0.0 0 8.0 17 220 M M 2 23 220
13 69 57 63 7 2 0 1.07 0.0 0 3.4 14 110 M M 10 13 17 140
14 66 54 60 4 5 0 0.04 0.0 0 8.5 25 290 M M 10 1 33 300
15 55 50 53 -4 12 0 0.64 0.0 0 8.8 20 80 M M 10 13 23 80
16 67 52 60 3 5 0 0.15 0.0 0 7.5 30 110 M M 7 1 39 100
17 68 60 64 7 1 0 0.16 0.0 0 8.1 15 350 M M 10 123 20 350
18 79 61 70 12 0 5 1.54 0.0 0 11.4 32 300 M M 6 13 57 290
19 81 62 72 14 0 7 0.05 0.0 0 12.7 30 160 M M 4 3 44 170
20 63 40 52 -6 13 0 0.03 0.0 0 12.3 23 340 M M 7 32 340
21 62 37 50 -8 15 0 0.17 0.0 0 7.1 18 90 M M 4 13 24 80
22 60 51 56 -3 9 0 0.09 0.0 0 4.4 10 150 M M 7 12 15 160
23 76 58 67 8 0 2 0.00 0.0 0 7.9 18 130 M M 10 12 24 100
24 82 55 69 10 0 4 0.00 0.0 0 9.0 20 290 M M 3 1 29 280
25 92 48 70 10 0 5 0.00 0.0 0 7.2 18 210 M M 0 25 210
26 91 62 77 17 0 12 0.00 0.0 0 9.8 20 170 M M 0 18 28 150
27 78 65 72 12 0 7 T 0.0 0 8.2 18 190 M M 0 1 25 160
28 75 50 63 3 2 0 T 0.0 0 9.6 28 290 M M 1 13 39 290
29 69 45 57 -3 8 0 0.00 0.0 0 5.8 12 130 M M 2 20 330
30 64 53 59 -2 6 0 0.25 0.0 0 9.4 26 130 M M 10 13 35 130
31 69 50 60 -1 5 0 T 0.0 0 7.9 18 340 M M 6 1 24 350
================================================================================
SM 2245 1595 149 63 5.79 0.0 266.7 M 139
================================================================================
AV 72.4 51.5 8.6 FASTST M M 4 MAX(MPH)
MISC ----> # 32 300 # 57 290
================================================================================
NOTES:
# LAST OF SEVERAL OCCURRENCES
COLUMN 17 PEAK WIND IN M.P.H.
PRELIMINARY LOCAL CLIMATOLOGICAL DATA (WS FORM: F-6) , PAGE 2
STATION: MINERAL WELLS
MONTH: MARCH
YEAR: 2020
LATITUDE: 32 46 N
LONGITUDE: 98 4 W
[TEMPERATURE DATA] [PRECIPITATION DATA] SYMBOLS USED IN COLUMN 16
AVERAGE MONTHLY: 61.9 TOTAL FOR MONTH: 5.79 1 = FOG OR MIST
DPTR FM NORMAL: 5.0 DPTR FM NORMAL: 2.60 2 = FOG REDUCING VISIBILITY
HIGHEST: 92 ON 25 GRTST 24HR 1.60 ON 4- 4 TO 1/4 MILE OR LESS
LOWEST: 37 ON 21, 6 3 = THUNDER
SNOW, ICE PELLETS, HAIL 4 = ICE PELLETS
TOTAL MONTH: 0.0 INCH 5 = HAIL
GRTST 24HR 0.0 6 = FREEZING RAIN OR DRIZZLE
GRTST DEPTH: 0 7 = DUSTSTORM OR SANDSTORM:
VSBY 1/2 MILE OR LESS
8 = SMOKE OR HAZE
[NO. OF DAYS WITH] [WEATHER - DAYS WITH] 9 = BLOWING SNOW
X = TORNADO
MAX 32 OR BELOW: 0 0.01 INCH OR MORE: 12
MAX 90 OR ABOVE: 2 0.10 INCH OR MORE: 8
MIN 32 OR BELOW: 0 0.50 INCH OR MORE: 4
MIN 0 OR BELOW: 0 1.00 INCH OR MORE: 3
[HDD (BASE 65) ]
TOTAL THIS MO. 149 CLEAR (SCALE 0-3) 14
DPTR FM NORMAL -130 PTCLDY (SCALE 4-7) 10
TOTAL FM JUL 1 2167 CLOUDY (SCALE 8-10) 7
DPTR FM NORMAL -210
[CDD (BASE 65) ]
TOTAL THIS MO. 63
DPTR FM NORMAL 34 [PRESSURE DATA]
TOTAL FM JAN 1 65 HIGHEST SLP M ON M
DPTR FM NORMAL 31 LOWEST SLP 29.61 ON 27
[REMARKS]
#FINAL-03-20#