000
CXUS56 KSGX 011145
CF6MYF
PRELIMINARY LOCAL CLIMATOLOGICAL DATA (WS FORM: F-6)
STATION: SAN DIEGO/MONTGOMERY FLD CA
MONTH: FEBRUARY
YEAR: 2023
LATITUDE: 32 49 N
LONGITUDE: 117 9 W
TEMPERATURE IN F: :PCPN: SNOW: WIND :SUNSHINE: SKY :PK WND
================================================================================
1 2 3 4 5 6A 6B 7 8 9 10 11 12 13 14 15 16 17 18
12Z AVG MX 2MIN
DY MAX MIN AVG DEP HDD CDD WTR SNW DPTH SPD SPD DIR MIN PSBL S-S WX SPD DR
================================================================================
1 65 39 52 -5 13 0 0.00 M M 2.8 12 280 M M 0 15 260
2 69 39 54 -3 11 0 0.00 M M 2.8 12 270 M M 0 14 330
3 69 45 57 0 8 0 0.00 M M 3.2 14 290 M M 0 16 290
4 69 42 56 -1 9 0 0.00 M M 2.7 13 290 M M 0 16 290
5 62 46 54 -3 11 0 0.01 M M 4.6 14 310 M M 5 128 18 300
6 64 44 54 -3 11 0 0.00 M M 6.5 17 330 M M 1 22 300
7 69 41 55 -2 10 0 0.00 M M 3.7 14 260 M M 0 8 17 260
8 71 43 57 0 8 0 0.00 M M 3.3 15 290 M M 0 18 310
9 79 44 62 5 3 0 0.00 M M 4.9 17 70 M M 0 23 60
10 75 44 60 3 5 0 0.00 M M 3.9 10 340 M M 0 16 300
11 60 45 53 -4 12 0 0.00 M M 6.1 16 260 M M 5 21 250
12 57 43 50 -7 15 0 0.52 M M 5.5 15 260 M M 5 13 19 240
13 59 46 53 -4 12 0 0.05 M M 5.9 15 220 M M 6 1 18 210
14 55 50 53 -4 12 0 0.01 M M 9.7 18 240 M M 9 18 26 230
15 59 38 49 -8 16 0 0.00 M M 5.8 17 290 M M 0 19 270
16 63 36 50 -7 15 0 0.00 M M 7.2 20 30 M M 0 32 20
17 66 41 54 -3 11 0 0.00 M M 2.6 12 300 M M 0 13 300
18 67 41 54 -3 11 0 0.00 M M 2.5 12 260 M M 0 14 210
19 63 40 52 -5 13 0 T M M 3.3 15 200 M M 2 19 200
20 68 41 55 -2 10 0 0.00 M M 3.8 15 340 M M 0 19 300
21 62 44 53 -4 12 0 0.04 M M 9.5 24 260 M M 4 1 32 260
22 54 44 49 -9 16 0 0.07 M M 17.1 33 260 M M 7 42 270
23 54 45 50 -8 15 0 0.22 M M 8.2 21 270 M M 9 1 28 280
24 58 44 51 -7 14 0 0.05 M M 12.2 23 170 M M 7 1 31 170
25 56 42 49 -9 16 0 1.00 M M 9.8 23 200 M M 9 18 34 170
26 55 42 49 -9 16 0 T M M 5.0 15 230 M M 4 19 230
27 59 41 50 -8 15 0 0.05 M M 5.3 13 250 M M 4 1 17 230
28 57 46 52 -6 13 0 0.08 M M 7.0 15 260 M M 6 1 19 290
================================================================================
SM 1764 1196 333 0 2.10 M 164.9 M 83
================================================================================
AV 63.0 42.7 5.9 FASTST M M 3 MAX(MPH)
MISC ----> 33 260 42 270
================================================================================
NOTES:
# LAST OF SEVERAL OCCURRENCES
COLUMN 17 PEAK WIND IN M.P.H.
PRELIMINARY LOCAL CLIMATOLOGICAL DATA (WS FORM: F-6) , PAGE 2
STATION: SAN DIEGO/MONTGOMERY FLD CA
MONTH: FEBRUARY
YEAR: 2023
LATITUDE: 32 49 N
LONGITUDE: 117 9 W
[TEMPERATURE DATA] [PRECIPITATION DATA] SYMBOLS USED IN COLUMN 16
AVERAGE MONTHLY: 52.9 TOTAL FOR MONTH: 2.10 1 = FOG OR MIST
DPTR FM NORMAL: -4.2 DPTR FM NORMAL: -0.55 2 = FOG REDUCING VISIBILITY
HIGHEST: 79 ON 9 GRTST 24HR 1.02 ON 24-25 TO 1/4 MILE OR LESS
LOWEST: 36 ON 16 3 = THUNDER
SNOW, ICE PELLETS, HAIL 4 = ICE PELLETS
TOTAL MONTH: M 5 = HAIL
GRTST 24HR M ON M 6 = FREEZING RAIN OR DRIZZLE
GRTST DEPTH: M ON M 7 = DUSTSTORM OR SANDSTORM:
VSBY 1/2 MILE OR LESS
8 = SMOKE OR HAZE
[NO. OF DAYS WITH] [WEATHER - DAYS WITH] 9 = BLOWING SNOW
X = TORNADO
MAX 32 OR BELOW: 0 0.01 INCH OR MORE: 11
MAX 90 OR ABOVE: 0 0.10 INCH OR MORE: 3
MIN 32 OR BELOW: 0 0.50 INCH OR MORE: 2
MIN 0 OR BELOW: 0 1.00 INCH OR MORE: 1
[HDD (BASE 65) ]
TOTAL THIS MO. 333 CLEAR (SCALE 0-3) 15
DPTR FM NORMAL 107 PTCLDY (SCALE 4-7) 10
TOTAL FM JUL 1 1183 CLOUDY (SCALE 8-10) 3
DPTR FM NORMAL 260
[CDD (BASE 65) ]
TOTAL THIS MO. 0
DPTR FM NORMAL -5 [PRESSURE DATA]
TOTAL FM JAN 1 0 HIGHEST SLP 30.33 ON 2
DPTR FM NORMAL -4 LOWEST SLP 29.72 ON 22
[REMARKS]
#FINAL-02-23#