000
CXUS56 KSGX 011045
CF6MYF
PRELIMINARY LOCAL CLIMATOLOGICAL DATA (WS FORM: F-6)
STATION: SAN DIEGO/MONTGOMERY FLD CA
MONTH: OCTOBER
YEAR: 2022
LATITUDE: 32 49 N
LONGITUDE: 117 9 W
TEMPERATURE IN F: :PCPN: SNOW: WIND :SUNSHINE: SKY :PK WND
================================================================================
1 2 3 4 5 6A 6B 7 8 9 10 11 12 13 14 15 16 17 18
12Z AVG MX 2MIN
DY MAX MIN AVG DEP HDD CDD WTR SNW DPTH SPD SPD DIR MIN PSBL S-S WX SPD DR
================================================================================
1 74 63 69 -1 0 4 0.00 M M 5.1 14 260 M M 7 18 250
2 75 66 71 1 0 6 0.00 M M 5.4 15 290 M M 7 23 290
3 74 66 70 0 0 5 0.00 M M 5.0 13 300 M M 8 16 280
4 75 64 70 0 0 5 0.00 M M 3.6 9 250 M M 7 18 13 260
5 75 64 70 0 0 5 0.00 M M 3.5 10 240 M M 8 18 16 260
6 73 63 68 -1 0 3 0.00 M M 4.3 14 210 M M 9 18 16 210
7 77 64 71 2 0 6 0.00 M M 5.2 12 250 M M 3 18 16 250
8 80 64 72 3 0 7 0.00 M M 5.0 12 250 M M 2 18 17 260
9 78 65 72 3 0 7 0.00 M M 4.2 12 270 M M 5 18 16 270
10 74 65 70 1 0 5 0.00 M M 4.4 13 240 M M 6 19 290
11 74 64 69 0 0 4 0.02 M M 4.4 14 300 M M 7 3 17 270
12 75 65 70 2 0 5 0.00 M M 4.8 14 310 M M 10 1 18 300
13 69 64 67 -1 0 2 T M M 5.1 10 280 M M 10 1 13 270
14 68 63 66 -2 0 1 0.00 M M 4.6 10 260 M M 10 1 13 210
15 71 62 67 -1 0 2 0.05 M M 3.5 12 250 M M 10 13 14 270
16 72 62 67 -1 0 2 0.00 M M 4.9 15 320 M M 8 19 320
17 75 59 67 -1 0 2 0.00 M M 5.1 14 300 M M 0 1 19 310
18 93 58 76 8 0 11 0.00 M M 4.9 20 50 M M 0 1 26 40
19 95 63 79 12 0 14 0.00 M M 4.7 16 300 M M 0 19 20
20 88 63 76 9 0 11 0.00 M M 4.4 15 220 M M 1 1 19 230
21 75 63 69 2 0 4 0.00 M M 5.2 12 190 M M 6 18 16 210
22 70 61 66 -1 0 1 0.03 M M 7.8 16 230 M M 10 18 22 240
23 68 56 62 -5 3 0 0.05 M M 5.4 14 210 M M 4 1 18 200
24 75 50 63 -3 2 0 0.00 M M 5.1 14 250 M M 0 17 260
25 77 51 64 -2 1 0 0.00 M M 3.9 14 230 M M 0 19 280
26 71 53 62 -4 3 0 0.00 M M 4.9 13 250 M M 2 17 250
27 71 56 64 -2 1 0 0.00 M M 3.7 10 240 M M 2 14 260
28 73 52 63 -3 2 0 0.00 M M 4.6 13 230 M M 0 1 16 250
29 74 53 64 -2 1 0 0.00 M M 4.0 15 310 M M 2 12 18 300
30 79 52 66 1 0 1 0.00 M M 3.4 12 310 M M 0 14 240
31 80 51 66 1 0 1 0.00 M M 3.9 12 260 M M 0 14 250
================================================================================
SM 2348 1865 13 114 0.15 M 144.0 M 144
================================================================================
AV 75.7 60.2 4.6 FASTST M M 5 MAX(MPH)
MISC ----> 20 50 26 40
================================================================================
NOTES:
# LAST OF SEVERAL OCCURRENCES
COLUMN 17 PEAK WIND IN M.P.H.
PRELIMINARY LOCAL CLIMATOLOGICAL DATA (WS FORM: F-6) , PAGE 2
STATION: SAN DIEGO/MONTGOMERY FLD CA
MONTH: OCTOBER
YEAR: 2022
LATITUDE: 32 49 N
LONGITUDE: 117 9 W
[TEMPERATURE DATA] [PRECIPITATION DATA] SYMBOLS USED IN COLUMN 16
AVERAGE MONTHLY: 68.0 TOTAL FOR MONTH: 0.15 1 = FOG OR MIST
DPTR FM NORMAL: 0.2 DPTR FM NORMAL: -0.39 2 = FOG REDUCING VISIBILITY
HIGHEST: 95 ON 19 GRTST 24HR 0.08 ON 22-23 TO 1/4 MILE OR LESS
LOWEST: 50 ON 24 3 = THUNDER
SNOW, ICE PELLETS, HAIL 4 = ICE PELLETS
TOTAL MONTH: M 5 = HAIL
GRTST 24HR M ON M 6 = FREEZING RAIN OR DRIZZLE
GRTST DEPTH: M ON M 7 = DUSTSTORM OR SANDSTORM:
VSBY 1/2 MILE OR LESS
8 = SMOKE OR HAZE
[NO. OF DAYS WITH] [WEATHER - DAYS WITH] 9 = BLOWING SNOW
X = TORNADO
MAX 32 OR BELOW: 0 0.01 INCH OR MORE: 4
MAX 90 OR ABOVE: 2 0.10 INCH OR MORE: 0
MIN 32 OR BELOW: 0 0.50 INCH OR MORE: 0
MIN 0 OR BELOW: 0 1.00 INCH OR MORE: 0
[HDD (BASE 65) ]
TOTAL THIS MO. 13 CLEAR (SCALE 0-3) 14
DPTR FM NORMAL -15 PTCLDY (SCALE 4-7) 9
TOTAL FM JUL 1 13 CLOUDY (SCALE 8-10) 8
DPTR FM NORMAL -17
[CDD (BASE 65) ]
TOTAL THIS MO. 114
DPTR FM NORMAL -1 [PRESSURE DATA]
TOTAL FM JAN 1 1317 HIGHEST SLP 30.16 ON 28
DPTR FM NORMAL 329 LOWEST SLP 29.77 ON 22
[REMARKS]
#FINAL-10-22#