687
CXUS56 KSGX 011045
CF6MYF
PRELIMINARY LOCAL CLIMATOLOGICAL DATA (WS FORM: F-6)
STATION: SAN DIEGO/MONTGOMERY FLD CA
MONTH: MARCH
YEAR: 2021
LATITUDE: 32 49 N
LONGITUDE: 117 9 W
TEMPERATURE IN F: :PCPN: SNOW: WIND :SUNSHINE: SKY :PK WND
================================================================================
1 2 3 4 5 6A 6B 7 8 9 10 11 12 13 14 15 16 17 18
12Z AVG MX 2MIN
DY MAX MIN AVG DEP HDD CDD WTR SNW DPTH SPD SPD DIR MIN PSBL S-S WX SPD DR
================================================================================
1 76 42 59 2 6 0 0.00 M M 4.7 13 270 M M 0 16 240
2 73 39 56 -1 9 0 0.00 M M 3.5 15 250 M M 0 18 240
3 59 42 51 -6 14 0 0.91 M M 6.5 22 120 M M 6 138 28 120
4 64 47 56 -1 9 0 0.00 M M 5.3 14 220 M M 2 1 17 230
5 73 44 59 2 6 0 0.00 M M 4.0 14 320 M M 0 1 17 280
6 68 48 58 1 7 0 0.00 M M 5.8 14 270 M M 5 12 19 290
7 62 48 55 -2 10 0 T M M 6.4 14 200 M M 7 1 19 210
8 63 52 58 0 7 0 T M M 5.9 16 240 M M 7 1 20 250
9 61 47 54 -4 11 0 T M M 6.8 18 280 M M 5 23 280
10 60 48 54 -4 11 0 0.19 M M 7.1 18 250 M M 7 1 26 220
11 58 46 52 -6 13 0 0.59 M M 5.7 15 220 M M 7 1 20 240
12 58 45 52 -6 13 0 0.12 M M 5.7 17 290 M M 5 21 240
13 61 46 54 -4 11 0 T M M 6.5 16 260 M M 6 21 250
14 61 50 56 -2 9 0 0.00 M M 3.8 14 220 M M 7 16 220
15 55 48 52 -6 13 0 0.20 M M 11.2 25 250 M M 8 18 33 260
16 58 41 50 -8 15 0 T M M 5.7 21 280 M M 3 27 290
17 63 41 52 -6 13 0 0.00 M M 4.1 13 300 M M 0 20 300
18 65 47 56 -2 9 0 0.00 M M 5.7 15 290 M M 3 19 290
19 71 46 59 1 6 0 0.00 M M 6.2 17 300 M M 1 1 21 310
20 65 48 57 -1 8 0 0.00 M M 4.6 13 230 M M 5 1 17 240
21 63 44 54 -4 11 0 0.00 M M 5.5 16 310 M M 1 19 310
22 65 44 55 -3 10 0 0.00 M M 6.7 16 250 M M 2 19 250
23 62 50 56 -2 9 0 0.01 M M 7.3 15 260 M M 6 18 20 240
24 67 45 56 -2 9 0 0.00 M M 4.8 18 240 M M 0 23 240
25 59 48 54 -4 11 0 0.10 M M 8.6 18 220 M M 8 18 25 220
26 63 48 56 -2 9 0 T M M 5.6 14 240 M M 5 18 250
27 74 44 59 1 6 0 0.00 M M 4.2 16 320 M M 0 19 320
28 86 46 66 8 0 1 0.00 M M 5.1 17 320 M M 0 21 320
29 79 50 65 7 0 0 0.00 M M 4.2 12 240 M M 1 M M
30 70 53 62 4 3 0 0.00 M M 5.0 12 240 M M 3 18 16 240
31 88 49 69 11 0 4 0.00 M M 3.6 13 330 M M 0 1 17 230
================================================================================
SM 2050 1436 268 5 2.12 M 175.8 M 110
================================================================================
AV 66.1 46.3 5.7 FASTST M M 4 MAX(MPH)
MISC ----> 25 250 33 260
================================================================================
NOTES:
# LAST OF SEVERAL OCCURRENCES
COLUMN 17 PEAK WIND IN M.P.H.
PRELIMINARY LOCAL CLIMATOLOGICAL DATA (WS FORM: F-6) , PAGE 2
STATION: SAN DIEGO/MONTGOMERY FLD CA
MONTH: MARCH
YEAR: 2021
LATITUDE: 32 49 N
LONGITUDE: 117 9 W
[TEMPERATURE DATA] [PRECIPITATION DATA] SYMBOLS USED IN COLUMN 16
AVERAGE MONTHLY: 56.2 TOTAL FOR MONTH: 2.12 1 = FOG OR MIST
DPTR FM NORMAL: -1.5 DPTR FM NORMAL: -0.09 2 = FOG REDUCING VISIBILITY
HIGHEST: 88 ON 31 GRTST 24HR 0.91 ON 3- 3 TO 1/4 MILE OR LESS
LOWEST: 39 ON 2 3 = THUNDER
SNOW, ICE PELLETS, HAIL 4 = ICE PELLETS
TOTAL MONTH: M 5 = HAIL
GRTST 24HR M ON M 6 = FREEZING RAIN OR DRIZZLE
GRTST DEPTH: M ON M 7 = DUSTSTORM OR SANDSTORM:
VSBY 1/2 MILE OR LESS
8 = SMOKE OR HAZE
[NO. OF DAYS WITH] [WEATHER - DAYS WITH] 9 = BLOWING SNOW
X = TORNADO
MAX 32 OR BELOW: 0 0.01 INCH OR MORE: 7
MAX 90 OR ABOVE: 0 0.10 INCH OR MORE: 6
MIN 32 OR BELOW: 0 0.50 INCH OR MORE: 2
MIN 0 OR BELOW: 0 1.00 INCH OR MORE: 0
[HDD (BASE 65) ]
TOTAL THIS MO. 268 CLEAR (SCALE 0-3) 15
DPTR FM NORMAL 38 PTCLDY (SCALE 4-7) 14
TOTAL FM JUL 1 1107 CLOUDY (SCALE 8-10) 2
DPTR FM NORMAL -193
[CDD (BASE 65) ]
TOTAL THIS MO. 5
DPTR FM NORMAL 0 [PRESSURE DATA]
TOTAL FM JAN 1 18 HIGHEST SLP 30.29 ON 13
DPTR FM NORMAL 9 LOWEST SLP 29.79 ON 3
[REMARKS]
#FINAL-03-21#