000
CXUS56 KSGX 011245
CF6MYF
PRELIMINARY LOCAL CLIMATOLOGICAL DATA (WS FORM: F-6)
STATION: SAN DIEGO/MONTGOMERY FLD CA
MONTH: OCTOBER
YEAR: 2020
LATITUDE: 32 49 N
LONGITUDE: 117 9 W
TEMPERATURE IN F: :PCPN: SNOW: WIND :SUNSHINE: SKY :PK WND
================================================================================
1 2 3 4 5 6A 6B 7 8 9 10 11 12 13 14 15 16 17 18
12Z AVG MX 2MIN
DY MAX MIN AVG DEP HDD CDD WTR SNW DPTH SPD SPD DIR MIN PSBL S-S WX SPD DR
================================================================================
1 100 69 85 16 0 20 0.00 0.0 0 3.1 13 230 M M 0 16 230
2 99 66 83 14 0 18 0.00 0.0 0 3.5 10 250 M M 0 13 240
3 95 66 81 13 0 16 0.00 0.0 0 3.2 9 250 M M 0 8 12 240
4 96 64 80 12 0 15 0.00 0.0 0 2.4 10 230 M M 0 8 13 240
5 96 67 82 14 0 17 0.00 0.0 0 3.5 13 240 M M 0 8 15 250
6 90 64 77 9 0 12 0.00 0.0 0 3.5 9 250 M M 0 128 13 300
7 80 65 73 5 0 8 0.00 0.0 0 4.2 10 260 M M 6 128 13 210
8 76 64 70 2 0 5 0.00 0.0 0 5.7 15 230 M M 5 18 250
9 78 66 72 5 0 7 0.00 0.0 0 5.0 14 230 M M 8 19 220
10 76 64 70 3 0 5 0.00 0.0 0 4.6 14 270 M M 3 20 240
11 79 64 72 5 0 7 0.00 0.0 0 4.8 14 300 M M 3 18 290
12 96 61 79 12 0 14 0.00 0.0 0 3.9 15 320 M M 0 8 18 340
13 99 64 82 15 0 17 0.00 0.0 0 3.6 17 320 M M 0 20 320
14 92 63 78 11 0 13 0.00 0.0 0 3.6 10 230 M M 0 13 250
15 95 65 80 14 0 15 0.00 0.0 0 3.5 10 210 M M 0 8 14 250
16 96 63 80 14 0 15 0.00 0.0 0 2.8 12 340 M M 0 13 310
17 84 60 72 6 0 7 0.00 0.0 0 2.8 9 260 M M 1 128 12 230
18 85 61 73 7 0 8 0.00 0.0 0 3.5 12 240 M M 1 128 14 230
19 80 66 73 7 0 8 0.00 0.0 0 4.5 12 280 M M 3 8 15 250
20 77 66 72 6 0 7 0.00 0.0 0 4.9 12 230 M M 6 18 16 230
21 76 65 71 6 0 6 0.00 0.0 0 4.3 13 240 M M 7 8 17 240
22 73 65 69 4 0 4 0.00 0.0 0 4.5 13 250 M M 8 17 200
23 74 66 70 5 0 5 0.00 0.0 0 4.2 13 240 M M 8 17 240
24 73 66 70 5 0 5 0.00 0.0 0 4.4 12 280 M M 9 17 250
25 70 62 66 1 0 1 T 0.0 0 7.2 17 230 M M 10 23 220
26 73 50 62 -2 3 0 0.00 0.0 0 3.3 17 290 M M 3 20 300
27 78 47 63 -1 2 0 0.00 0.0 0 3.7 14 300 M M 0 19 260
28 77 50 64 0 1 0 0.00 0.0 0 4.0 12 310 M M 0 15 220
29 84 50 67 3 0 2 0.00 0.0 0 2.4 10 320 M M 0 18 15 310
30 82 51 67 3 0 2 0.00 0.0 0 2.1 10 320 M M 0 18 13 300
31 84 52 68 4 0 3 0.00 0.0 0 1.8 10 310 M M 0 18 12 330
================================================================================
SM 2613 1912 6 262 T 0.0 118.5 M 81
================================================================================
AV 84.3 61.7 3.8 FASTST M M 3 MAX(MPH)
MISC ----> # 17 320 # 23 220
================================================================================
NOTES:
# LAST OF SEVERAL OCCURRENCES
COLUMN 17 PEAK WIND IN M.P.H.
PRELIMINARY LOCAL CLIMATOLOGICAL DATA (WS FORM: F-6) , PAGE 2
STATION: SAN DIEGO/MONTGOMERY FLD CA
MONTH: OCTOBER
YEAR: 2020
LATITUDE: 32 49 N
LONGITUDE: 117 9 W
[TEMPERATURE DATA] [PRECIPITATION DATA] SYMBOLS USED IN COLUMN 16
AVERAGE MONTHLY: 73.0 TOTAL FOR MONTH: T 1 = FOG OR MIST
DPTR FM NORMAL: 6.8 DPTR FM NORMAL: -0.76 2 = FOG REDUCING VISIBILITY
HIGHEST: 100 ON 1 GRTST 24HR T ON 25-25 TO 1/4 MILE OR LESS
LOWEST: 47 ON 27 3 = THUNDER
SNOW, ICE PELLETS, HAIL 4 = ICE PELLETS
TOTAL MONTH: 0.0 INCH 5 = HAIL
GRTST 24HR 0.0 6 = FREEZING RAIN OR DRIZZLE
GRTST DEPTH: 0 7 = DUSTSTORM OR SANDSTORM:
VSBY 1/2 MILE OR LESS
8 = SMOKE OR HAZE
[NO. OF DAYS WITH] [WEATHER - DAYS WITH] 9 = BLOWING SNOW
X = TORNADO
MAX 32 OR BELOW: 0 0.01 INCH OR MORE: 0
MAX 90 OR ABOVE: 11 0.10 INCH OR MORE: 0
MIN 32 OR BELOW: 0 0.50 INCH OR MORE: 0
MIN 0 OR BELOW: 0 1.00 INCH OR MORE: 0
[HDD (BASE 65) ]
TOTAL THIS MO. 6 CLEAR (SCALE 0-3) 21
DPTR FM NORMAL -35 PTCLDY (SCALE 4-7) 8
TOTAL FM JUL 1 6 CLOUDY (SCALE 8-10) 2
DPTR FM NORMAL -39
[CDD (BASE 65) ]
TOTAL THIS MO. 262
DPTR FM NORMAL 183 [PRESSURE DATA]
TOTAL FM JAN 1 1600 HIGHEST SLP 30.08 ON 28
DPTR FM NORMAL 773 LOWEST SLP 29.79 ON 21
[REMARKS]
#FINAL-10-20#