000
CXUS56 KSGX 011045
CF6MYF
PRELIMINARY LOCAL CLIMATOLOGICAL DATA (WS FORM: F-6)
STATION: SAN DIEGO/MONTGOMERY FLD CA
MONTH: OCTOBER
YEAR: 2023
LATITUDE: 32 49 N
LONGITUDE: 117 9 W
TEMPERATURE IN F: :PCPN: SNOW: WIND :SUNSHINE: SKY :PK WND
================================================================================
1 2 3 4 5 6A 6B 7 8 9 10 11 12 13 14 15 16 17 18
12Z AVG MX 2MIN
DY MAX MIN AVG DEP HDD CDD WTR SNW DPTH SPD SPD DIR MIN PSBL S-S WX SPD DR
================================================================================
1 70 59 65 -5 0 0 T M M 5.5 17 250 M M 6 22 250
2 73 54 64 -6 1 0 0.00 M M 6.0 16 300 M M 1 21 280
3 80 55 68 -2 0 3 0.00 M M 4.4 13 300 M M 0 M M
4 85 55 70 0 0 5 0.00 M M 3.5 15 320 M M 0 8 19 310
5 95 60 78 8 0 13 0.00 M M 3.5 14 290 M M 0 17 290
6 92 61 77 8 0 12 0.00 M M 2.6 12 220 M M 0 13 230
7 91 57 74 5 0 9 0.00 M M 2.8 10 280 M M 1 12 14 250
8 82 63 73 4 0 8 0.00 M M 5.1 14 310 M M 0 18 18 310
9 80 63 72 3 0 7 0.00 M M 5.5 17 280 M M 5 18 21 300
10 74 63 69 0 0 4 T M M 5.6 13 250 M M 7 18 16 250
11 72 62 67 -2 0 2 T M M 5.4 13 230 M M 7 1 17 240
12 74 58 66 -2 0 1 0.00 M M 3.8 13 260 M M 3 17 230
13 75 58 67 -1 0 2 0.00 M M 4.0 13 230 M M 0 17 210
14 81 59 70 2 0 5 0.00 M M 5.4 15 310 M M 3 12 17 320
15 86 57 72 4 0 7 0.00 M M 3.5 13 320 M M 0 18 290
16 80 55 68 0 0 3 0.00 M M 3.0 13 290 M M 1 12 17 300
17 80 60 70 2 0 5 0.00 M M 4.0 12 240 M M 4 128 13 240
18 78 60 69 1 0 4 0.00 M M 4.0 8 240 M M 5 128 11 240
19 83 59 71 4 0 6 0.00 M M 4.4 12 340 M M 1 128 14 300
20 91 61 76 9 0 11 0.00 M M 6.1 18 320 M M 1 128 21 320
21 84 61 73 6 0 8 0.00 M M 5.2 15 300 M M 1 19 300
22 73 65 69 2 0 4 T M M 5.7 13 240 M M 6 22 280
23 71 58 65 -2 0 0 T M M 6.9 15 260 M M 5 19 230
24 74 55 65 -1 0 0 0.00 M M 3.9 13 270 M M 3 17 240
25 67 63 65 -1 0 0 0.00 M M 5.1 10 240 M M 10 14 190
26 73 61 67 1 0 2 0.00 M M 4.5 15 280 M M 6 19 290
27 72 56 64 -2 1 0 0.00 M M 3.3 10 240 M M 3 15 230
28 72 51 62 -4 3 0 0.00 M M 3.3 12 300 M M 0 18 17 230
29 82 52 67 1 0 2 0.00 M M 4.5 14 270 M M 0 16 270
30 81 48 65 0 0 0 0.00 M M 4.1 14 320 M M 0 17 320
31 83 48 66 1 0 1 0.00 M M 3.5 13 270 M M 0 16 360
================================================================================
SM 2454 1797 5 124 T M 138.1 M 79
================================================================================
AV 79.2 58.0 4.5 FASTST M M 3 MAX(MPH)
MISC ----> 18 320 # 22 250
================================================================================
NOTES:
# LAST OF SEVERAL OCCURRENCES
COLUMN 17 PEAK WIND IN M.P.H.
PRELIMINARY LOCAL CLIMATOLOGICAL DATA (WS FORM: F-6) , PAGE 2
STATION: SAN DIEGO/MONTGOMERY FLD CA
MONTH: OCTOBER
YEAR: 2023
LATITUDE: 32 49 N
LONGITUDE: 117 9 W
[TEMPERATURE DATA] [PRECIPITATION DATA] SYMBOLS USED IN COLUMN 16
AVERAGE MONTHLY: 68.6 TOTAL FOR MONTH: T 1 = FOG OR MIST
DPTR FM NORMAL: 0.8 DPTR FM NORMAL: -0.54 2 = FOG REDUCING VISIBILITY
HIGHEST: 95 ON 5 GRTST 24HR T ON 30- 1 TO 1/4 MILE OR LESS
LOWEST: 48 ON 31,30 3 = THUNDER
SNOW, ICE PELLETS, HAIL 4 = ICE PELLETS
TOTAL MONTH: M 5 = HAIL
GRTST 24HR M ON M 6 = FREEZING RAIN OR DRIZZLE
GRTST DEPTH: M ON M 7 = DUSTSTORM OR SANDSTORM:
VSBY 1/2 MILE OR LESS
8 = SMOKE OR HAZE
[NO. OF DAYS WITH] [WEATHER - DAYS WITH] 9 = BLOWING SNOW
X = TORNADO
MAX 32 OR BELOW: 0 0.01 INCH OR MORE: 0
MAX 90 OR ABOVE: 4 0.10 INCH OR MORE: 0
MIN 32 OR BELOW: 0 0.50 INCH OR MORE: 0
MIN 0 OR BELOW: 0 1.00 INCH OR MORE: 0
[HDD (BASE 65) ]
TOTAL THIS MO. 5 CLEAR (SCALE 0-3) 19
DPTR FM NORMAL -23 PTCLDY (SCALE 4-7) 11
TOTAL FM JUL 1 5 CLOUDY (SCALE 8-10) 1
DPTR FM NORMAL -25
[CDD (BASE 65) ]
TOTAL THIS MO. 124
DPTR FM NORMAL 9 [PRESSURE DATA]
TOTAL FM JAN 1 870 HIGHEST SLP 30.07 ON 30
DPTR FM NORMAL -118 LOWEST SLP 29.64 ON 11
[REMARKS]
#FINAL-10-23#