000
CXUS53 KBIS 010930
CF6N60
PRELIMINARY LOCAL CLIMATOLOGICAL DATA (WS FORM: F-6)
STATION: GARRISON (AMOS) ND
MONTH: DECEMBER
YEAR: 2021
LATITUDE: 47 39 N
LONGITUDE: 101 23 W
TEMPERATURE IN F: :PCPN: SNOW: WIND :SUNSHINE: SKY :PK WND
================================================================================
1 2 3 4 5 6A 6B 7 8 9 10 11 12 13 14 15 16 17 18
12Z AVG MX 2MIN
DY MAX MIN AVG DEP HDD CDD WTR SNW DPTH SPD SPD DIR MIN PSBL S-S WX SPD DR
================================================================================
1 60 31 46 25 19 0 0.00 M M 12.7 30 310 M M 0 41 300
2 43 24 34 13 31 0 0.00 M M 6.8 16 320 M M 0 21 310
3 38 21 30 9 35 0 0.00 M M 12.1 26 340 M M 0 34 320
4 32 22 27 7 38 0 0.10 M M 12.2 28 120 M M 0 38 130
5 26 -1 13 -7 52 0 0.02 M M 19.0 36 330 M M 0 46 340
6 8 -15 -3 -22 68 0 0.00 M M 7.0 22 320 M M 0 28 310
7 18 3 11 -8 54 0 0.01 M M 4.6 15 270 M M 0 19 280
8 35 4 20 1 45 0 0.01 M M 8.4 21 190 M M 0 26 170
9 39 16 28 10 37 0 0.00 M M 12.7 28 300 M M 0 36 310
10 31 8 20 2 45 0 0.00 M M 4.9 13 270 M M 0 15 280
11 37 12 25 7 40 0 0.00 M M 12.8 22 240 M M 0 28 250
12 41 24 33 16 32 0 0.00 M M 9.6 22 250 M M 0 27 240
13 34 17 26 9 39 0 0.00 M M 8.2 20 120 M M 0 27 120
14 38 20 29 12 36 0 0.00 M M 6.1 16 110 M M 0 20 110
15 24 4 14 -2 51 0 0.00 M M 23.0 40 320 M M 0 52 320
16 7 -3 2 -14 63 0 0.00 M M 13.2 31 300 M M 0 42 310
17 7 -2 3 -13 62 0 0.10 M M 7.3 13 90 M M 0 16 50
18 17 -15 1 -14 64 0 0.00 M M 8.8 20 190 M M 0 24 180
19 38 7 23 8 42 0 0.02 M M 15.1 28 310 M M 0 34 310
20 12 1 7 -8 58 0 0.12 M M 11.3 23 310 M M 0 30 300
21 17 -2 8 -7 57 0 0.02 M M 8.4 22 280 M M 0 26 270
22 24 12 18 4 47 0 0.00 M M 3.1 12 100 M M 0 14 100
23 37 20 29 15 36 0 0.00 M M 5.8 14 250 M M 0 15 240
24 37 1 19 5 46 0 0.04 M M 13.8 40 310 M M 0 52 310
25 6 -14 -4 -18 69 0 0.11 M M 5.1 10 80 M M 0 14 50
26 13 -7 3 -10 62 0 0.39 M M 12.3 26 110 M M 0 33 110
27 11 -13 -1 -14 66 0 0.04 M M 18.0 30 290 M M 0 47 300
28 -3 -23 -13 -26 78 0 0.00 M M 5.6 13 320 M M 0 14 320
29 -8 -23 -15 -28 80 0 0.00 M M 6.7 16 300 M M 0 22 300
30 6 -24 -9 -22 74 0 0.00 M M 9.2 25 320 M M 0 29 320
31 -15 -22 -18 -30 83 0 0.00 M M 11.9 20 330 M M 0 23 300
================================================================================
SM 710 83 1609 0 0.98 M 315.7 M 0
================================================================================
AV 22.9 2.7 10.2 FASTST M M 0 MAX(MPH)
MISC ----> # 40 320 # 52 320
================================================================================
NOTES:
# LAST OF SEVERAL OCCURRENCES
COLUMN 17 PEAK WIND IN M.P.H.
PRELIMINARY LOCAL CLIMATOLOGICAL DATA (WS FORM: F-6) , PAGE 2
STATION: GARRISON (AMOS) ND
MONTH: DECEMBER
YEAR: 2021
LATITUDE: 47 39 N
LONGITUDE: 101 23 W
[TEMPERATURE DATA] [PRECIPITATION DATA] SYMBOLS USED IN COLUMN 16
AVERAGE MONTHLY: 12.8 TOTAL FOR MONTH: 0.98 1 = FOG OR MIST
DPTR FM NORMAL: -3.5 DPTR FM NORMAL: 0.32 2 = FOG REDUCING VISIBILITY
HIGHEST: 60 ON 1 GRTST 24HR 0.39 ON 26-26 TO 1/4 MILE OR LESS
LOWEST: -24 ON 30 3 = THUNDER
SNOW, ICE PELLETS, HAIL 4 = ICE PELLETS
TOTAL MONTH: M 5 = HAIL
GRTST 24HR M ON M 6 = FREEZING RAIN OR DRIZZLE
GRTST DEPTH: M ON M 7 = DUSTSTORM OR SANDSTORM:
VSBY 1/2 MILE OR LESS
8 = SMOKE OR HAZE
[NO. OF DAYS WITH] [WEATHER - DAYS WITH] 9 = BLOWING SNOW
X = TORNADO
MAX 32 OR BELOW: 19 0.01 INCH OR MORE: 12
MAX 90 OR ABOVE: 0 0.10 INCH OR MORE: 5
MIN 32 OR BELOW: 31 0.50 INCH OR MORE: 0
MIN 0 OR BELOW: 13 1.00 INCH OR MORE: 0
[HDD (BASE 65) ]
TOTAL THIS MO. 1609 CLEAR (SCALE 0-3) 31
DPTR FM NORMAL 99 PTCLDY (SCALE 4-7) 0
TOTAL FM JUL 1 3146 CLOUDY (SCALE 8-10) 0
DPTR FM NORMAL -457
[CDD (BASE 65) ]
TOTAL THIS MO. 0
DPTR FM NORMAL 0 [PRESSURE DATA]
TOTAL FM JAN 1 695 HIGHEST SLP 30.52 ON 18
DPTR FM NORMAL 359 LOWEST SLP 28.06 ON 31
[REMARKS]
#FINAL-12-21#