000
CXUS56 KMTR 071926
CF6NUQ
PRELIMINARY LOCAL CLIMATOLOGICAL DATA (WS FORM: F-6)
STATION: MOFFETT FIELD
MONTH: MARCH
YEAR: 2019
LATITUDE: 37 25 N
LONGITUDE: 122 3 W
TEMPERATURE IN F: :PCPN: SNOW: WIND :SUNSHINE: SKY :PK WND
================================================================================
1 2 3 4 5 6A 6B 7 8 9 10 11 12 13 14 15 16 17 18
12Z AVG MX 2MIN
DY MAX MIN AVG DEP HDD CDD WTR SNW DPTH SPD SPD DIR MIN PSBL S-S WX SPD DR
================================================================================
1 58 44 51 -4 14 0 0.06 0.0 0 1.2 9 10 M M 4 1 10 350
2 60 51 56 1 9 0 0.64 0.0 0 3.9 16 70 M M 9 18 18 70
3 62 50 56 1 9 0 0.13 0.0 0 3.3 14 270 M M 9 1 20 270
4 57 50 54 -1 11 0 T 0.0 0 4.2 12 340 M M 6 14 350
5 60 51 56 1 9 0 0.06 0.0 0 8.9 28 140 M M 9 1 37 130
6 62 51 57 1 8 0 0.32 0.0 0 8.8 28 140 M M 9 18 36 140
7 54 47 51 -5 14 0 0.09 0.0 0 3.9 12 320 M M 10 1 16 330
8 56 44 50 -6 15 0 0.03 M 0 5.9 17 270 M M 4 23 290
9 55 43 49 -7 16 0 0.04 M 0 9.3 18 130 M M 7 25 180
10 59 45 52 -4 13 0 0.18 0.0 0 6.9 16 340 M M 6 1 20 340
11 64 40 52 -4 13 0 0.00 0.0 0 3.5 13 320 M M 0 19 320
12 61 41 51 -5 14 0 0.00 0.0 0 7.9 25 310 M M 1 36 310
13 63 44 54 -2 11 0 0.00 0.0 0 7.5 16 320 M M 0 23 330
14 65 40 53 -3 12 0 0.00 0.0 0 4.0 13 360 M M 0 18 310
15 68 42 55 -1 10 0 0.00 0.0 0 3.3 12 360 M M 0 14 320
16 70 44 57 1 8 0 0.00 0.0 0 3.7 13 360 M M 0 15 360
17 74 46 60 4 5 0 0.00 0.0 0 2.5 10 360 M M 0 13 330
18 75 49 62 6 3 0 0.00 0.0 0 4.2 15 350 M M 0 18 350
19 73 49 61 5 4 0 0.02 M 0 4.8 14 180 M M 2 22 170
20 63 48 56 0 9 0 0.18 M 0 6.6 16 280 M M 6 21 290
21 62 44 53 -3 12 0 0.00 0.0 0 4.7 17 360 M M 0 22 360
22 60 44 52 -4 13 0 0.24 M 0 7.1 15 130 M M 8 1 18 130
23 63 48 56 -1 9 0 0.30 M 0 5.8 22 350 M M 4 1 26 350
24 65 41 53 -4 12 0 0.00 0.0 0 5.5 15 350 M M 0 17 360
25 65 49 57 0 8 0 0.51 0.0 0 7.5 18 180 M M 7 1 27 180
26 67 47 57 0 8 0 0.03 0.0 0 5.2 17 140 M M 7 22 150
27 61 49 55 -2 10 0 0.14 0.0 0 7.6 20 130 M M 7 1 25 150
28 65 45 55 -2 10 0 0.03 0.0 0 5.4 21 270 M M 3 1 27 280
29 63 45 54 -3 11 0 0.00 0.0 0 5.8 15 330 M M 1 19 350
30 68 45 57 0 8 0 0.00 0.0 0 5.0 17 350 M M 0 22 360
31 73 45 59 2 6 0 0.00 0.0 0 4.6 13 340 M M 0 17 350
================================================================================
SM 1971 1421 314 0 3.00 0.0 168.5 M 119
================================================================================
AV 63.6 45.8 5.4 FASTST M M 4 MAX(MPH)
MISC ----> # 28 140 # 37 130
================================================================================
NOTES:
# LAST OF SEVERAL OCCURRENCES
COLUMN 17 PEAK WIND IN M.P.H.
PRELIMINARY LOCAL CLIMATOLOGICAL DATA (WS FORM: F-6) , PAGE 2
STATION: MOFFETT FIELD
MONTH: MARCH
YEAR: 2019
LATITUDE: 37 25 N
LONGITUDE: 122 3 W
[TEMPERATURE DATA] [PRECIPITATION DATA] SYMBOLS USED IN COLUMN 16
AVERAGE MONTHLY: 54.7 TOTAL FOR MONTH: 3.00 1 = FOG OR MIST
DPTR FM NORMAL: -1.5 DPTR FM NORMAL: 0.74 2 = FOG REDUCING VISIBILITY
HIGHEST: 75 ON 18 GRTST 24HR 0.64 ON 2- 2 TO 1/4 MILE OR LESS
LOWEST: 40 ON 14,11 3 = THUNDER
SNOW, ICE PELLETS, HAIL 4 = ICE PELLETS
TOTAL MONTH: 0.0 INCH 5 = HAIL
GRTST 24HR 0.0 6 = FREEZING RAIN OR DRIZZLE
GRTST DEPTH: 0 7 = DUSTSTORM OR SANDSTORM:
VSBY 1/2 MILE OR LESS
8 = SMOKE OR HAZE
[NO. OF DAYS WITH] [WEATHER - DAYS WITH] 9 = BLOWING SNOW
X = TORNADO
MAX 32 OR BELOW: 0 0.01 INCH OR MORE: 17
MAX 90 OR ABOVE: 0 0.10 INCH OR MORE: 9
MIN 32 OR BELOW: 0 0.50 INCH OR MORE: 2
MIN 0 OR BELOW: 0 1.00 INCH OR MORE: 0
[HDD (BASE 65) ]
TOTAL THIS MO. 314 CLEAR (SCALE 0-3) 14
DPTR FM NORMAL 38 PTCLDY (SCALE 4-7) 12
TOTAL FM JUL 1 1785 CLOUDY (SCALE 8-10) 5
DPTR FM NORMAL -70
[CDD (BASE 65) ]
TOTAL THIS MO. 0
DPTR FM NORMAL -2 [PRESSURE DATA]
TOTAL FM JAN 1 0 HIGHEST SLP 30.38 ON 29
DPTR FM NORMAL -2 LOWEST SLP 29.60 ON 6
[REMARKS]
#FINAL-03-19#