000
CXUS53 KOAX 010930
CF6OAX
PRELIMINARY LOCAL CLIMATOLOGICAL DATA (WS FORM: F-6)
STATION: VALLEY NWS NE
MONTH: OCTOBER
YEAR: 2022
LATITUDE: 41 19 N
LONGITUDE: 96 22 W
TEMPERATURE IN F: :PCPN: SNOW: WIND :SUNSHINE: SKY :PK WND
================================================================================
1 2 3 4 5 6A 6B 7 8 9 10 11 12 13 14 15 16 17 18
12Z AVG MX 2MIN
DY MAX MIN AVG DEP HDD CDD WTR SNW DPTH SPD SPD DIR MIN PSBL S-S WX SPD DR
================================================================================
1 81 55 68 7 0 3 0.00 0.0 0 M M M M M M 25 M
2 80 55 68 7 0 3 0.00 0.0 0 M M M M M M 18 M
3 82 55 69 9 0 4 0.00 0.0 0 M M M M M M 24 M
4 82 57 70 10 0 5 T 0.0 0 M M M M M M 18 M
5 77 54 66 7 0 1 0.00 0.0 0 M M M M M M 1 21 M
6 68 49 59 0 6 0 0.00 0.0 0 M M M M M M 26 M
7 57 36 47 -11 18 0 0.00 0.0 0 M M M M M M 20 M
8 67 31 49 -9 16 0 0.00 0.0 0 M M M M M M 21 M
9 78 38 58 1 7 0 0.00 0.0 0 M M M M M M 18 M
10 81 40 61 4 4 0 0.00 0.0 0 M M M M M M 21 M
11 82 58 70 14 0 5 0.07 0.0 0 M M M M M M 3 31 M
12 68 47 58 2 7 0 T 0.0 0 M M M M M M 40 M
13 60 40 50 -6 15 0 0.00 0.0 0 M M M M M M 38 M
14 63 37 50 -5 15 0 T 0.0 0 M M M M M M 39 M
15 74 31 53 -2 12 0 0.00 0.0 0 M M M M M M 30 M
16 58 37 48 -6 17 0 0.00 0.0 0 M M M M M M 33 M
17 48 27 38 -16 27 0 0.00 0.0 0 M M M M M M 30 M
18 44 19 32 -21 33 0 0.00 0.0 0 M M M M M M 22 M
19 61 20 41 -12 24 0 0.00 0.0 0 M M M M M M 13 M
20 74 33 54 2 11 0 0.00 0.0 0 M M M M M M 16 M
21 80 44 62 10 3 0 0.00 0.0 0 M M M M M M 13 M
22 81 41 61 10 4 0 0.00 0.0 0 M M M M M M 24 M
23 88 63 76 25 0 11 0.00 0.0 0 M M M M M M 8 44 M
24 76 37 57 7 8 0 0.14 0.0 0 M M M M M M 35 M
25 62 33 48 -2 17 0 0.00 0.0 0 M M M M M M 29 M
26 59 34 47 -3 18 0 T 0.0 0 M M M M M M 17 M
27 61 49 55 6 10 0 T 0.0 0 M M M M M M 26 M
28 65 37 51 2 14 0 0.00 0.0 0 M M M M M M 14 M
29 70 41 56 8 9 0 0.00 0.0 0 M M M M M M 16 M
30 68 42 55 7 10 0 0.00 0.0 0 M M M M M M 18 M
31 72 33 53 6 12 0 0.00 0.0 0 M M M M M M 18 M
================================================================================
SM 2167 1273 317 32 0.21 0.0 M M M
================================================================================
AV 69.9 41.1 M FASTST M M M MAX(MPH)
MISC ----> M M 44 9999
================================================================================
NOTES:
# LAST OF SEVERAL OCCURRENCES
COLUMN 17 PEAK WIND IN M.P.H.
PRELIMINARY LOCAL CLIMATOLOGICAL DATA (WS FORM: F-6) , PAGE 2
STATION: VALLEY NWS NE
MONTH: OCTOBER
YEAR: 2022
LATITUDE: 41 19 N
LONGITUDE: 96 22 W
[TEMPERATURE DATA] [PRECIPITATION DATA] SYMBOLS USED IN COLUMN 16
AVERAGE MONTHLY: 55.5 TOTAL FOR MONTH: 0.21 1 = FOG OR MIST
DPTR FM NORMAL: 1.3 DPTR FM NORMAL: -2.16 2 = FOG REDUCING VISIBILITY
HIGHEST: 88 ON 23 GRTST 24HR 0.14 ON 24-24 TO 1/4 MILE OR LESS
LOWEST: 19 ON 18 3 = THUNDER
SNOW, ICE PELLETS, HAIL 4 = ICE PELLETS
TOTAL MONTH: 0.0 INCH 5 = HAIL
GRTST 24HR 0.0 6 = FREEZING RAIN OR DRIZZLE
GRTST DEPTH: 0 7 = DUSTSTORM OR SANDSTORM:
VSBY 1/2 MILE OR LESS
8 = SMOKE OR HAZE
[NO. OF DAYS WITH] [WEATHER - DAYS WITH] 9 = BLOWING SNOW
X = TORNADO
MAX 32 OR BELOW: 0 0.01 INCH OR MORE: 2
MAX 90 OR ABOVE: 0 0.10 INCH OR MORE: 1
MIN 32 OR BELOW: 5 0.50 INCH OR MORE: 0
MIN 0 OR BELOW: 0 1.00 INCH OR MORE: 0
[HDD (BASE 65) ]
TOTAL THIS MO. 317 CLEAR (SCALE 0-3) 0
DPTR FM NORMAL -39 PTCLDY (SCALE 4-7) 0
TOTAL FM JUL 1 357 CLOUDY (SCALE 8-10) 31
DPTR FM NORMAL -78
[CDD (BASE 65) ]
TOTAL THIS MO. 32
DPTR FM NORMAL 12 [PRESSURE DATA]
TOTAL FM JAN 1 1524 HIGHEST SLP M ON M
DPTR FM NORMAL 321 LOWEST SLP M ON M
[REMARKS]
#FINAL-10-22#