000
CXUS54 KMAF 011726
CF6ODO
PRELIMINARY LOCAL CLIMATOLOGICAL DATA (WS FORM: F-6)
STATION: ODESSA SCHLEYMEYER
MONTH: FEBRUARY
YEAR: 2023
LATITUDE: 31 55 N
LONGITUDE: 102 23 W
TEMPERATURE IN F: :PCPN: SNOW: WIND :SUNSHINE: SKY :PK WND
================================================================================
1 2 3 4 5 6A 6B 7 8 9 10 11 12 13 14 15 16 17 18
12Z AVG MX 2MIN
DY MAX MIN AVG DEP HDD CDD WTR SNW DPTH SPD SPD DIR MIN PSBL S-S WX SPD DR
================================================================================
1 31 25 28 -19 37 0 0.05 M M 4.0 10 270 M M 9 168 13 210
2 57 31 44 -3 21 0 0.00 M M 6.4 15 350 M M 6 18 20 330
3 57 27 42 -5 23 0 T M M 6.5 13 160 M M 0 1 19 190
4 67 34 51 4 14 0 0.00 M M 10.7 22 190 M M 0 27 190
5 76 36 56 9 9 0 0.00 M M 9.0 22 190 M M 0 18 28 190
6 80 47 64 16 1 0 0.00 M M 10.4 20 190 M M 0 28 190
7 59 41 50 2 15 0 0.00 M M 15.8 29 50 M M 8 36 50
8 59 39 49 1 16 0 0.00 M M 10.7 25 260 M M 3 33 250
9 60 35 48 0 17 0 0.04 M M 13.2 35 360 M M 2 18 48 360
10 48 27 38 -10 27 0 0.00 M M 10.6 20 360 M M 1 33 30
11 56 24 40 -8 25 0 0.00 M M 6.1 14 170 M M 0 20 190
12 69 37 53 4 12 0 0.00 M M 8.5 16 210 M M 0 22 180
13 62 41 52 3 13 0 0.01 M M 12.6 28 250 M M 1 36 250
14 66 43 55 6 10 0 0.00 M M 20.9 40 260 M M 3 8 53 250
15 74 41 58 9 7 0 0.00 M M 15.1 30 310 M M 0 41 310
16 46 23 35 -15 30 0 0.00 M M 12.9 21 10 M M 0 30 350
17 49 18 34 -16 31 0 0.00 M M 5.5 12 10 M M 0 15 30
18 54 36 45 -5 20 0 0.01 M M 12.2 22 170 M M 2 28 160
19 67 41 54 4 11 0 T M M 8.3 20 250 M M 3 25 250
20 78 54 66 16 0 1 0.00 M M 15.2 33 250 M M 0 43 270
21 84 50 67 16 0 2 0.04 M M 12.4 26 290 M M 1 3 40 210
22 75 48 62 11 3 0 0.05 M M 18.9 40 260 M M 1 138 55 250
23 72 40 56 5 9 0 0.00 M M 11.8 24 80 M M 0 31 80
24 47 34 41 -10 24 0 0.00 M M 10.4 17 60 M M 4 22 50
25 46 39 43 -9 22 0 0.00 M M 6.5 15 140 M M 7 18 18 140
26 88 46 67 15 0 2 0.00 M M 16.5 44 280 M M 7 128 59 240
27 74 35 55 3 10 0 0.00 M M 11.3 26 270 M M 0 36 270
28 80 44 62 10 3 0 0.00 M M 11.3 22 250 M M 0 31 240
================================================================================
SM 1781 1036 410 5 0.20 M 313.7 M 58
================================================================================
AV 63.6 37.0 11.2 FASTST M M 2 MAX(MPH)
MISC ----> 44 280 59 240
================================================================================
NOTES:
# LAST OF SEVERAL OCCURRENCES
COLUMN 17 PEAK WIND IN M.P.H.
PRELIMINARY LOCAL CLIMATOLOGICAL DATA (WS FORM: F-6) , PAGE 2
STATION: ODESSA SCHLEYMEYER
MONTH: FEBRUARY
YEAR: 2023
LATITUDE: 31 55 N
LONGITUDE: 102 23 W
[TEMPERATURE DATA] [PRECIPITATION DATA] SYMBOLS USED IN COLUMN 16
AVERAGE MONTHLY: 50.3 TOTAL FOR MONTH: 0.20 1 = FOG OR MIST
DPTR FM NORMAL: 1.0 DPTR FM NORMAL: -0.37 2 = FOG REDUCING VISIBILITY
HIGHEST: 88 ON 26 GRTST 24HR 0.09 ON 21-22 TO 1/4 MILE OR LESS
LOWEST: 18 ON 17 3 = THUNDER
SNOW, ICE PELLETS, HAIL 4 = ICE PELLETS
TOTAL MONTH: M 5 = HAIL
GRTST 24HR M ON M 6 = FREEZING RAIN OR DRIZZLE
GRTST DEPTH: M ON M 7 = DUSTSTORM OR SANDSTORM:
VSBY 1/2 MILE OR LESS
8 = SMOKE OR HAZE
[NO. OF DAYS WITH] [WEATHER - DAYS WITH] 9 = BLOWING SNOW
X = TORNADO
MAX 32 OR BELOW: 1 0.01 INCH OR MORE: 6
MAX 90 OR ABOVE: 0 0.10 INCH OR MORE: 0
MIN 32 OR BELOW: 7 0.50 INCH OR MORE: 0
MIN 0 OR BELOW: 0 1.00 INCH OR MORE: 0
[HDD (BASE 65) ]
TOTAL THIS MO. 410 CLEAR (SCALE 0-3) 21
DPTR FM NORMAL -33 PTCLDY (SCALE 4-7) 6
TOTAL FM JUL 1 1920 CLOUDY (SCALE 8-10) 1
DPTR FM NORMAL -208
[CDD (BASE 65) ]
TOTAL THIS MO. 5
DPTR FM NORMAL 2 [PRESSURE DATA]
TOTAL FM JAN 1 5 HIGHEST SLP 30.57 ON 3
DPTR FM NORMAL 5 LOWEST SLP 29.44 ON 26
[REMARKS]
#FINAL-02-23#