168
CXUS53 KGID 031926 CCA
CF6ODX
PRELIMINARY LOCAL CLIMATOLOGICAL DATA (WS FORM: F-6)
STATION: ORD NE
MONTH: FEBRUARY
YEAR: 2020
LATITUDE: 41 37 N
LONGITUDE: 98 57 W
TEMPERATURE IN F: :PCPN: SNOW: WIND :SUNSHINE: SKY :PK WND
================================================================================
1 2 3 4 5 6A 6B 7 8 9 10 11 12 13 14 15 16 17 18
12Z AVG MX 2MIN
DY MAX MIN AVG DEP HDD CDD WTR SNW DPTH SPD SPD DIR MIN PSBL S-S WX SPD DR
================================================================================
1 54 22 38 12 27 0 0.00 M M 5.3 20 270 M M 0 23 260
2 59 33 46 20 19 0 0.00 M M 8.1 21 50 M M 0 29 40
3 33 23 28 2 37 0 0.00 M M 20.4 29 30 M M 10 47 40
4 28 19 24 -2 41 0 0.00 M M 11.4 22 10 M M 10 29 10
5 33 18 26 0 39 0 0.00 M M 6.3 16 220 M M 5 22 220
6 44 10 27 1 38 0 T M M 5.5 20 350 M M 3 27 350
7 32 16 24 -2 41 0 0.00 M M 10.3 22 340 M M 8 27 350
8 42 11 27 1 38 0 T M M 8.5 23 190 M M 3 32 150
9 38 18 28 2 37 0 0.00 M M 16.3 37 340 M M 6 47 340
10 43 14 29 2 36 0 0.00 M M 8.0 21 340 M M 1 28 320
11 43 15 29 2 36 0 0.00 M M 10.1 22 230 M M 0 27 230
12 44 0 22 -5 43 0 T M M 16.5 36 360 M M 5 1 48 350
13 18 -5 7 -20 58 0 0.00 M M 7.9 20 360 M M 0 24 350
14 38 9 24 -3 41 0 0.00 M M 18.1 32 190 M M 1 44 190
15 49 18 34 6 31 0 0.00 M M 6.1 17 340 M M 1 23 320
16 51 24 38 10 27 0 0.00 M M 5.3 14 210 M M 5 19 200
17 44 24 34 6 31 0 T M M 13.7 29 320 M M 6 37 320
18 42 15 29 1 36 0 0.00 M M 6.9 21 20 M M 4 29 20
19 21 -7 7 -21 58 0 0.10 M M 8.9 16 40 M M 8 21 40
20 31 -14 9 -20 56 0 0.00 M M 7.5 20 210 M M 0 1 25 210
21 52 18 35 6 30 0 0.00 M M 7.6 18 230 M M 0 25 230
22 60 18 39 10 26 0 0.00 M M 4.6 17 280 M M 0 1 22 290
23 57 22 40 10 25 0 0.00 M M 6.6 20 30 M M 0 25 20
24 46 21 34 4 31 0 0.00 M M 6.1 15 120 M M 4 18 130
25 34 22 28 -2 37 0 0.04 M M 16.7 30 350 M M 9 41 350
26 35 13 24 -7 41 0 0.00 M M 8.1 18 340 M M 3 25 340
27 43 26 35 4 30 0 T M M 8.9 21 320 M M 7 26 330
28 54 25 40 9 25 0 0.00 M M 9.3 26 330 M M 1 35 330
29 60 22 41 9 24 0 0.00 M M 10.3 23 200 M M 0 31 190
================================================================================
SM 1228 450 1039 0 0.14 M 279.3 M 100
================================================================================
AV 42.3 15.5 9.6 FASTST M M 3 MAX(MPH)
MISC ----> # 37 340 # 48 350
================================================================================
NOTES:
# LAST OF SEVERAL OCCURRENCES
COLUMN 17 PEAK WIND IN M.P.H.
PRELIMINARY LOCAL CLIMATOLOGICAL DATA (WS FORM: F-6) , PAGE 2
STATION: ORD NE
MONTH: FEBRUARY
YEAR: 2020
LATITUDE: 41 37 N
LONGITUDE: 98 57 W
[TEMPERATURE DATA] [PRECIPITATION DATA] SYMBOLS USED IN COLUMN 16
AVERAGE MONTHLY: 28.9 TOTAL FOR MONTH: 0.14 1 = FOG OR MIST
DPTR FM NORMAL: 1.1 DPTR FM NORMAL: -0.30 2 = FOG REDUCING VISIBILITY
HIGHEST: 60 ON 29,22 GRTST 24HR 0.10 ON 19-19 TO 1/4 MILE OR LESS
LOWEST: -14 ON 20 3 = THUNDER
SNOW, ICE PELLETS, HAIL 4 = ICE PELLETS
TOTAL MONTH: M 5 = HAIL
GRTST 24HR M ON M 6 = FREEZING RAIN OR DRIZZLE
GRTST DEPTH: M ON M 7 = DUSTSTORM OR SANDSTORM:
VSBY 1/2 MILE OR LESS
8 = SMOKE OR HAZE
[NO. OF DAYS WITH] [WEATHER - DAYS WITH] 9 = BLOWING SNOW
X = TORNADO
MAX 32 OR BELOW: 5 0.01 INCH OR MORE: 2
MAX 90 OR ABOVE: 0 0.10 INCH OR MORE: 1
MIN 32 OR BELOW: 28 0.50 INCH OR MORE: 0
MIN 0 OR BELOW: 4 1.00 INCH OR MORE: 0
[HDD (BASE 65) ]
TOTAL THIS MO. 1039 CLEAR (SCALE 0-3) 14
DPTR FM NORMAL -2 PTCLDY (SCALE 4-7) 10
TOTAL FM JUL 1 4982 CLOUDY (SCALE 8-10) 5
DPTR FM NORMAL -69
[CDD (BASE 65) ]
TOTAL THIS MO. 0
DPTR FM NORMAL 0 [PRESSURE DATA]
TOTAL FM JAN 1 0 HIGHEST SLP 30.89 ON 20
DPTR FM NORMAL 0 LOWEST SLP 29.54 ON 6
[REMARKS]
SUBSTUTUTED LIQUID PRECIPITATION AMOUNTS (0.10 ON 2/19/2020 AND 0.04 ON 2/25/2020)
FROM LOCAL COOPERATIVE OBSERVER (ORD #2, SITE 25-6336) DUE TO THE AUTOMATED GAUGE
CAPTURE UNDER-REPRESENTING PRECIPITATION FROM THE SNOW EVENT.
#FINAL-02-20#
REED