000
CXUS52 KCAE 011500
CF6OGB
PRELIMINARY LOCAL CLIMATOLOGICAL DATA (WS FORM: F-6)
STATION: ORANGEBURG AIRPORT SC
MONTH: JANUARY
YEAR: 2024
LATITUDE: 33 27 N
LONGITUDE: 80 51 W
TEMPERATURE IN F: :PCPN: SNOW: WIND :SUNSHINE: SKY :PK WND
================================================================================
1 2 3 4 5 6A 6B 7 8 9 10 11 12 13 14 15 16 17 18
12Z AVG MX 2MIN
DY MAX MIN AVG DEP HDD CDD WTR SNW DPTH SPD SPD DIR MIN PSBL S-S WX SPD DR
================================================================================
1 65 39 52 4 13 0 0.00 M M 7.5 17 250 M M 1 26 260
2 56 33 45 -3 20 0 0.00 M M 3.7 13 360 M M 0 18 20
3 51 30 41 -6 24 0 0.01 M M 2.4 12 290 M M 2 1 17 300
4 57 34 46 -1 19 0 0.00 M M 5.8 15 20 M M 1 1 23 20
5 55 29 42 -5 23 0 0.00 M M 6.0 10 60 M M 3 17 70
6 74 44 59 12 6 0 0.81 M M 9.5 26 230 M M 7 1 39 220
7 59 41 50 3 15 0 0.00 M M 9.5 21 280 M M 0 35 260
8 52 35 44 -3 21 0 0.00 M M 5.6 14 70 M M 2 24 80
9 71 47 59 12 6 0 2.01 M M 15.6 38 260 M M 9 123 58 170
10 55 40 48 1 17 0 T M M 13.1 35 250 M M 1 51 250
11 59 38 49 2 16 0 0.00 M M 4.2 9 190 M M 0 12 230
12 70 34 52 5 13 0 0.26 M M 8.6 23 270 M M 5 1 36 240
13 64 40 52 5 13 0 T M M 12.1 28 270 M M 1 37 260
14 63 34 49 2 16 0 0.00 M M 6.3 17 240 M M 0 23 250
15 69 39 54 7 11 0 0.00 M M 3.7 17 200 M M 2 8 22 200
16 54 43 49 2 16 0 0.01 M M 5.9 15 300 M M 9 12 20 290
17 47 29 38 -9 27 0 0.00 M M 4.4 14 20 M M 2 19 10
18 59 26 43 -4 22 0 0.00 M M 1.7 10 270 M M 1 15 250
19 61 37 49 2 16 0 T M M 12.2 30 290 M M 4 1 42 300
20 41 29 35 -12 30 0 0.00 M M 7.1 18 330 M M 0 27 320
21 45 21 33 -14 32 0 0.00 M M 4.2 15 10 M M 0 20 20
22 56 23 40 -7 25 0 0.00 M M 2.8 9 60 M M 2 13 50
23 63 46 55 8 10 0 T M M 4.2 8 40 M M 7 12 80
24 70 59 65 17 0 0 0.07 M M 5.5 14 160 M M 10 18 22 170
25 79 67 73 25 0 8 0.01 M M 8.0 16 200 M M 8 1 24 200
26 82 62 72 24 0 7 0.00 M M 6.2 15 260 M M 2 1 19 260
27 81 59 70 22 0 5 T M M 5.4 16 170 M M 4 1 22 170
28 69 49 59 11 6 0 0.01 M M 17.0 28 260 M M 3 1 42 250
29 64 41 53 5 12 0 0.00 M M 7.3 16 330 M M 0 26 340
30 66 36 51 3 14 0 T M M 3.7 15 200 M M 0 23 210
31 54 39 47 -1 18 0 0.03 M M 4.7 17 10 M M 8 1 23 360
================================================================================
SM 1911 1223 461 20 3.22 M 213.9 M 94
================================================================================
AV 61.6 39.5 6.9 FASTST M M 3 MAX(MPH)
MISC ----> 38 260 58 170
================================================================================
NOTES:
# LAST OF SEVERAL OCCURRENCES
COLUMN 17 PEAK WIND IN M.P.H.
PRELIMINARY LOCAL CLIMATOLOGICAL DATA (WS FORM: F-6) , PAGE 2
STATION: ORANGEBURG AIRPORT SC
MONTH: JANUARY
YEAR: 2024
LATITUDE: 33 27 N
LONGITUDE: 80 51 W
[TEMPERATURE DATA] [PRECIPITATION DATA] SYMBOLS USED IN COLUMN 16
AVERAGE MONTHLY: 50.5 TOTAL FOR MONTH: 3.22 1 = FOG OR MIST
DPTR FM NORMAL: 3.2 DPTR FM NORMAL: -0.41 2 = FOG REDUCING VISIBILITY
HIGHEST: 82 ON 26 GRTST 24HR 2.01 ON 9- 9 TO 1/4 MILE OR LESS
LOWEST: 21 ON 21 3 = THUNDER
SNOW, ICE PELLETS, HAIL 4 = ICE PELLETS
TOTAL MONTH: M 5 = HAIL
GRTST 24HR M ON M 6 = FREEZING RAIN OR DRIZZLE
GRTST DEPTH: M ON M 7 = DUSTSTORM OR SANDSTORM:
VSBY 1/2 MILE OR LESS
8 = SMOKE OR HAZE
[NO. OF DAYS WITH] [WEATHER - DAYS WITH] 9 = BLOWING SNOW
X = TORNADO
MAX 32 OR BELOW: 0 0.01 INCH OR MORE: 9
MAX 90 OR ABOVE: 0 0.10 INCH OR MORE: 3
MIN 32 OR BELOW: 7 0.50 INCH OR MORE: 2
MIN 0 OR BELOW: 0 1.00 INCH OR MORE: 1
[HDD (BASE 65) ]
TOTAL THIS MO. 461 CLEAR (SCALE 0-3) 21
DPTR FM NORMAL -90 PTCLDY (SCALE 4-7) 7
TOTAL FM JUL 1 1105 CLOUDY (SCALE 8-10) 3
DPTR FM NORMAL -303
[CDD (BASE 65) ]
TOTAL THIS MO. 20
DPTR FM NORMAL 16 [PRESSURE DATA]
TOTAL FM JAN 1 20 HIGHEST SLP 30.66 ON 22
DPTR FM NORMAL 16 LOWEST SLP 29.35 ON 9
[REMARKS]
#FINAL-01-24#