000
CXUS56 KSGX 010946
CLMOKB
CLIMATE REPORT
NATIONAL WEATHER SERVICE SAN DIEGO, CA
246 AM PDT MON MAY 01 2023
...................................
...THE OCEANSIDE AIRPORT CA CLIMATE SUMMARY FOR THE MONTH OF APRIL 2023...
CLIMATE NORMAL PERIOD: 1991 TO 2020
CLIMATE RECORD PERIOD: 1999 TO 2023
WEATHER OBSERVED NORMAL DEPART LAST YEAR`S
VALUE DATE(S) VALUE FROM VALUE DATE(S)
NORMAL
................................................................
TEMPERATURE (F)
RECORD
HIGH 98 04/20/2009
LOW 9 04/26/2011
HIGHEST 83 04/21 MM MM 98 04/07
LOWEST 37 04/04 MM MM 40 04/13
04/14
AVG. MAXIMUM 65.5 68.9 -3.4 72.3
AVG. MINIMUM 49.9 47.6 2.3 48.6
MEAN 57.7 58.3 -0.6 60.5
DAYS MAX >= 90 0 0.3 -0.3 2
DAYS MAX <= 32 0 0.0 0.0 0
DAYS MAX >= 45 30 30
DAYS MIN <= 32 0 0.0 0.0 0
PRECIPITATION (INCHES)
RECORD
MAXIMUM 4.77 2020
MINIMUM MM MM
TOTALS 0.11 0.87 -0.76 0.13
DAILY AVG. 0.00 0.03 -0.03 0.00
DAYS >= .01 3 4.9 -1.9 1
DAYS >= .10 0 1.7 -1.7 1
DAYS >= .50 0 0.5 -0.5 0
DAYS >= 1.00 0 0.2 -0.2 0
DAYS >= %-5.2F 0 0
DAYS >= %-5.2F 0 0
GREATEST
24 HR. TOTAL 0.10 04/12 TO 04/13 0.13 04/22 TO 04/22
STORM TOTAL 0.09 0.13
(MM/DD(HH)) MM
DEGREE DAYS
HEATING TOTAL 212 205 7 146
SINCE 7/1 1982 1837 145 MM
COOLING TOTAL 0 3 -3 18
SINCE 1/1 0 6 -6 MM
FREEZE DATES
RECORD
EARLIEST MM
LATEST MM
EARLIEST 12/26
LATEST 01/23
................................................................
WIND (MPH)
AVERAGE WIND SPEED 5.1
RESULTANT WIND SPEED/DIRECTION 4/250
HIGHEST WIND SPEED/DIRECTION 23/290 DATE 04/03
HIGHEST GUST SPEED/DIRECTION 31/270 DATE 04/03
SKY COVER
POSSIBLE SUNSHINE (PERCENT) MM
AVERAGE SKY COVER 0.57
NUMBER OF DAYS FAIR 9
NUMBER OF DAYS PC 8
NUMBER OF DAYS CLOUDY 13
AVERAGE RH (PERCENT) 75
WEATHER CONDITIONS. NUMBER OF DAYS WITH
THUNDERSTORM 0 MIXED PRECIP 0
HEAVY RAIN 0 RAIN 0
LIGHT RAIN 3 FREEZING RAIN 0
LT FREEZING RAIN 0 HAIL 0
HEAVY SNOW 0 SNOW 0
LIGHT SNOW 0 SLEET 0
FOG 0 FOG W/VIS <= 1/4 MILE 0
HAZE 0
- INDICATES NEGATIVE NUMBERS.
R INDICATES RECORD WAS SET OR TIED.
MM INDICATES DATA IS MISSING.
T INDICATES TRACE AMOUNT.
$$