000
CXUS55 KGGW 010910
CF6OLF
PRELIMINARY LOCAL CLIMATOLOGICAL DATA (WS FORM: F-6)
STATION: WOLF POINT MT
MONTH: NOVEMBER
YEAR: 2023
LATITUDE: 48 5 N
LONGITUDE: 105 35 W
TEMPERATURE IN F: :PCPN: SNOW: WIND :SUNSHINE: SKY :PK WND
================================================================================
1 2 3 4 5 6A 6B 7 8 9 10 11 12 13 14 15 16 17 18
12Z AVG MX 2MIN
DY MAX MIN AVG DEP HDD CDD WTR SNW DPTH SPD SPD DIR MIN PSBL S-S WX SPD DR
================================================================================
1 35 13 24 -12 41 0 0.00 M M 2.9 12 230 M M 2 1 13 230
2 34 14 24 -12 41 0 0.02 M M 3.8 9 240 M M 7 12 12 240
3 35 29 32 -3 33 0 0.00 M M 4.4 13 80 M M 10 128 17 80
4 35 27 31 -3 34 0 0.00 M M 5.8 12 260 M M 9 12 14 270
5 51 30 41 7 24 0 T M M 6.3 16 260 M M 3 1 22 280
6 50 29 40 7 25 0 0.00 M M 5.8 16 60 M M 3 12 24 60
7 57 34 46 13 19 0 0.03 M M 12.5 26 290 M M 6 1 38 280
8 47 34 41 9 24 0 0.00 M M 16.4 35 300 M M 4 47 310
9 43 25 34 2 31 0 T M M 10.1 24 310 M M 7 32 310
10 48 21 35 4 30 0 0.00 M M 7.1 12 90 M M 1 17 110
11 52 20 36 5 29 0 0.00 M M 4.3 16 250 M M 1 24 240
12 55 24 40 10 25 0 0.00 M M 10.1 32 290 M M 0 43 290
13 53 25 39 9 26 0 0.00 M M 4.9 12 80 M M 0 15 60
14 52 18 35 5 30 0 0.00 M M 7.7 24 290 M M 0 30 300
15 55 17 36 7 29 0 0.00 M M 4.1 17 40 M M 3 23 30
16 39 20 30 2 35 0 T M M 7.9 29 350 M M 2 40 340
17 53 21 37 9 28 0 0.00 M M 6.4 15 270 M M 0 8 20 260
18 55 20 38 10 27 0 0.00 M M 2.8 7 70 M M 0 8 30
19 54 25 40 13 25 0 0.00 M M 4.7 13 250 M M 0 16 250
20 50 20 35 8 30 0 0.00 M M 13.5 30 310 M M 1 38 310
21 47 17 32 6 33 0 0.00 M M 2.5 8 240 M M 0 8 10 240
22 51 24 38 12 27 0 T M M 9.7 23 280 M M 7 1 31 290
23 25 4 15 -10 50 0 0.00 M M 4.6 12 50 M M 4 16 50
24 26 1 14 -11 51 0 0.00 M M 2.9 7 300 M M 0 8 10 220
25 36 5 21 -3 44 0 T M M 13.9 26 320 M M 7 1 34 260
26 29 14 22 -2 43 0 T M M 9.3 21 310 M M 6 31 300
27 37 13 25 1 40 0 0.00 M M 3.5 13 350 M M 3 16 350
28 48 14 31 8 34 0 0.00 M M 10.1 23 250 M M 0 28 250
29 49 10 30 7 35 0 0.00 M M 7.0 16 330 M M 0 21 330
30 34 14 24 2 41 0 0.00 M M 4.4 12 240 M M 7 15 240
================================================================================
SM 1335 582 984 0 0.05 M 209.4 M 93
================================================================================
AV 44.5 19.4 7.0 FASTST M M 3 MAX(MPH)
MISC ----> 35 300 47 310
================================================================================
NOTES:
# LAST OF SEVERAL OCCURRENCES
COLUMN 17 PEAK WIND IN M.P.H.
PRELIMINARY LOCAL CLIMATOLOGICAL DATA (WS FORM: F-6) , PAGE 2
STATION: WOLF POINT MT
MONTH: NOVEMBER
YEAR: 2023
LATITUDE: 48 5 N
LONGITUDE: 105 35 W
[TEMPERATURE DATA] [PRECIPITATION DATA] SYMBOLS USED IN COLUMN 16
AVERAGE MONTHLY: 32.0 TOTAL FOR MONTH: 0.05 1 = FOG OR MIST
DPTR FM NORMAL: 3.1 DPTR FM NORMAL: -0.21 2 = FOG REDUCING VISIBILITY
HIGHEST: 57 ON 7 GRTST 24HR 0.03 ON 7- 7 TO 1/4 MILE OR LESS
LOWEST: 1 ON 24 3 = THUNDER
SNOW, ICE PELLETS, HAIL 4 = ICE PELLETS
TOTAL MONTH: M 5 = HAIL
GRTST 24HR M ON M 6 = FREEZING RAIN OR DRIZZLE
GRTST DEPTH: M ON M 7 = DUSTSTORM OR SANDSTORM:
VSBY 1/2 MILE OR LESS
8 = SMOKE OR HAZE
[NO. OF DAYS WITH] [WEATHER - DAYS WITH] 9 = BLOWING SNOW
X = TORNADO
MAX 32 OR BELOW: 3 0.01 INCH OR MORE: 2
MAX 90 OR ABOVE: 0 0.10 INCH OR MORE: 0
MIN 32 OR BELOW: 28 0.50 INCH OR MORE: 0
MIN 0 OR BELOW: 0 1.00 INCH OR MORE: 0
[HDD (BASE 65) ]
TOTAL THIS MO. 984 CLEAR (SCALE 0-3) 17
DPTR FM NORMAL -99 PTCLDY (SCALE 4-7) 11
TOTAL FM JUL 1 1796 CLOUDY (SCALE 8-10) 2
DPTR FM NORMAL -201
[CDD (BASE 65) ]
TOTAL THIS MO. 0
DPTR FM NORMAL 0 [PRESSURE DATA]
TOTAL FM JAN 1 601 HIGHEST SLP M ON M
DPTR FM NORMAL 93 LOWEST SLP 29.57 ON 7
[REMARKS]
#FINAL-11-23#