000
CXUS55 KSEW 020030
CF6OLM
PRELIMINARY LOCAL CLIMATOLOGICAL DATA (WS FORM: F-6)
STATION: OLYMPIA WA AIRPORT
MONTH: AUGUST
YEAR: 2021
LATITUDE: 46 58 N
LONGITUDE: 122 54 W
TEMPERATURE IN F: :PCPN: SNOW: WIND :SUNSHINE: SKY :PK WND
================================================================================
1 2 3 4 5 6A 6B 7 8 9 10 11 12 13 14 15 16 17 18
12Z AVG MX 2MIN
DY MAX MIN AVG DEP HDD CDD WTR SNW DPTH SPD SPD DIR MIN PSBL S-S WX SPD DR
================================================================================
1 81 56 69 3 0 4 0.00 M M 6.2 12 200 M M 0 16 180
2 86 53 70 5 0 5 0.00 M M 4.3 13 360 M M 3 1 17 350
3 86 53 70 5 0 5 0.00 M M 2.9 13 10 M M 0 15 350
4 91 52 72 7 0 7 0.00 M M 4.1 12 360 M M 1 12 16 10
5 83 55 69 4 0 4 0.00 M M 7.7 20 230 M M 2 30 240
6 76 61 69 4 0 4 0.00 M M 10.5 18 230 M M 6 27 220
7 75 56 66 1 0 1 0.00 M M 10.1 20 230 M M 8 1 26 240
8 74 52 63 -2 2 0 0.00 M M 6.7 15 230 M M 3 22 270
9 80 47 64 -1 1 0 0.00 M M 3.5 12 60 M M 3 1 19 10
10 85 54 70 5 0 5 0.00 M M 4.3 14 40 M M 0 19 20
11 92 56 74 9 0 9 0.00 M M 5.5 16 20 M M 0 27 60
12 96 58 77 12 0 12 0.00 M M 4.1 14 30 M M 0 8 19 30
13 95 59 77 12 0 12 0.00 M M 2.6 8 140 M M 0 18 10 360
14 89 58 74 9 0 9 0.00 M M 2.7 9 270 M M 1 13 270
15 84 54 69 5 0 4 0.00 M M 3.8 12 360 M M 2 1 16 10
16 75 55 65 1 0 0 0.00 M M 8.9 17 260 M M 5 24 260
17 73 53 63 -1 2 0 0.00 M M 3.6 14 220 M M 7 20 230
18 81 46 64 0 1 0 0.00 M M 2.5 10 10 M M 4 12 13 10
19 79 51 65 1 0 0 0.00 M M 6.2 14 200 M M 4 20 200
20 66 56 61 -3 4 0 0.00 M M 7.1 15 240 M M 10 1 21 250
21 70 55 63 -1 2 0 0.00 M M 4.2 10 240 M M 9 1 14 230
22 69 49 59 -5 6 0 0.00 M M 9.1 17 240 M M 6 25 220
23 73 46 60 -4 5 0 0.00 M M 3.8 9 340 M M 2 14 340
24 81 41 61 -2 4 0 0.00 M M 3.8 14 20 M M 0 1 18 30
25 75 43 59 -4 6 0 0.00 M M 6.0 15 230 M M 1 12 23 230
26 70 57 64 1 1 0 0.01 M M 7.2 15 190 M M 9 1 20 210
27 74 52 63 0 2 0 0.00 M M 3.5 10 10 M M 6 14 220
28 80 43 62 -1 3 0 0.00 M M 4.6 13 30 M M 0 1 20 30
29 83 44 64 1 1 0 0.00 M M 4.3 12 310 M M 0 16 310
30 67 50 59 -4 6 0 0.00 M M 10.4 21 230 M M 4 29 230
31 67 47 57 -5 8 0 0.00 M M 7.9 18 230 M M 4 29 200
================================================================================
SM 2456 1612 54 81 0.01 M 172.1 M 100
================================================================================
AV 79.2 52.0 5.6 FASTST M M 3 MAX(MPH)
MISC ----> 21 230 30 240
================================================================================
NOTES:
# LAST OF SEVERAL OCCURRENCES
COLUMN 17 PEAK WIND IN M.P.H.
PRELIMINARY LOCAL CLIMATOLOGICAL DATA (WS FORM: F-6) , PAGE 2
STATION: OLYMPIA WA AIRPORT
MONTH: AUGUST
YEAR: 2021
LATITUDE: 46 58 N
LONGITUDE: 122 54 W
[TEMPERATURE DATA] [PRECIPITATION DATA] SYMBOLS USED IN COLUMN 16
AVERAGE MONTHLY: 65.6 TOTAL FOR MONTH: 0.01 1 = FOG OR MIST
DPTR FM NORMAL: 1.4 DPTR FM NORMAL: -0.95 2 = FOG REDUCING VISIBILITY
HIGHEST: 96 ON 12 GRTST 24HR 0.01 ON 26-26 TO 1/4 MILE OR LESS
LOWEST: 41 ON 24 3 = THUNDER
SNOW, ICE PELLETS, HAIL 4 = ICE PELLETS
TOTAL MONTH: M 5 = HAIL
GRTST 24HR M ON M 6 = FREEZING RAIN OR DRIZZLE
GRTST DEPTH: M ON M 7 = DUSTSTORM OR SANDSTORM:
VSBY 1/2 MILE OR LESS
8 = SMOKE OR HAZE
[NO. OF DAYS WITH] [WEATHER - DAYS WITH] 9 = BLOWING SNOW
X = TORNADO
MAX 32 OR BELOW: 0 0.01 INCH OR MORE: 1
MAX 90 OR ABOVE: 4 0.10 INCH OR MORE: 0
MIN 32 OR BELOW: 0 0.50 INCH OR MORE: 0
MIN 0 OR BELOW: 0 1.00 INCH OR MORE: 0
[HDD (BASE 65) ]
TOTAL THIS MO. 54 CLEAR (SCALE 0-3) 18
DPTR FM NORMAL -13 PTCLDY (SCALE 4-7) 10
TOTAL FM JUL 1 86 CLOUDY (SCALE 8-10) 3
DPTR FM NORMAL -56
[CDD (BASE 65) ]
TOTAL THIS MO. 81
DPTR FM NORMAL 37 [PRESSURE DATA]
TOTAL FM JAN 1 237 HIGHEST SLP 30.19 ON 2
DPTR FM NORMAL 132 LOWEST SLP 29.84 ON 21
[REMARKS]
#FINAL-08-21#
CORRECTED