000
CXUS53 KARX 012245
CF6OLZ
PRELIMINARY LOCAL CLIMATOLOGICAL DATA (WS FORM: F-6)
STATION: OELWEIN IA
MONTH: MAY
YEAR: 2023
LATITUDE: 42 40 N
LONGITUDE: 91 58 W
TEMPERATURE IN F: :PCPN: SNOW: WIND :SUNSHINE: SKY :PK WND
================================================================================
1 2 3 4 5 6A 6B 7 8 9 10 11 12 13 14 15 16 17 18
12Z AVG MX 2MIN
DY MAX MIN AVG DEP HDD CDD WTR SNW DPTH SPD SPD DIR MIN PSBL S-S WX SPD DR
================================================================================
1 59 39 49 M 16 0 0.00 0.0 0 23.9 33 310 M M 2 46 320
2 61 41 51 M 14 0 0.00 0.0 0 20.7 32 330 M M 2 45 340
3 66 34 50 M 15 0 0.00 0.0 0 7.0 15 320 M M 0 18 330
4 79 39 59 M 6 0 0.00 0.0 0 12.6 18 250 M M 0 32 210
5 75 48 62 M 3 0 0.00 0.0 0 13.4 24 180 M M 6 30 180
6 70 55 63 M 2 0 0.36 0.0 0 14.0 25 150 M M 9 1 32 150
7 79 55 67 M 0 2 0.21 0.0 0 8.0 23 110 M M 6 123 28 350
8 70 57 64 M 1 0 0.17 0.0 0 9.4 18 170 M M 6 1 27 170
9 72 54 63 M 2 0 0.00 0.0 0 9.8 15 140 M M 2 1 18 140
10 79 54 67 M 0 2 0.00 0.0 0 11.9 17 130 M M 1 24 150
11 82 57 70 M 0 5 0.04 0.0 0 10.7 15 170 M M 3 22 160
12 73 63 68 M 0 3 0.25 0.0 0 10.9 17 70 M M 7 1 21 70
13 77 59 68 M 0 3 M M M 17.3 23 110 M M 5 1 29 100
14 64 50 57 M 8 0 0.24 0.0 0 16.2 23 70 M M 10 1 32 70
15 70 48 59 M 6 0 0.00 0.0 0 8.2 14 60 M M 3 8 15 60
16 81 50 66 M 0 1 0.00 0.0 0 9.4 16 340 M M 2 28 320
17 70 48 59 M 6 0 M 0.0 0 11.7 15 90 M M 0 24 90
18 82 50 66 M 0 1 M 0.0 0 13.5 20 210 M M 4 8 28 210
19 63 46 55 M 10 0 0.00 0.0 0 14.1 23 340 M M 2 36 330
20 72 41 57 M 8 0 0.00 0.0 0 7.1 13 10 M M 0 16 360
21 77 46 62 M 3 0 0.00 0.0 0 5.2 10 230 M M 0 18 200
22 81 54 68 M 0 3 0.00 0.0 0 7.0 12 150 M M 0 18 190
23 82 55 69 M 0 4 0.00 0.0 0 6.8 13 190 M M 0 20 190
24 82 55 69 M 0 4 0.00 0.0 0 9.3 18 90 M M 0 22 80
25 75 50 63 M 2 0 0.00 0.0 0 13.5 21 110 M M 1 28 110
26 77 39 58 M 7 0 0.00 0.0 0 8.9 13 130 M M 0 18 130
27 79 48 64 M 1 0 0.00 0.0 0 9.2 14 150 M M 0 17 99
28 82 55 69 M 0 4 0.00 0.0 0 8.6 14 120 M M 1 23 130
29 84 59 72 M 0 7 0.00 0.0 0 8.8 14 160 M M 2 22 210
30 88 59 74 M 0 9 0.00 0.0 0 11.2 17 180 M M 1 24 160
31 90 63 77 M 0 12 0.00 0.0 0 9.9 17 160 M M 1 28 160
================================================================================
SM 2341 1571 110 60 1.27 0.0 348.2 M 76
================================================================================
AV 75.5 50.7 11.2 FASTST M M 2 MAX(MPH)
MISC ----> 33 310 46 320
================================================================================
NOTES:
# LAST OF SEVERAL OCCURRENCES
COLUMN 17 PEAK WIND IN M.P.H.
PRELIMINARY LOCAL CLIMATOLOGICAL DATA (WS FORM: F-6) , PAGE 2
STATION: OELWEIN IA
MONTH: MAY
YEAR: 2023
LATITUDE: 42 40 N
LONGITUDE: 91 58 W
[TEMPERATURE DATA] [PRECIPITATION DATA] SYMBOLS USED IN COLUMN 16
AVERAGE MONTHLY: 63.1 TOTAL FOR MONTH: 1.27 1 = FOG OR MIST
DPTR FM NORMAL: 0.0 DPTR FM NORMAL: M 2 = FOG REDUCING VISIBILITY
HIGHEST: 90 ON 31 GRTST 24HR 0.36 ON 6- 6 TO 1/4 MILE OR LESS
LOWEST: 34 ON 3 3 = THUNDER
SNOW, ICE PELLETS, HAIL 4 = ICE PELLETS
TOTAL MONTH: 0.0 INCH 5 = HAIL
GRTST 24HR 0.0 6 = FREEZING RAIN OR DRIZZLE
GRTST DEPTH: 0 7 = DUSTSTORM OR SANDSTORM:
VSBY 1/2 MILE OR LESS
8 = SMOKE OR HAZE
[NO. OF DAYS WITH] [WEATHER - DAYS WITH] 9 = BLOWING SNOW
X = TORNADO
MAX 32 OR BELOW: 0 0.01 INCH OR MORE: 6
MAX 90 OR ABOVE: 1 0.10 INCH OR MORE: 5
MIN 32 OR BELOW: 0 0.50 INCH OR MORE: 0
MIN 0 OR BELOW: 0 1.00 INCH OR MORE: 0
[HDD (BASE 65) ]
TOTAL THIS MO. 110 CLEAR (SCALE 0-3) 22
DPTR FM NORMAL M PTCLDY (SCALE 4-7) 7
TOTAL FM JUL 1 6921 CLOUDY (SCALE 8-10) 2
DPTR FM NORMAL M
[CDD (BASE 65) ]
TOTAL THIS MO. 60
DPTR FM NORMAL M [PRESSURE DATA]
TOTAL FM JAN 1 69 HIGHEST SLP M ON M
DPTR FM NORMAL M LOWEST SLP M ON M
[REMARKS]
#FINAL-05-23#