000
CXUS53 KARX 041208
CF6OLZ
PRELIMINARY LOCAL CLIMATOLOGICAL DATA (WS FORM: F-6)
STATION: OELWEIN IA
MONTH: APRIL
YEAR: 2022
LATITUDE: 42 40 N
LONGITUDE: 91 58 W
TEMPERATURE IN F: :PCPN: SNOW: WIND :SUNSHINE: SKY :PK WND
================================================================================
1 2 3 4 5 6A 6B 7 8 9 10 11 12 13 14 15 16 17 18
12Z AVG MX 2MIN
DY MAX MIN AVG DEP HDD CDD WTR SNW DPTH SPD SPD DIR MIN PSBL S-S WX SPD DR
================================================================================
1 46 21 34 M 31 0 0.00 0.0 0 5.8 12 170 M M 2 16 330
2 50 32 41 M 24 0 M M M 9.6 22 300 M M 6 1 29 300
3 45 25 35 M 30 0 M 0.0 0 9.3 20 150 M M 4 8 24 140
4 46 32 39 M 26 0 0.00 0.0 0 13.9 22 280 M M 6 28 310
5 48 32 40 M 25 0 M 0.0 0 16.6 24 140 M M 6 1 32 140
6 45 34 40 M 25 0 M M 0 19.9 31 260 M M 7 1 40 260
7 43 30 37 M 28 0 M M 0 20.6 27 290 M M 9 1 38 320
8 41 28 35 M 30 0 M M M 16.3 25 330 M M 8 1 32 330
9 54 23 39 M 26 0 0.00 0.0 0 7.0 13 320 M M 0 17 320
10 68 36 52 M 13 0 0.00 0.0 0 20.5 38 130 M M 2 48 130
11 61 39 50 M 15 0 0.00 0.0 0 12.3 22 270 M M 1 28 270
12 66 37 52 M 13 0 0.18 0.0 0 20.2 38 130 M M 5 13 48 180
13 57 32 45 M 20 0 0.10 0.0 0 15.2 24 300 M M 7 138 30 280
14 43 27 35 M 30 0 0.00 0.0 0 23.4 40 280 M M 2 51 250
15 41 27 34 M 31 0 0.00 0.0 0 14.0 21 290 M M 3 27 300
16 41 23 32 M 33 0 0.00 0.0 0 14.3 24 330 M M 2 30 320
17 45 21 33 M 32 0 M M 0 8.3 16 120 M M 3 22 140
18 37 28 33 M 32 0 0.00 0.0 0 19.9 31 300 M M 8 43 310
19 45 21 33 M 32 0 0.00 0.0 0 8.1 14 140 M M 3 14 250
20 50 41 46 M 19 0 0.23 0.0 0 17.1 28 150 M M 10 18 36 150
21 63 36 50 M 15 0 0.00 0.0 0 9.0 14 300 M M 4 12 20 320
22 59 46 53 M 12 0 1.01 0.0 0 19.3 45 130 M M 9 1 52 130
23 73 57 65 M 0 0 0.08 0.0 0 20.3 36 190 M M 7 43 180
24 57 43 50 M 15 0 0.00 0.0 0 20.5 32 250 M M 6 41 240
25 45 30 38 M 27 0 0.00 0.0 0 18.4 23 300 M M 10 30 290
26 48 30 39 M 26 0 0.00 0.0 0 13.7 21 320 M M 4 29 320
27 52 32 42 M 23 0 0.02 0.0 0 16.4 22 100 M M 3 28 100
28 54 34 44 M 21 0 0.75 0.0 0 18.2 35 150 M M 7 1 44 150
29 57 46 52 M 13 0 0.01 0.0 0 18.5 25 110 M M 10 37 110
30 64 45 55 M 10 0 0.20 0.0 0 21.4 27 200 M M 9 1 35 110
================================================================================
SM 1544 988 677 0 2.58 0.0 467.9 M 163
================================================================================
AV 51.5 32.9 15.6 FASTST M M 5 MAX(MPH)
MISC ----> 45 130 52 130
================================================================================
NOTES:
# LAST OF SEVERAL OCCURRENCES
COLUMN 17 PEAK WIND IN M.P.H.
PRELIMINARY LOCAL CLIMATOLOGICAL DATA (WS FORM: F-6) , PAGE 2
STATION: OELWEIN IA
MONTH: APRIL
YEAR: 2022
LATITUDE: 42 40 N
LONGITUDE: 91 58 W
[TEMPERATURE DATA] [PRECIPITATION DATA] SYMBOLS USED IN COLUMN 16
AVERAGE MONTHLY: 42.2 TOTAL FOR MONTH: 2.58 1 = FOG OR MIST
DPTR FM NORMAL: 0.0 DPTR FM NORMAL: M 2 = FOG REDUCING VISIBILITY
HIGHEST: 73 ON 23 GRTST 24HR 1.01 ON 22-22 TO 1/4 MILE OR LESS
LOWEST: 21 ON 19,17 3 = THUNDER
SNOW, ICE PELLETS, HAIL 4 = ICE PELLETS
TOTAL MONTH: 0.0 INCH 5 = HAIL
GRTST 24HR 0.0 6 = FREEZING RAIN OR DRIZZLE
GRTST DEPTH: 0 7 = DUSTSTORM OR SANDSTORM:
VSBY 1/2 MILE OR LESS
8 = SMOKE OR HAZE
[NO. OF DAYS WITH] [WEATHER - DAYS WITH] 9 = BLOWING SNOW
X = TORNADO
MAX 32 OR BELOW: 0 0.01 INCH OR MORE: 9
MAX 90 OR ABOVE: 0 0.10 INCH OR MORE: 6
MIN 32 OR BELOW: 18 0.50 INCH OR MORE: 2
MIN 0 OR BELOW: 0 1.00 INCH OR MORE: 1
[HDD (BASE 65) ]
TOTAL THIS MO. 677 CLEAR (SCALE 0-3) 7
DPTR FM NORMAL M PTCLDY (SCALE 4-7) 16
TOTAL FM JUL 1 6882 CLOUDY (SCALE 8-10) 7
DPTR FM NORMAL M
[CDD (BASE 65) ]
TOTAL THIS MO. 0
DPTR FM NORMAL M [PRESSURE DATA]
TOTAL FM JAN 1 0 HIGHEST SLP M ON M
DPTR FM NORMAL M LOWEST SLP M ON M
[REMARKS]
#FINAL-04-22#