000
CXUS56 KBOI 011002
CF6ONO
PRELIMINARY LOCAL CLIMATOLOGICAL DATA (WS FORM: F-6)
STATION: ONTARIO OR
MONTH: AUGUST
YEAR: 2022
LATITUDE: 44 1 N
LONGITUDE: 117 1 W
TEMPERATURE IN F: :PCPN: SNOW: WIND :SUNSHINE: SKY :PK WND
================================================================================
1 2 3 4 5 6A 6B 7 8 9 10 11 12 13 14 15 16 17 18
12Z AVG MX 2MIN
DY MAX MIN AVG DEP HDD CDD WTR SNW DPTH SPD SPD DIR MIN PSBL S-S WX SPD DR
================================================================================
1 109 71 90 10 0 25 T M M 6.9 32 270 M M 0 8 47 270
2 87 70 79 -1 0 14 0.02 M M 5.7 23 270 M M 3 32 270
3 98 63 81 1 0 16 T M M 3.4 16 330 M M 0 24 320
4 102 67 85 6 0 20 0.00 M M 6.1 18 340 M M 1 8 29 320
5 94 70 82 3 0 17 0.00 M M 6.3 24 320 M M 0 33 320
6 96 69 83 4 0 18 0.00 M M 9.6 18 330 M M 0 24 330
7 96 55 76 -3 0 11 0.00 M M 2.2 10 330 M M 0 8 12 260
8 104 56 80 1 0 15 0.00 M M 2.0 8 70 M M 0 12 70
9 95 69 82 4 0 17 0.03 M M 5.6 23 260 M M 2 31 240
10 91 69 80 2 0 15 0.25 M M 4.5 25 240 M M 3 3 36 150
11 97 75 86 8 0 21 0.00 M M 4.0 17 150 M M 0 25 150
12 102 65 84 6 0 19 0.00 M M 3.4 13 240 M M 0 17 240
13 99 70 85 8 0 20 0.00 M M 10.2 26 330 M M 0 36 330
14 100 69 85 8 0 20 0.00 M M 7.0 20 340 M M 0 28 330
15 102 64 83 6 0 18 0.00 M M 4.9 13 320 M M 0 18 350
16 104 64 84 8 0 19 0.00 M M 2.7 8 180 M M 0 11 180
17 103 63 83 7 0 18 0.00 M M 2.8 8 30 M M 0 13 20
18 100 64 82 6 0 17 0.00 M M 5.0 14 240 M M 0 22 230
19 99 72 86 10 0 21 T M M 5.7 15 250 M M 1 21 220
20 97 69 83 8 0 18 0.00 0.0 0 3.9 12 10 M M 0 18 20
21 101 65 83 8 0 18 0.00 0.0 0 2.4 9 160 M M 0 12 170
22 100 62 81 7 0 16 0.00 0.0 0 5.6 20 330 M M 0 26 340
23 99 71 85 11 0 20 0.00 M M 3.7 17 330 M M 0 24 330
24 99 69 84 10 0 19 0.00 M M 6.1 21 340 M M 0 30 340
25 98 68 83 9 0 18 0.00 M M 5.3 17 330 M M 0 22 350
26 97 65 81 8 0 16 0.00 M M 5.6 23 330 M M 0 32 340
27 92 67 80 7 0 15 0.00 M M 9.1 21 320 M M 0 28 320
28 87 59 73 1 0 8 0.00 M M 5.0 18 320 M M 0 25 320
29 94 54 74 2 0 9 0.00 M M 2.3 8 250 M M 0 10 250
30 99 55 77 5 0 12 0.00 M M 2.0 9 260 M M 0 8 10 260
31 102 58 80 9 0 15 0.00 M M 3.2 24 330 M M 0 8 33 330
================================================================================
SM 3043 2027 0 525 0.30 0.0 152.2 M 10
================================================================================
AV 98.2 65.4 4.9 FASTST M M 0 MAX(MPH)
MISC ----> 32 270 47 270
================================================================================
NOTES:
# LAST OF SEVERAL OCCURRENCES
COLUMN 17 PEAK WIND IN M.P.H.
PRELIMINARY LOCAL CLIMATOLOGICAL DATA (WS FORM: F-6) , PAGE 2
STATION: ONTARIO OR
MONTH: AUGUST
YEAR: 2022
LATITUDE: 44 1 N
LONGITUDE: 117 1 W
[TEMPERATURE DATA] [PRECIPITATION DATA] SYMBOLS USED IN COLUMN 16
AVERAGE MONTHLY: 81.8 TOTAL FOR MONTH: 0.30 1 = FOG OR MIST
DPTR FM NORMAL: 5.6 DPTR FM NORMAL: 0.18 2 = FOG REDUCING VISIBILITY
HIGHEST: 109 ON 1 GRTST 24HR 0.28 ON 9-10 TO 1/4 MILE OR LESS
LOWEST: 54 ON 29 3 = THUNDER
SNOW, ICE PELLETS, HAIL 4 = ICE PELLETS
TOTAL MONTH: 0.0 INCH 5 = HAIL
GRTST 24HR 0.0 6 = FREEZING RAIN OR DRIZZLE
GRTST DEPTH: 0 7 = DUSTSTORM OR SANDSTORM:
VSBY 1/2 MILE OR LESS
8 = SMOKE OR HAZE
[NO. OF DAYS WITH] [WEATHER - DAYS WITH] 9 = BLOWING SNOW
X = TORNADO
MAX 32 OR BELOW: 0 0.01 INCH OR MORE: 3
MAX 90 OR ABOVE: 29 0.10 INCH OR MORE: 1
MIN 32 OR BELOW: 0 0.50 INCH OR MORE: 0
MIN 0 OR BELOW: 0 1.00 INCH OR MORE: 0
[HDD (BASE 65) ]
TOTAL THIS MO. 0 CLEAR (SCALE 0-3) 30
DPTR FM NORMAL -4 PTCLDY (SCALE 4-7) 1
TOTAL FM JUL 1 0 CLOUDY (SCALE 8-10) 0
DPTR FM NORMAL -2
[CDD (BASE 65) ]
TOTAL THIS MO. 525
DPTR FM NORMAL 176 [PRESSURE DATA]
TOTAL FM JAN 1 1254 HIGHEST SLP M ON M
DPTR FM NORMAL 256 LOWEST SLP 29.67 ON 4
[REMARKS]
#FINAL-08-22#