000
CXUS56 KSGX 011045
CF6ONT
PRELIMINARY LOCAL CLIMATOLOGICAL DATA (WS FORM: F-6)
STATION: ONTARIO INTL AIRPORT CA
MONTH: JUNE
YEAR: 2021
LATITUDE: 34 2 N
LONGITUDE: 117 37 W
TEMPERATURE IN F: :PCPN: SNOW: WIND :SUNSHINE: SKY :PK WND
================================================================================
1 2 3 4 5 6A 6B 7 8 9 10 11 12 13 14 15 16 17 18
12Z AVG MX 2MIN
DY MAX MIN AVG DEP HDD CDD WTR SNW DPTH SPD SPD DIR MIN PSBL S-S WX SPD DR
================================================================================
1 94 60 77 7 0 12 0.00 M M 7.4 20 260 M M 4 18 25 270
2 91 61 76 6 0 11 0.00 M M 6.7 16 260 M M 3 8 21 260
3 93 62 78 8 0 13 0.00 M M 7.4 17 280 M M 3 8 24 270
4 89 61 75 5 0 10 0.00 M M 7.2 18 260 M M 1 8 22 240
5 89 60 75 5 0 10 0.00 M M 7.8 18 260 M M 4 18 25 270
6 82 59 71 0 0 6 0.00 M M 8.6 20 240 M M 5 8 24 250
7 74 59 67 -4 0 2 0.00 M M 7.8 18 260 M M 7 23 260
8 81 60 71 0 0 6 0.00 M M 8.1 16 230 M M 6 22 210
9 83 59 71 0 0 6 0.00 M M 7.6 22 260 M M 4 27 240
10 84 55 70 -2 0 5 0.00 M M 6.3 17 240 M M 0 24 250
11 91 58 75 3 0 10 0.00 M M 5.4 15 260 M M 0 21 270
12 96 62 79 7 0 14 0.00 M M 5.8 18 270 M M 1 23 270
13 97 62 80 8 0 15 0.00 M M 6.1 17 250 M M 1 23 250
14 101 65 83 10 0 18 0.00 M M 5.3 17 280 M M 2 20 250
15 105 70 88 15 0 23 0.00 M M 5.8 15 270 M M 6 19 260
16 97 71 84 11 0 19 0.00 M M 7.3 20 260 M M 8 8 23 260
17 101 70 86 12 0 21 T M M 7.3 20 270 M M 5 23 260
18 94 68 81 7 0 16 0.00 M M 8.2 21 300 M M 6 26 290
19 94 66 80 6 0 15 0.00 M M 6.5 16 270 M M 3 8 24 280
20 92 65 79 5 0 14 0.00 M M 7.6 16 260 M M 0 8 22 230
21 94 62 78 3 0 13 0.00 M M 7.4 16 270 M M 0 18 25 260
22 93 61 77 2 0 12 0.00 M M 7.2 18 250 M M 4 8 25 250
23 94 64 79 4 0 14 T M M 8.4 18 260 M M 7 3 26 230
24 89 63 76 0 0 11 0.00 M M 8.1 17 260 M M 2 8 23 260
25 89 61 75 -1 0 10 0.00 M M 5.8 18 280 M M 0 25 240
26 96 65 81 5 0 16 0.00 M M 5.8 17 260 M M 0 23 250
27 100 63 82 6 0 17 0.00 M M 7.3 21 250 M M 2 27 270
28 100 68 84 8 0 19 0.00 M M 7.5 20 260 M M 3 8 26 270
29 90 66 78 1 0 13 0.00 M M 7.8 17 260 M M 7 8 23 260
30 95 66 81 4 0 16 0.00 M M 7.1 20 270 M M 3 8 26 260
================================================================================
SM 2768 1892 0 387 T M 212.6 M 97
================================================================================
AV 92.3 63.1 7.1 FASTST M M 3 MAX(MPH)
MISC ----> 22 260 # 27 240
================================================================================
NOTES:
# LAST OF SEVERAL OCCURRENCES
COLUMN 17 PEAK WIND IN M.P.H.
PRELIMINARY LOCAL CLIMATOLOGICAL DATA (WS FORM: F-6) , PAGE 2
STATION: ONTARIO INTL AIRPORT CA
MONTH: JUNE
YEAR: 2021
LATITUDE: 34 2 N
LONGITUDE: 117 37 W
[TEMPERATURE DATA] [PRECIPITATION DATA] SYMBOLS USED IN COLUMN 16
AVERAGE MONTHLY: 77.7 TOTAL FOR MONTH: T 1 = FOG OR MIST
DPTR FM NORMAL: 4.5 DPTR FM NORMAL: -0.02 2 = FOG REDUCING VISIBILITY
HIGHEST: 105 ON 15 GRTST 24HR T ON 17-17 TO 1/4 MILE OR LESS
LOWEST: 55 ON 10 3 = THUNDER
SNOW, ICE PELLETS, HAIL 4 = ICE PELLETS
TOTAL MONTH: M 5 = HAIL
GRTST 24HR M ON M 6 = FREEZING RAIN OR DRIZZLE
GRTST DEPTH: M ON M 7 = DUSTSTORM OR SANDSTORM:
VSBY 1/2 MILE OR LESS
8 = SMOKE OR HAZE
[NO. OF DAYS WITH] [WEATHER - DAYS WITH] 9 = BLOWING SNOW
X = TORNADO
MAX 32 OR BELOW: 0 0.01 INCH OR MORE: 0
MAX 90 OR ABOVE: 21 0.10 INCH OR MORE: 0
MIN 32 OR BELOW: 0 0.50 INCH OR MORE: 0
MIN 0 OR BELOW: 0 1.00 INCH OR MORE: 0
[HDD (BASE 65) ]
TOTAL THIS MO. 0 CLEAR (SCALE 0-3) 15
DPTR FM NORMAL -4 PTCLDY (SCALE 4-7) 15
TOTAL FM JUL 1 1213 CLOUDY (SCALE 8-10) 0
DPTR FM NORMAL -75
[CDD (BASE 65) ]
TOTAL THIS MO. 387
DPTR FM NORMAL 137 [PRESSURE DATA]
TOTAL FM JAN 1 620 HIGHEST SLP 30.08 ON 10
DPTR FM NORMAL 156 LOWEST SLP 29.60 ON 28
[REMARKS]
#FINAL-06-21#