000
CXUS56 KSGX 011045
CF6ONT
PRELIMINARY LOCAL CLIMATOLOGICAL DATA (WS FORM: F-6)
STATION: ONTARIO INTL AIRPORT CA
MONTH: AUGUST
YEAR: 2023
LATITUDE: 34 2 N
LONGITUDE: 117 37 W
TEMPERATURE IN F: :PCPN: SNOW: WIND :SUNSHINE: SKY :PK WND
================================================================================
1 2 3 4 5 6A 6B 7 8 9 10 11 12 13 14 15 16 17 18
12Z AVG MX 2MIN
DY MAX MIN AVG DEP HDD CDD WTR SNW DPTH SPD SPD DIR MIN PSBL S-S WX SPD DR
================================================================================
1 96 73 85 5 0 20 T M M 5.9 16 220 M M 7 21 220
2 96 69 83 3 0 18 0.00 M M 6.5 18 230 M M 3 23 270
3 92 62 77 -3 0 12 0.00 M M 6.5 17 250 M M 0 23 240
4 92 62 77 -3 0 12 0.00 M M 6.3 17 270 M M 1 20 240
5 98 63 81 1 0 16 0.00 M M 5.1 17 260 M M 0 23 240
6 101 66 84 4 0 19 0.00 M M 6.0 21 270 M M 0 25 270
7 97 65 81 1 0 16 0.00 M M 6.0 17 260 M M 1 18 24 270
8 92 65 79 -1 0 14 0.00 M M 7.3 18 280 M M 4 8 24 270
9 90 67 79 -1 0 14 T M M 6.4 17 270 M M 6 22 280
10 83 67 75 -5 0 10 T M M 7.7 15 270 M M 7 18 22 250
11 86 66 76 -4 0 11 0.00 M M 6.8 17 230 M M 5 18 22 230
12 89 65 77 -3 0 12 0.00 M M 6.0 17 240 M M 1 1 23 270
13 93 65 79 -1 0 14 0.00 M M 6.8 18 260 M M 2 23 250
14 97 65 81 1 0 16 0.00 M M 6.7 17 250 M M 2 18 24 280
15 101 67 84 4 0 19 0.00 M M 5.6 16 260 M M 4 8 20 280
16 102 73 88 8 0 23 T M M 8.6 18 270 M M 5 23 260
17 102 69 86 6 0 21 0.00 M M 6.2 21 260 M M 1 26 240
18 96 65 81 1 0 16 0.00 M M 6.4 18 250 M M 1 26 240
19 89 65 77 -3 0 12 0.00 M M 5.4 18 270 M M 7 25 270
20 78 66 72 -8 0 7 1.69 M M 5.5 15 230 M M 10 1 23 220
21 83 62 73 -7 0 8 0.23 M M 6.2 16 230 M M 5 1 21 230
22 90 64 77 -3 0 12 0.00 M M 4.5 16 260 M M 1 21 270
23 95 63 79 -1 0 14 0.00 M M 5.9 17 270 M M 1 22 270
24 89 67 78 -2 0 13 0.00 M M 6.5 16 230 M M 2 23 270
25 94 63 79 -1 0 14 0.00 M M 4.4 16 250 M M 0 8 20 280
26 98 64 81 1 0 16 0.00 M M 4.0 14 250 M M 0 18 250
27 102 66 84 4 0 19 0.00 M M 4.3 15 270 M M 1 20 270
28 105 71 88 8 0 23 0.00 M M 5.5 16 270 M M 0 8 22 270
29 105 73 89 9 0 24 0.00 M M 4.4 14 260 M M 0 8 19 260
30 101 75 88 8 0 23 0.00 M M 5.7 18 270 M M 1 8 24 270
31 94 69 82 2 0 17 0.00 M M 6.4 18 260 M M 2 8 24 270
================================================================================
SM 2926 2062 0 485 1.92 M 185.5 M 80
================================================================================
AV 94.4 66.5 6.0 FASTST M M 3 MAX(MPH)
MISC ----> # 21 270 # 26 240
================================================================================
NOTES:
# LAST OF SEVERAL OCCURRENCES
COLUMN 17 PEAK WIND IN M.P.H.
PRELIMINARY LOCAL CLIMATOLOGICAL DATA (WS FORM: F-6) , PAGE 2
STATION: ONTARIO INTL AIRPORT CA
MONTH: AUGUST
YEAR: 2023
LATITUDE: 34 2 N
LONGITUDE: 117 37 W
[TEMPERATURE DATA] [PRECIPITATION DATA] SYMBOLS USED IN COLUMN 16
AVERAGE MONTHLY: 80.5 TOTAL FOR MONTH: 1.92 1 = FOG OR MIST
DPTR FM NORMAL: 0.4 DPTR FM NORMAL: 1.89 2 = FOG REDUCING VISIBILITY
HIGHEST: 105 ON 29,28 GRTST 24HR 1.85 ON 20-21 TO 1/4 MILE OR LESS
LOWEST: 62 ON 21, 4 3 = THUNDER
SNOW, ICE PELLETS, HAIL 4 = ICE PELLETS
TOTAL MONTH: M 5 = HAIL
GRTST 24HR M ON M 6 = FREEZING RAIN OR DRIZZLE
GRTST DEPTH: M ON M 7 = DUSTSTORM OR SANDSTORM:
VSBY 1/2 MILE OR LESS
8 = SMOKE OR HAZE
[NO. OF DAYS WITH] [WEATHER - DAYS WITH] 9 = BLOWING SNOW
X = TORNADO
MAX 32 OR BELOW: 0 0.01 INCH OR MORE: 2
MAX 90 OR ABOVE: 24 0.10 INCH OR MORE: 2
MIN 32 OR BELOW: 0 0.50 INCH OR MORE: 1
MIN 0 OR BELOW: 0 1.00 INCH OR MORE: 1
[HDD (BASE 65) ]
TOTAL THIS MO. 0 CLEAR (SCALE 0-3) 21
DPTR FM NORMAL 0 PTCLDY (SCALE 4-7) 9
TOTAL FM JUL 1 0 CLOUDY (SCALE 8-10) 1
DPTR FM NORMAL 0
[CDD (BASE 65) ]
TOTAL THIS MO. 485
DPTR FM NORMAL 18 [PRESSURE DATA]
TOTAL FM JAN 1 1188 HIGHEST SLP 30.03 ON 21
DPTR FM NORMAL -185 LOWEST SLP 29.44 ON 20
[REMARKS]
#FINAL-08-23#