740
CXUS52 KMFL 011000
CF6OPF
PRELIMINARY LOCAL CLIMATOLOGICAL DATA (WS FORM: F-6)
STATION: OPA-LOCKA ARPT
MONTH: OCTOBER
YEAR: 2020
LATITUDE: 25 53 N
LONGITUDE: 80 17 W
TEMPERATURE IN F: :PCPN: SNOW: WIND :SUNSHINE: SKY :PK WND
================================================================================
1 2 3 4 5 6A 6B 7 8 9 10 11 12 13 14 15 16 17 18
12Z AVG MX 2MIN
DY MAX MIN AVG DEP HDD CDD WTR SNW DPTH SPD SPD DIR MIN PSBL S-S WX SPD DR
================================================================================
1 89 74 82 0 0 17 0.32 0.0 0 5.0 14 120 M M 4 13 18 140
2 83 75 79 -3 0 14 0.20 0.0 0 5.0 14 40 M M 5 3 17 50
3 85 74 80 -2 0 15 0.48 0.0 0 5.1 17 90 M M 3 18 22 150
4 88 76 82 0 0 17 0.06 0.0 0 9.5 18 130 M M 3 8 22 130
5 89 79 84 2 0 19 T 0.0 0 11.9 21 120 M M 3 26 90
6 89 79 84 3 0 19 0.06 0.0 0 11.5 21 120 M M 4 25 90
7 89 81 85 4 0 20 0.00 0.0 0 11.9 21 140 M M 2 28 140
8 88 77 83 2 0 18 0.09 0.0 0 7.7 18 100 M M 2 1 23 90
9 89 75 82 1 0 17 0.59 0.0 0 10.4 22 150 M M 4 1 29 130
10 89 76 83 2 0 18 0.24 0.0 0 8.7 20 120 M M 2 1 27 110
11 91 77 84 3 0 19 0.00 0.0 0 5.8 14 190 M M 2 17 240
12 91 77 84 4 0 19 0.04 0.0 0 4.0 20 290 M M 3 3 24 290
13 88 74 81 1 0 16 0.00 0.0 0 6.8 14 20 M M 2 21 20
14 87 74 81 1 0 16 0.01 0.0 0 9.6 18 80 M M 2 26 70
15 88 75 82 2 0 17 0.00 0.0 0 6.8 20 120 M M 5 24 120
16 88 72 80 0 0 15 1.14 0.0 0 5.7 22 280 M M 3 13 27 290
17 87 74 81 2 0 16 T 0.0 0 11.0 22 50 M M 3 28 50
18 87 77 82 3 0 17 0.04 0.0 0 12.5 21 70 M M 5 1 26 70
19 83 73 78 -1 0 13 0.70 0.0 0 11.7 23 140 M M 5 13 28 130
20 84 71 78 -1 0 13 1.64 0.0 0 11.3 26 70 M M 8 138 33 70
21 77 72 75 -4 0 10 2.22 0.0 0 10.5 29 80 M M 8 13 35 80
22 85 71 78 0 0 13 0.35 0.0 0 11.3 23 110 M M 6 1 31 130
23 86 77 82 4 0 17 T 0.0 0 11.7 21 80 M M 3 26 70
24 86 74 80 2 0 15 0.93 0.0 0 7.7 20 100 M M 7 13 23 110
25 84 73 79 1 0 14 1.31 0.0 0 7.4 24 180 M M 8 13 30 180
26 86 74 80 2 0 15 0.04 0.0 0 8.3 17 130 M M 5 1 22 120
27 88 77 83 6 0 18 0.00 0.0 0 10.3 18 80 M M 1 22 110
28 87 78 83 6 0 18 0.00 0.0 M 10.2 20 120 M M 3 25 130
29 88 78 83 6 0 18 T 0.0 0 9.1 18 160 M M 2 22 190
30 88 74 81 4 0 16 0.89 0.0 0 5.1 17 350 M M 5 13 22 360
31 85 72 79 3 0 14 0.10 0.0 0 6.6 23 90 M M 5 13 27 90
================================================================================
SM 2692 2330 0 503 11.45 0.0 270.1 M 123
================================================================================
AV 86.8 75.2 8.7 FASTST M M 4 MAX(MPH)
MISC ----> # 29 80 # 35 80
================================================================================
NOTES:
# LAST OF SEVERAL OCCURRENCES
COLUMN 17 PEAK WIND IN M.P.H.
PRELIMINARY LOCAL CLIMATOLOGICAL DATA (WS FORM: F-6) , PAGE 2
STATION: OPA-LOCKA ARPT
MONTH: OCTOBER
YEAR: 2020
LATITUDE: 25 53 N
LONGITUDE: 80 17 W
[TEMPERATURE DATA] [PRECIPITATION DATA] SYMBOLS USED IN COLUMN 16
AVERAGE MONTHLY: 81.0 TOTAL FOR MONTH: 11.45 1 = FOG OR MIST
DPTR FM NORMAL: 1.6 DPTR FM NORMAL: 4.81 2 = FOG REDUCING VISIBILITY
HIGHEST: 91 ON 12,11 GRTST 24HR 2.22 ON 21-21 TO 1/4 MILE OR LESS
LOWEST: 71 ON 22,20 3 = THUNDER
SNOW, ICE PELLETS, HAIL 4 = ICE PELLETS
TOTAL MONTH: 0.0 INCH 5 = HAIL
GRTST 24HR 0.0 6 = FREEZING RAIN OR DRIZZLE
GRTST DEPTH: 0 7 = DUSTSTORM OR SANDSTORM:
VSBY 1/2 MILE OR LESS
8 = SMOKE OR HAZE
[NO. OF DAYS WITH] [WEATHER - DAYS WITH] 9 = BLOWING SNOW
X = TORNADO
MAX 32 OR BELOW: 0 0.01 INCH OR MORE: 21
MAX 90 OR ABOVE: 2 0.10 INCH OR MORE: 14
MIN 32 OR BELOW: 0 0.50 INCH OR MORE: 8
MIN 0 OR BELOW: 0 1.00 INCH OR MORE: 4
[HDD (BASE 65) ]
TOTAL THIS MO. 0 CLEAR (SCALE 0-3) 14
DPTR FM NORMAL 0 PTCLDY (SCALE 4-7) 16
TOTAL FM JUL 1 0 CLOUDY (SCALE 8-10) 1
DPTR FM NORMAL 0
[CDD (BASE 65) ]
TOTAL THIS MO. 503
DPTR FM NORMAL 55 [PRESSURE DATA]
TOTAL FM JAN 1 4473 HIGHEST SLP 30.10 ON 31
DPTR FM NORMAL 589 LOWEST SLP 29.84 ON 24
[REMARKS]
#FINAL-10-20#