000
CXUS54 KMRX 031316
CF6OQT
PRELIMINARY LOCAL CLIMATOLOGICAL DATA (WS FORM: F-6)
STATION: OAK_RIDGE_(ASOS)
MONTH: MAY
YEAR: 2020
LATITUDE: 36 1 N
LONGITUDE: 84 14 W
TEMPERATURE IN F: :PCPN: SNOW: WIND :SUNSHINE: SKY :PK WND
================================================================================
1 2 3 4 5 6A 6B 7 8 9 10 11 12 13 14 15 16 17 18
12Z AVG MX 2MIN
DY MAX MIN AVG DEP HDD CDD WTR SNW DPTH SPD SPD DIR MIN PSBL S-S WX SPD DR
================================================================================
1 76 44 60 -3 5 0 0.00 M M 2.2 10 260 M M 2 17 320
2 82 45 64 1 1 0 0.00 M M 1.6 8 200 M M 0 16 220
3 85 57 71 8 0 6 T M M 4.2 16 270 M M 0 26 270
4 80 60 70 7 0 5 0.04 M M 2.1 9 160 M M 4 16 160
5 82 59 71 7 0 6 0.02 M M 5.0 16 280 M M 7 24 280
6 61 43 52 -12 13 0 0.03 M M 3.0 14 280 M M 5 24 320
7 69 38 54 -10 11 0 T M M 1.6 12 260 M M 2 19 260
8 54 43 49 -15 16 0 0.47 M M 2.4 12 340 M M 6 1 20 350
9 63 35 49 -16 16 0 0.04 M M 1.6 10 330 M M 1 1 17 340
10 71 35 53 -12 12 0 T M M 3.2 14 330 M M 2 1 22 340
11 63 42 53 -12 12 0 0.00 M M 3.3 12 290 M M 2 19 270
12 65 41 53 -13 12 0 T M M 1.7 9 260 M M 6 13 250
13 64 50 57 -9 8 0 0.03 M M 0.6 7 90 M M 8 9 80
14 82 50 66 0 0 1 0.00 M M 2.1 9 260 M M 4 12 17 99
15 83 59 71 5 0 6 0.00 M M 3.2 12 260 M M 1 20 260
16 87 59 73 6 0 8 0.00 M M 1.0 5 99 M M 3 M M
17 87 60 74 7 0 9 0.00 M M 2.0 10 140 M M 2 14 170
18 76 67 72 5 0 7 1.04 M M 1.3 9 150 M M 7 18 14 120
19 68 60 64 -4 1 0 1.03 M M 2.0 7 80 M M 10 1 11 30
20 70 55 63 -5 2 0 1.08 M M 4.0 10 80 M M 10 1 16 80
21 73 56 65 -3 0 0 T M M 1.3 7 70 M M 8 1 12 70
22 70 61 66 -2 0 1 0.55 M M 1.5 7 210 M M 8 1 13 200
23 84 62 73 4 0 8 T M M 1.8 9 150 M M 3 14 150
24 87 67 77 8 0 12 0.00 M M 0.9 7 260 M M 3 12 220
25 86 65 76 7 0 11 0.27 M M 1.2 18 160 M M 2 18 30 160
26 78 65 72 2 0 7 0.12 M M 1.0 7 70 M M 4 1 10 70
27 81 67 74 4 0 9 0.01 M M 1.9 8 80 M M 9 1 12 90
28 80 66 73 3 0 8 0.25 M M 1.4 8 160 M M 5 1 14 240
29 84 65 75 5 0 10 0.03 M M 2.6 10 290 M M 4 22 270
30 84 63 74 3 0 9 0.00 M M 1.2 8 300 M M 4 13 270
31 79 60 70 -1 0 5 0.00 M M 2.9 10 70 M M 0 20 80
================================================================================
SM 2354 1699 109 128 5.01 M 65.8 M 132
================================================================================
AV 75.9 54.8 2.1 FASTST M M 4 MAX(MPH)
MISC ----> # 18 160 # 30 160
================================================================================
NOTES:
# LAST OF SEVERAL OCCURRENCES
COLUMN 17 PEAK WIND IN M.P.H.
PRELIMINARY LOCAL CLIMATOLOGICAL DATA (WS FORM: F-6) , PAGE 2
STATION: OAK_RIDGE_(ASOS)
MONTH: MAY
YEAR: 2020
LATITUDE: 36 1 N
LONGITUDE: 84 14 W
[TEMPERATURE DATA] [PRECIPITATION DATA] SYMBOLS USED IN COLUMN 16
AVERAGE MONTHLY: 65.4 TOTAL FOR MONTH: 5.01 1 = FOG OR MIST
DPTR FM NORMAL: -1.4 DPTR FM NORMAL: 0.72 2 = FOG REDUCING VISIBILITY
HIGHEST: 87 ON 24,17 GRTST 24HR 1.08 ON 20-20 TO 1/4 MILE OR LESS
LOWEST: 35 ON 10, 9 3 = THUNDER
SNOW, ICE PELLETS, HAIL 4 = ICE PELLETS
TOTAL MONTH: M 5 = HAIL
GRTST 24HR M ON M 6 = FREEZING RAIN OR DRIZZLE
GRTST DEPTH: M ON M 7 = DUSTSTORM OR SANDSTORM:
VSBY 1/2 MILE OR LESS
8 = SMOKE OR HAZE
[NO. OF DAYS WITH] [WEATHER - DAYS WITH] 9 = BLOWING SNOW
X = TORNADO
MAX 32 OR BELOW: 0 0.01 INCH OR MORE: 15
MAX 90 OR ABOVE: 0 0.10 INCH OR MORE: 8
MIN 32 OR BELOW: 0 0.50 INCH OR MORE: 4
MIN 0 OR BELOW: 0 1.00 INCH OR MORE: 3
[HDD (BASE 65) ]
TOTAL THIS MO. 109 CLEAR (SCALE 0-3) 13
DPTR FM NORMAL 50 PTCLDY (SCALE 4-7) 14
TOTAL FM JUL 1 3089 CLOUDY (SCALE 8-10) 4
DPTR FM NORMAL -605
[CDD (BASE 65) ]
TOTAL THIS MO. 128
DPTR FM NORMAL 15 [PRESSURE DATA]
TOTAL FM JAN 1 170 HIGHEST SLP 30.34 ON 12
DPTR FM NORMAL 26 LOWEST SLP 29.69 ON 19
[REMARKS]
#FINAL-05-20#