000
CXUS53 KGRB 061920
CF6OSH
PRELIMINARY LOCAL CLIMATOLOGICAL DATA (WS FORM: F-6)
STATION: OSHKOSH WI
MONTH: JUNE
YEAR: 2023
LATITUDE: 44 0 N
LONGITUDE: 88 34 W
TEMPERATURE IN F: :PCPN: SNOW: WIND :SUNSHINE: SKY :PK WND
================================================================================
1 2 3 4 5 6A 6B 7 8 9 10 11 12 13 14 15 16 17 18
12Z AVG MX 2MIN
DY MAX MIN AVG DEP HDD CDD WTR SNW DPTH SPD SPD DIR MIN PSBL S-S WX SPD DR
================================================================================
1 90 61 76 13 0 11 0.00 0.0 0 5.7 15 130 M M 0 18 21 130
2 88 58 73 9 0 8 0.00 0.0 0 4.9 17 100 M M 0 18 29 90
3 88 62 75 11 0 10 0.00 0.0 0 5.7 13 70 M M 0 8 20 60
4 78 59 69 5 0 4 0.00 0.0 0 5.0 12 90 M M 2 8 14 90
5 85 57 71 7 0 6 0.00 0.0 0 3.9 17 100 M M 1 8 20 100
6 75 62 69 4 0 4 0.14 0.0 0 10.5 18 30 M M 5 38 25 20
7 73 51 62 -3 3 0 0.00 0.0 0 9.4 17 40 M M 0 23 20
8 74 48 61 -5 4 0 0.00 0.0 0 5.5 13 120 M M 0 20 40
9 81 47 64 -2 1 0 0.00 0.0 0 3.5 13 310 M M 0 20 300
10 78 56 67 1 0 2 0.52 0.0 0 8.4 23 20 M M 5 13 30 50
11 56 44 50 -16 15 0 0.17 0.0 0 13.4 22 30 M M 8 1 34 20
12 70 43 57 -10 8 0 0.00 0.0 0 7.8 16 320 M M 5 24 320
13 62 53 58 -9 7 0 0.88 0.0 0 9.2 18 320 M M 9 1 30 340
14 74 58 66 -1 0 1 0.00 0.0 0 3.9 10 100 M M 4 18 14 70
15 66 53 60 -7 5 0 0.00 0.0 0 10.9 20 350 M M 9 1 27 350
16 69 54 62 -6 3 0 0.00 0.0 0 6.4 16 20 M M 4 18 21 50
17 80 53 67 -1 0 2 0.00 0.0 0 4.1 12 190 M M 0 18 15 190
18 81 55 68 0 0 3 0.00 0.0 0 9.1 18 130 M M 1 18 25 130
19 85 61 73 5 0 8 0.00 0.0 0 4.4 12 100 M M 0 18 16 100
20 83 59 71 2 0 6 0.00 0.0 0 5.8 13 60 M M 0 19 80
21 87 65 76 7 0 11 0.00 0.0 0 5.5 14 90 M M 0 18 100
22 86 60 73 4 0 8 0.00 0.0 0 3.0 10 100 M M 1 8 15 70
23 88 60 74 5 0 9 0.00 0.0 0 4.4 10 130 M M 0 8 15 90
24 90 61 76 7 0 11 0.07 0.0 0 7.6 17 120 M M 2 18 23 130
25 79 65 72 2 0 7 0.08 0.0 0 6.9 18 190 M M 7 13 28 230
26 73 63 68 -2 0 3 0.04 0.0 0 13.5 21 350 M M 10 18 30 320
27 78 59 69 -1 0 4 0.00 0.0 0 7.7 15 330 M M 9 18 22 330
28 84 56 70 0 0 5 0.00 0.0 0 9.6 18 150 M M 9 18 25 140
29 89 63 76 6 0 11 0.00 0.0 0 4.9 12 300 M M 5 8 17 30
30 89 66 78 8 0 13 0.00 0.0 0 6.1 17 300 M M 2 25 290
================================================================================
SM 2379 1712 46 147 1.90 0.0 206.7 M 98
================================================================================
AV 79.3 57.1 6.9 FASTST M M 3 MAX(MPH)
MISC ----> 23 20 34 20
================================================================================
NOTES:
# LAST OF SEVERAL OCCURRENCES
COLUMN 17 PEAK WIND IN M.P.H.
PRELIMINARY LOCAL CLIMATOLOGICAL DATA (WS FORM: F-6) , PAGE 2
STATION: OSHKOSH WI
MONTH: JUNE
YEAR: 2023
LATITUDE: 44 0 N
LONGITUDE: 88 34 W
[TEMPERATURE DATA] [PRECIPITATION DATA] SYMBOLS USED IN COLUMN 16
AVERAGE MONTHLY: 68.2 TOTAL FOR MONTH: 1.90 1 = FOG OR MIST
DPTR FM NORMAL: 0.9 DPTR FM NORMAL: -2.75 2 = FOG REDUCING VISIBILITY
HIGHEST: 90 ON 24, 1 GRTST 24HR 0.88 ON 13-13 TO 1/4 MILE OR LESS
LOWEST: 43 ON 12 3 = THUNDER
SNOW, ICE PELLETS, HAIL 4 = ICE PELLETS
TOTAL MONTH: 0.0 INCH 5 = HAIL
GRTST 24HR 0.0 6 = FREEZING RAIN OR DRIZZLE
GRTST DEPTH: 0 7 = DUSTSTORM OR SANDSTORM:
VSBY 1/2 MILE OR LESS
8 = SMOKE OR HAZE
[NO. OF DAYS WITH] [WEATHER - DAYS WITH] 9 = BLOWING SNOW
X = TORNADO
MAX 32 OR BELOW: 0 0.01 INCH OR MORE: 7
MAX 90 OR ABOVE: 2 0.10 INCH OR MORE: 4
MIN 32 OR BELOW: 0 0.50 INCH OR MORE: 2
MIN 0 OR BELOW: 0 1.00 INCH OR MORE: 0
[HDD (BASE 65) ]
TOTAL THIS MO. 46 CLEAR (SCALE 0-3) 17
DPTR FM NORMAL -5 PTCLDY (SCALE 4-7) 8
TOTAL FM JUL 1 6840 CLOUDY (SCALE 8-10) 5
DPTR FM NORMAL -514
[CDD (BASE 65) ]
TOTAL THIS MO. 147
DPTR FM NORMAL 29 [PRESSURE DATA]
TOTAL FM JAN 1 180 HIGHEST SLP 30.13 ON 21
DPTR FM NORMAL 32 LOWEST SLP 29.47 ON 25
[REMARKS]
#FINAL-06-23#