000
CXUS53 KGRB 120003
CF6OSH
PRELIMINARY LOCAL CLIMATOLOGICAL DATA (WS FORM: F-6)
STATION: OSHKOSH WI
MONTH: MARCH
YEAR: 2023
LATITUDE: 44 0 N
LONGITUDE: 88 34 W
TEMPERATURE IN F: :PCPN: SNOW: WIND :SUNSHINE: SKY :PK WND
================================================================================
1 2 3 4 5 6A 6B 7 8 9 10 11 12 13 14 15 16 17 18
12Z AVG MX 2MIN
DY MAX MIN AVG DEP HDD CDD WTR SNW DPTH SPD SPD DIR MIN PSBL S-S WX SPD DR
================================================================================
1 40 33 37 11 28 0 0.05 0.0 4 6.1 18 340 M M 10 1 25 330
2 34 24 29 2 36 0 0.00 0.0 2 7.4 17 10 M M 5 1 23 360
3 37 23 30 3 35 0 0.00 0.0 2 5.4 14 30 M M 2 18 17 30
4 40 26 33 5 32 0 T 0.0 2 5.2 13 190 M M 4 18 17 240
5 41 27 34 6 31 0 T T 1 6.2 16 80 M M 2 1 23 80
6 36 33 35 6 30 0 0.32 1.0 1 11.5 20 10 M M 10 1 26 360
7 39 27 33 4 32 0 0.00 0.0 T 9.6 21 20 M M 1 1 27 40
8 42 27 35 6 30 0 0.00 0.0 0 7.1 15 100 M M 3 21 90
9 37 29 33 3 32 0 M M 0 11.3 21 30 M M 10 1 30 30
10 34 25 30 0 35 0 0.40 7.0 7 12.5 21 360 M M 10 18 26 40
11 32 20 26 -5 39 0 0.07 T 6 8.1 15 80 M M 9 1 20 80
12 35 27 31 0 34 0 0.11 1.0 7 7.1 14 230 M M 10 18 21 250
13 30 15 23 -9 42 0 0.26 1.0 8 14.0 26 20 M M 8 1 35 10
14 31 7 19 -13 46 0 0.00 0.0 8 4.5 8 190 M M 0 11 320
15 42 11 27 -5 38 0 0.00 0.0 5 12.5 22 190 M M 1 30 210
16 41 36 39 6 26 0 0.45 0.0 3 9.4 18 190 M M 10 12 27 190
17 37 13 25 -8 40 0 0.05 T 1 17.5 30 300 M M 9 1 44 290
18 25 10 18 -16 47 0 T T 1 13.7 28 290 M M 6 8 38 290
19 38 17 28 -6 37 0 0.00 0.0 T 10.5 18 210 M M 0 28 250
20 46 30 38 3 27 0 0.00 0.0 0 9.7 20 210 M M 1 30 210
21 41 30 36 1 29 0 0.00 0.0 0 9.6 16 40 M M 4 18 23 60
22 48 32 40 5 25 0 T 0.0 0 9.3 18 190 M M 9 18 26 200
23 45 28 37 1 28 0 0.00 0.0 0 6.3 16 350 M M 6 20 320
24 43 22 33 -3 32 0 0.00 0.0 0 5.9 14 100 M M 0 19 100
25 40 30 35 -2 30 0 0.83 12.0 11 11.3 24 350 M M 5 12 32 350
26 44 15 30 -7 35 0 0.00 0.0 8 4.0 9 260 M M 2 13 250
27 41 20 31 -7 34 0 0.00 0.0 5 5.8 13 20 M M 0 18 30
28 39 27 33 -5 32 0 0.00 0.0 3 6.6 16 200 M M 0 21 190
29 36 18 27 -11 38 0 T T 1 9.8 23 310 M M 2 8 33 310
30 40 17 29 -10 36 0 0.09 T 0 7.5 17 120 M M 5 1 23 110
31 43 36 40 1 25 0 1.37 0.0 0 11.7 23 50 M M 10 123 32 50
================================================================================
SM 1197 735 1041 0 4.00 22.0 277.1 M 154
================================================================================
AV 38.6 23.7 8.9 FASTST M M 5 MAX(MPH)
MISC ----> 30 300 44 290
================================================================================
NOTES:
# LAST OF SEVERAL OCCURRENCES
COLUMN 17 PEAK WIND IN M.P.H.
PRELIMINARY LOCAL CLIMATOLOGICAL DATA (WS FORM: F-6) , PAGE 2
STATION: OSHKOSH WI
MONTH: MARCH
YEAR: 2023
LATITUDE: 44 0 N
LONGITUDE: 88 34 W
[TEMPERATURE DATA] [PRECIPITATION DATA] SYMBOLS USED IN COLUMN 16
AVERAGE MONTHLY: 31.2 TOTAL FOR MONTH: 4.00 1 = FOG OR MIST
DPTR FM NORMAL: -1.6 DPTR FM NORMAL: 2.26 2 = FOG REDUCING VISIBILITY
HIGHEST: 48 ON 22 GRTST 24HR 1.37 ON 31-31 TO 1/4 MILE OR LESS
LOWEST: 7 ON 14 3 = THUNDER
SNOW, ICE PELLETS, HAIL 4 = ICE PELLETS
TOTAL MONTH: 22.0 INCHES 5 = HAIL
GRTST 24HR 12.0 ON 25-25 6 = FREEZING RAIN OR DRIZZLE
GRTST DEPTH: 11 ON 25 7 = DUSTSTORM OR SANDSTORM:
VSBY 1/2 MILE OR LESS
8 = SMOKE OR HAZE
[NO. OF DAYS WITH] [WEATHER - DAYS WITH] 9 = BLOWING SNOW
X = TORNADO
MAX 32 OR BELOW: 4 0.01 INCH OR MORE: 11
MAX 90 OR ABOVE: 0 0.10 INCH OR MORE: 7
MIN 32 OR BELOW: 27 0.50 INCH OR MORE: 2
MIN 0 OR BELOW: 0 1.00 INCH OR MORE: 1
[HDD (BASE 65) ]
TOTAL THIS MO. 1041 CLEAR (SCALE 0-3) 12
DPTR FM NORMAL 44 PTCLDY (SCALE 4-7) 9
TOTAL FM JUL 1 6021 CLOUDY (SCALE 8-10) 10
DPTR FM NORMAL -411
[CDD (BASE 65) ]
TOTAL THIS MO. 0
DPTR FM NORMAL -1 [PRESSURE DATA]
TOTAL FM JAN 1 0 HIGHEST SLP 30.63 ON 8
DPTR FM NORMAL -1 LOWEST SLP 29.23 ON 31
[REMARKS]
#FINAL-03-23#