000
CXUS56 KMFR 010930
CF6OTH
PRELIMINARY LOCAL CLIMATOLOGICAL DATA (WS FORM: F-6)
STATION: NORTH BEND OR
MONTH: MAY
YEAR: 2023
LATITUDE: 43 25 N
LONGITUDE: 124 15 W
TEMPERATURE IN F: :PCPN: SNOW: WIND :SUNSHINE: SKY :PK WND
================================================================================
1 2 3 4 5 6A 6B 7 8 9 10 11 12 13 14 15 16 17 18
12Z AVG MX 2MIN
DY MAX MIN AVG DEP HDD CDD WTR SNW DPTH SPD SPD DIR MIN PSBL S-S WX SPD DR
================================================================================
1 55 46 51 -1 14 0 0.06 M M 9.1 17 360 M M 9 1 21 360
2 56 45 51 -1 14 0 T M M 6.4 16 350 M M 7 22 360
3 58 44 51 -1 14 0 T M M 5.5 13 300 M M 2 16 280
4 54 48 51 -2 14 0 0.16 M M 6.6 15 260 M M 10 1 16 240
5 57 48 53 0 12 0 0.28 M M 6.5 20 240 M M 10 1 25 240
6 57 43 50 -3 15 0 T M M 9.0 25 220 M M 6 1 30 220
7 57 41 49 -4 16 0 0.17 M M 7.4 17 250 M M 7 21 250
8 56 44 50 -3 15 0 0.46 M M 5.9 18 250 M M 7 1 21 250
9 60 40 50 -3 15 0 0.00 M M 9.7 24 360 M M 2 29 360
10 58 51 55 1 10 0 0.00 M M 7.0 13 310 M M 10 16 300
11 60 51 56 2 9 0 0.00 M M 6.6 15 330 M M 8 20 320
12 61 52 57 3 8 0 0.00 M M 9.7 21 340 M M 7 24 350
13 74 52 63 9 2 0 T M M 7.0 23 350 M M 4 12 25 350
14 95 52 74 20 0 9 0.00 M M 8.9 21 120 M M 0 18 25 120
15 62 53 58 4 7 0 0.00 M M 8.3 17 240 M M 9 22 250
16 62 53 58 4 7 0 0.00 M M 7.6 16 330 M M 9 18 340
17 60 53 57 3 8 0 0.00 M M 6.0 13 330 M M 10 1 15 320
18 58 52 55 0 10 0 0.00 M M 5.8 12 360 M M 10 1 14 10
19 62 53 58 3 7 0 0.01 M M 10.7 20 350 M M 10 1 24 350
20 61 53 57 2 8 0 0.04 M M 11.6 22 360 M M 10 1 26 350
21 59 51 55 0 10 0 0.04 M M 13.9 25 360 M M 9 1 30 360
22 59 47 53 -2 12 0 0.00 M M 15.4 29 360 M M 1 38 350
23 60 45 53 -2 12 0 T M M 14.9 26 360 M M 4 33 360
24 61 46 54 -1 11 0 T M M 15.5 32 10 M M 4 41 10
25 61 49 55 0 10 0 0.00 M M 12.2 30 350 M M 7 1 36 350
26 59 51 55 -1 10 0 0.01 M M 9.4 18 350 M M 10 1 21 360
27 60 51 56 0 9 0 0.04 M M 10.7 21 350 M M 8 1 25 360
28 60 48 54 -2 11 0 0.00 M M 15.0 30 360 M M 1 1 37 360
29 59 46 53 -3 12 0 0.00 M M 13.5 30 10 M M 3 37 10
30 60 49 55 -1 10 0 0.00 M M 13.5 23 360 M M 3 1 36 10
31 60 49 55 -1 10 0 0.00 M M 13.7 25 350 M M 3 8 33 350
================================================================================
SM 1881 1506 322 9 1.27 M 303.0 M 200
================================================================================
AV 60.7 48.6 9.8 FASTST M M 6 MAX(MPH)
MISC ----> 32 10 41 10
================================================================================
NOTES:
# LAST OF SEVERAL OCCURRENCES
COLUMN 17 PEAK WIND IN M.P.H.
PRELIMINARY LOCAL CLIMATOLOGICAL DATA (WS FORM: F-6) , PAGE 2
STATION: NORTH BEND OR
MONTH: MAY
YEAR: 2023
LATITUDE: 43 25 N
LONGITUDE: 124 15 W
[TEMPERATURE DATA] [PRECIPITATION DATA] SYMBOLS USED IN COLUMN 16
AVERAGE MONTHLY: 54.6 TOTAL FOR MONTH: 1.27 1 = FOG OR MIST
DPTR FM NORMAL: 0.4 DPTR FM NORMAL: -1.68 2 = FOG REDUCING VISIBILITY
HIGHEST: 95 ON 14 GRTST 24HR 0.63 ON 7- 8 TO 1/4 MILE OR LESS
LOWEST: 40 ON 9 3 = THUNDER
SNOW, ICE PELLETS, HAIL 4 = ICE PELLETS
TOTAL MONTH: M 5 = HAIL
GRTST 24HR M ON M 6 = FREEZING RAIN OR DRIZZLE
GRTST DEPTH: M ON M 7 = DUSTSTORM OR SANDSTORM:
VSBY 1/2 MILE OR LESS
8 = SMOKE OR HAZE
[NO. OF DAYS WITH] [WEATHER - DAYS WITH] 9 = BLOWING SNOW
X = TORNADO
MAX 32 OR BELOW: 0 0.01 INCH OR MORE: 10
MAX 90 OR ABOVE: 1 0.10 INCH OR MORE: 4
MIN 32 OR BELOW: 0 0.50 INCH OR MORE: 0
MIN 0 OR BELOW: 0 1.00 INCH OR MORE: 0
[HDD (BASE 65) ]
TOTAL THIS MO. 322 CLEAR (SCALE 0-3) 7
DPTR FM NORMAL -12 PTCLDY (SCALE 4-7) 11
TOTAL FM JUL 1 4443 CLOUDY (SCALE 8-10) 13
DPTR FM NORMAL 303
[CDD (BASE 65) ]
TOTAL THIS MO. 9
DPTR FM NORMAL 9 [PRESSURE DATA]
TOTAL FM JAN 1 9 HIGHEST SLP 30.31 ON 21
DPTR FM NORMAL 9 LOWEST SLP 29.72 ON 14
[REMARKS]
#FINAL-05-23#