000
CXUS53 KARX 010900
CF6OVS
PRELIMINARY LOCAL CLIMATOLOGICAL DATA (WS FORM: F-6)
STATION: BOSCOBEL_(ASOS) WI
MONTH: MAY
YEAR: 2021
LATITUDE: 43 9 N
LONGITUDE: 90 41 W
TEMPERATURE IN F: :PCPN: SNOW: WIND :SUNSHINE: SKY :PK WND
================================================================================
1 2 3 4 5 6A 6B 7 8 9 10 11 12 13 14 15 16 17 18
12Z AVG MX 2MIN
DY MAX MIN AVG DEP HDD CDD WTR SNW DPTH SPD SPD DIR MIN PSBL S-S WX SPD DR
================================================================================
1 94 39 67 13 0 2 T 0.0 0 11.6 24 230 M M 1 8 37 210
2 88 63 76 22 0 11 0.45 0.0 0 9.8 17 220 M M 3 13 26 210
3 74 53 64 9 1 0 0.37 0.0 0 4.3 14 320 M M 9 1 23 30
4 64 41 53 -2 12 0 0.00 0.0 0 6.6 18 310 M M 5 26 10
5 65 33 49 -7 16 0 0.02 0.0 0 2.8 12 270 M M 4 1 17 320
6 62 40 51 -5 14 0 0.13 0.0 0 5.5 23 310 M M 6 1 34 320
7 59 33 46 -10 19 0 T 0.0 0 5.6 18 330 M M 5 18 28 360
8 57 28 43 -14 22 0 0.00 0.0 0 3.4 13 180 M M 2 12 21 20
9 64 41 53 -4 12 0 0.00 0.0 0 3.2 12 340 M M 4 8 20 40
10 59 38 49 -8 16 0 0.00 0.0 0 5.7 13 80 M M 7 18 21 70
11 62 28 45 -13 20 0 0.00 0.0 0 2.2 15 10 M M 0 18 22 350
12 68 29 49 -9 16 0 0.00 0.0 0 1.6 10 300 M M 1 18 18 280
13 72 32 52 -6 13 0 0.00 0.0 0 2.8 12 280 M M 3 8 17 230
14 73 32 53 -6 12 0 T 0.0 0 4.1 20 220 M M 3 27 210
15 61 52 57 -2 8 0 0.04 0.0 0 2.4 12 180 M M 10 18 19 190
16 58 55 57 -3 8 0 M 0.0 M 0.0 0 0 M M 10 1 M M
17 M M M M M M 0.00 0.0 0 M M M M M M M M
18 M M M M M M M M M M M M M M M M M
19 M M M M M M M M M M M M M M M M M
20 M M M M M M M M M M M M M M M M M
21 M M M M M M M M M M M M M M M M M
22 M M M M M M M M M M M M M M M M M
23 M M M M M M M M M M M M M M M M M
24 85 74 80 18 0 15 0.00 0.0 0 7.8 17 210 M M 2 31 210
25 81 69 75 12 0 10 T 0.0 0 9.2 17 200 M M 6 3 29 220
26 77 54 66 3 0 1 0.00 0.0 0 6.5 18 290 M M 0 27 280
27 57 42 50 -13 15 0 0.74 M M 8.4 18 80 M M 6 1 33 80
28 56 34 45 -19 20 0 0.10 M M 5.5 13 50 M M 9 1 24 50
29 68 32 50 -14 15 0 0.00 0.0 0 2.1 12 80 M M 2 12 20 60
30 68 38 53 -11 12 0 0.00 0.0 0 2.0 10 260 M M 3 12 16 200
31 76 51 64 -1 1 0 T M M 3.4 13 280 M M 4 22 270
================================================================================
SM 1648 1031 252 39 1.85 0.0 116.5 M 105
================================================================================
AV 68.7 43.0 4.9 FASTST M M 4 MAX(MPH)
MISC ----> 24 230 37 210
================================================================================
NOTES:
# LAST OF SEVERAL OCCURRENCES
COLUMN 17 PEAK WIND IN M.P.H.
PRELIMINARY LOCAL CLIMATOLOGICAL DATA (WS FORM: F-6) , PAGE 2
STATION: BOSCOBEL_(ASOS) WI
MONTH: MAY
YEAR: 2021
LATITUDE: 43 9 N
LONGITUDE: 90 41 W
[TEMPERATURE DATA] [PRECIPITATION DATA] SYMBOLS USED IN COLUMN 16
AVERAGE MONTHLY: 55.8 TOTAL FOR MONTH: 1.85 1 = FOG OR MIST
DPTR FM NORMAL: -3.8 DPTR FM NORMAL: -2.50 2 = FOG REDUCING VISIBILITY
HIGHEST: 94 ON 1 GRTST 24HR 0.82 ON 2- 3 TO 1/4 MILE OR LESS
LOWEST: 28 ON 11, 8 3 = THUNDER
SNOW, ICE PELLETS, HAIL 4 = ICE PELLETS
TOTAL MONTH: 0.0 INCH 5 = HAIL
GRTST 24HR 0.0 6 = FREEZING RAIN OR DRIZZLE
GRTST DEPTH: 0 7 = DUSTSTORM OR SANDSTORM:
VSBY 1/2 MILE OR LESS
8 = SMOKE OR HAZE
[NO. OF DAYS WITH] [WEATHER - DAYS WITH] 9 = BLOWING SNOW
X = TORNADO
MAX 32 OR BELOW: 0 0.01 INCH OR MORE: 7
MAX 90 OR ABOVE: 1 0.10 INCH OR MORE: 5
MIN 32 OR BELOW: 6 0.50 INCH OR MORE: 1
MIN 0 OR BELOW: 0 1.00 INCH OR MORE: 0
[HDD (BASE 65) ]
TOTAL THIS MO. 252 CLEAR (SCALE 0-3) 10
DPTR FM NORMAL 40 PTCLDY (SCALE 4-7) 10
TOTAL FM JUL 1 6539 CLOUDY (SCALE 8-10) 11
DPTR FM NORMAL -307
[CDD (BASE 65) ]
TOTAL THIS MO. 39
DPTR FM NORMAL -4 [PRESSURE DATA]
TOTAL FM JAN 1 48 HIGHEST SLP 30.33 ON 29
DPTR FM NORMAL -1 LOWEST SLP 29.79 ON 25
[REMARKS]
#FINAL-05-21#