000
CXUS55 KPAH 011638
CF6OWB
PRELIMINARY LOCAL CLIMATOLOGICAL DATA (WS FORM: F-6)
STATION: OWENSBORO KY
MONTH: MAY
YEAR: 2020
LATITUDE: 37 45 N
LONGITUDE: 87 10 W
TEMPERATURE IN F: :PCPN: SNOW: WIND :SUNSHINE: SKY :PK WND
================================================================================
1 2 3 4 5 6A 6B 7 8 9 10 11 12 13 14 15 16 17 18
12Z AVG MX 2MIN
DY MAX MIN AVG DEP HDD CDD WTR SNW DPTH SPD SPD DIR MIN PSBL S-S WX SPD DR
================================================================================
1 74 43 59 -5 6 0 0.00 M M 3.9 9 150 M M 0 15 320
2 84 55 70 5 0 5 0.00 M M 10.0 22 230 M M 1 28 220
3 78 60 69 4 0 4 T M M 7.7 25 340 M M 6 8 38 350
4 78 50 64 -1 1 0 0.32 M M 5.9 20 120 M M 2 38 23 120
5 60 50 55 -11 10 0 0.63 M M 9.0 24 290 M M 8 13 29 300
6 62 46 54 -12 11 0 0.05 M M 9.3 23 330 M M 6 18 28 320
7 69 45 57 -9 8 0 0.00 M M 7.7 20 290 M M 3 8 24 260
8 60 40 50 -16 15 0 0.66 M M 9.3 26 350 M M 7 1 36 340
9 61 35 48 -18 17 0 0.00 M M 5.0 21 320 M M 0 8 24 320
10 69 45 57 -10 8 0 T M M 12.8 33 320 M M 2 40 310
11 59 38 49 -18 16 0 0.00 M M 5.9 18 300 M M 4 23 290
12 59 45 52 -15 13 0 0.03 M M 2.3 9 200 M M 6 12 240
13 59 49 54 -13 11 0 0.14 M M 8.0 15 110 M M 10 1 18 110
14 84 56 70 2 0 5 T M M 11.9 28 230 M M 2 1 32 230
15 82 65 74 6 0 9 0.52 M M 10.7 28 210 M M 7 13 35 220
16 84 64 74 6 0 9 0.12 M M 5.6 14 280 M M 7 13 18 270
17 81 64 73 5 0 8 0.27 M M 10.9 25 170 M M 7 1 30 160
18 70 58 64 -5 1 0 0.96 M M 5.6 17 290 M M 10 13 21 290
19 70 60 65 -4 0 0 M M M 5.2 13 310 M M 9 1 15 280
20 63 57 60 -9 5 0 0.01 M M 8.6 15 60 M M 8 1 18 100
21 74 54 64 -5 1 0 0.00 M M 5.6 13 90 M M 5 16 70
22 81 57 69 -1 0 4 0.00 M M 4.5 10 120 M M 7 13 120
23 88 65 77 7 0 12 T M M 8.7 21 220 M M 4 1 24 230
24 85 69 77 7 0 12 0.00 M M 6.4 16 170 M M 0 128 20 160
25 92 66 79 9 0 14 T M M 7.8 22 160 M M 1 12 25 160
26 84 70 77 6 0 12 T M M 9.2 17 170 M M 3 21 170
27 73 66 70 -1 0 5 0.26 M M 9.5 22 160 M M 7 1 30 150
28 84 67 76 5 0 11 0.03 M M 8.3 20 210 M M 6 24 210
29 78 63 71 -1 0 6 0.14 M M 7.1 21 300 M M 5 1 25 300
30 76 60 68 -4 0 3 0.00 M M 6.6 16 330 M M 1 20 330
31 77 57 67 -5 0 2 0.00 M M 6.8 15 60 M M 0 20 80
================================================================================
SM 2298 1719 123 121 4.14 M 235.8 M 144
================================================================================
AV 74.1 55.5 7.6 FASTST M M 5 MAX(MPH)
MISC ----> 33 320 40 310
================================================================================
NOTES:
# LAST OF SEVERAL OCCURRENCES
COLUMN 17 PEAK WIND IN M.P.H.
PRELIMINARY LOCAL CLIMATOLOGICAL DATA (WS FORM: F-6) , PAGE 2
STATION: OWENSBORO KY
MONTH: MAY
YEAR: 2020
LATITUDE: 37 45 N
LONGITUDE: 87 10 W
[TEMPERATURE DATA] [PRECIPITATION DATA] SYMBOLS USED IN COLUMN 16
AVERAGE MONTHLY: 64.8 TOTAL FOR MONTH: 4.14 1 = FOG OR MIST
DPTR FM NORMAL: -3.4 DPTR FM NORMAL: -1.70 2 = FOG REDUCING VISIBILITY
HIGHEST: 92 ON 25 GRTST 24HR 1.23 ON 17-18 TO 1/4 MILE OR LESS
LOWEST: 35 ON 9 3 = THUNDER
SNOW, ICE PELLETS, HAIL 4 = ICE PELLETS
TOTAL MONTH: M 5 = HAIL
GRTST 24HR M ON M 6 = FREEZING RAIN OR DRIZZLE
GRTST DEPTH: M ON M 7 = DUSTSTORM OR SANDSTORM:
VSBY 1/2 MILE OR LESS
8 = SMOKE OR HAZE
[NO. OF DAYS WITH] [WEATHER - DAYS WITH] 9 = BLOWING SNOW
X = TORNADO
MAX 32 OR BELOW: 0 0.01 INCH OR MORE: 14
MAX 90 OR ABOVE: 1 0.10 INCH OR MORE: 10
MIN 32 OR BELOW: 0 0.50 INCH OR MORE: 4
MIN 0 OR BELOW: 0 1.00 INCH OR MORE: 0
[HDD (BASE 65) ]
TOTAL THIS MO. 123 CLEAR (SCALE 0-3) 12
DPTR FM NORMAL 72 PTCLDY (SCALE 4-7) 15
TOTAL FM JUL 1 3960 CLOUDY (SCALE 8-10) 4
DPTR FM NORMAL 90
[CDD (BASE 65) ]
TOTAL THIS MO. 121
DPTR FM NORMAL -29 [PRESSURE DATA]
TOTAL FM JAN 1 149 HIGHEST SLP 30.29 ON 31
DPTR FM NORMAL -52 LOWEST SLP 29.85 ON 28
[REMARKS]
#FINAL-05-20#