000
CXUS53 KDDC 011705
CLSP28
CLIMATE REPORT
NATIONAL WEATHER SERVICE DODGE CITY, KANSAS
1105 AM CST FRI MAR 01 2024
...................................
...THE MEDICINE LODGE KS CLIMATE SUMMARY FOR THE SEASON, FROM
12/1/2023 TO 2/29/2024...
CLIMATE NORMAL PERIOD 1991 TO 2020
CLIMATE RECORD PERIOD 1893 TO 2024
WEATHER OBSERVED NORMAL DEPART LAST YEAR`S
VALUE DATE(S) VALUE FROM VALUE DATE(S)
NORMAL
................................................................
TEMPERATURE (F)
RECORD
HIGH 91 02/23/1904
LOW -22 02/13/1905
HIGHEST 88 02/26 MM MM 73 12/02
LOWEST -3 01/16 MM MM -3 12/22
AVG. MAXIMUM 54.1 47.9 6.2 49.5
AVG. MINIMUM 28.9 23.9 5.0 23.4
MEAN 41.5 35.9 5.6 36.5
DAYS MAX >= 90 0 0.0 0.0 0
DAYS MAX <= 32 7 12.6 -5.6 9
DAYS MIN <= 32 59 76.5 -17.5 78
DAYS MIN <= 0 2 0.7 1.3 2
PRECIPITATION (INCHES)
RECORD
MAXIMUM 8.23 2012
MINIMUM 0.03 1904
TOTALS 3.68 2.92 0.76 1.93
DAYS >= .01 17 14.7 2.3 14
DAYS >= .10 9 6.3 2.7 7
DAYS >= .50 3 2.0 1.0 1
DAYS >= 1.00 0 0.5 -0.5 0
GREATEST
24 HR. TOTAL 1.11 12/14 TO 12/15 0.52 02/26 TO 02/26
SNOWFALL (INCHES)
RECORDS
TOTAL 28.7 2003
24 HR TOTAL 14.0 02/21/1971 TO 02/21/1971
SNOW DEPTH 14 02/22/1971
02/21/1971
TOTALS 5.0 8.2 -3.2 0.5
SINCE 7/1 12.5 8.5 4.0 0.6
SNOWDEPTH AVG. 0 0
DAYS >= TRACE 4 4.1 -0.1 3
GREATEST
SNOW DEPTH 4 01/05 1 01/25
24 HR TOTAL 4.0 01/05 TO 01/05 0.5
DEGREE DAYS
HEATING TOTAL 2132 2628 -496 2466
SINCE 7/1 2843 3530 -687 3300
COOLING TOTAL 0 0 0 0
SINCE 1/1 0 0 0 0
................................................................
WIND (MPH)
AVERAGE WIND SPEED 8.5
RESULTANT WIND SPEED/DIRECTION 2/360
HIGHEST WIND SPEED/DIRECTION 40/360 DATE 02/27
HIGHEST GUST SPEED/DIRECTION 58/010 DATE 02/27
AVERAGE RH (PERCENT) 62
- INDICATES NEGATIVE NUMBERS.
R INDICATES RECORD WAS SET OR TIED.
MM INDICATES DATA IS MISSING.
T INDICATES TRACE AMOUNT.
$$