000
CXUS55 KRIW 011010
CF6P60
PRELIMINARY LOCAL CLIMATOLOGICAL DATA (WS FORM: F-6)
STATION: LAKE YELLOWSTONE WY
MONTH: AUGUST
YEAR: 2021
LATITUDE: 44 32 N
LONGITUDE: 110 25 W
TEMPERATURE IN F: :PCPN: SNOW: WIND :SUNSHINE: SKY :PK WND
================================================================================
1 2 3 4 5 6A 6B 7 8 9 10 11 12 13 14 15 16 17 18
12Z AVG MX 2MIN
DY MAX MIN AVG DEP HDD CDD WTR SNW DPTH SPD SPD DIR MIN PSBL S-S WX SPD DR
================================================================================
1 76 47 62 5 3 0 0.00 M M 0.9 7 280 M M 0 13 280
2 75 48 62 5 3 0 0.45 M M 2.1 15 270 M M 0 28 260
3 71 45 58 2 7 0 0.02 M M 2.2 12 290 M M 0 20 310
4 75 41 58 2 7 0 0.00 M M 1.8 10 280 M M 0 17 270
5 79 44 62 6 3 0 0.02 M M 3.3 16 290 M M 0 3 26 300
6 63 44 54 -2 11 0 0.30 M M 3.0 13 280 M M 0 3 25 250
7 68 36 52 -4 13 0 0.00 M M 2.1 10 270 M M 0 18 280
8 73 38 56 0 9 0 0.00 M M 3.0 13 250 M M 0 25 270
9 64 38 51 -5 14 0 0.00 M M 5.1 16 280 M M 0 32 270
10 71 31 51 -4 14 0 0.00 M M 3.9 14 280 M M 0 26 330
11 78 36 57 2 8 0 0.00 M M 4.0 13 280 M M 0 21 210
12 77 40 59 4 6 0 0.00 M M 1.5 9 100 M M 0 15 350
13 79 40 60 5 5 0 0.00 M M 1.9 10 270 M M 0 19 310
14 83 42 63 9 2 0 0.00 M M 1.7 14 280 M M 0 26 300
15 78 41 60 6 5 0 0.00 M M 1.4 8 340 M M 0 17 330
16 80 40 60 6 5 0 0.00 M M 2.9 14 270 M M 0 23 250
17 75 43 59 5 6 0 0.16 M M 1.6 16 280 M M 0 33 180
18 51 43 47 -7 18 0 0.65 M M 1.4 10 310 M M 0 19 320
19 55 41 48 -5 17 0 0.23 M M 1.7 9 270 M M 0 17 270
20 52 35 44 -9 21 0 0.34 M M 2.4 10 290 M M 0 18 300
21 57 32 45 -8 20 0 0.20 M M 2.0 16 280 M M 0 26 290
22 59 34 47 -6 18 0 0.01 M M 4.1 13 280 M M 0 31 180
23 66 33 50 -2 15 0 0.02 M M 4.5 16 260 M M 0 30 270
24 67 33 50 -2 15 0 0.03 M M 2.0 12 270 M M 0 26 270
25 72 38 55 3 10 0 0.00 M M 2.5 14 270 M M 0 29 260
26 66 36 51 -1 14 0 0.00 M M 2.6 14 280 M M 0 27 210
27 62 38 50 -1 15 0 0.00 M M 3.0 13 260 M M 0 24 280
28 63 33 48 -3 17 0 0.00 M M 1.9 9 300 M M 0 15 300
29 70 28 49 -2 16 0 0.00 M M 2.8 8 280 M M 0 18 210
30 73 31 52 2 13 0 0.00 M M 1.7 13 270 M M 0 24 280
31 71 34 53 3 12 0 0.00 M M 3.3 15 270 M M 0 31 270
================================================================================
SM 2149 1183 342 0 2.43 M 78.3 M 0
================================================================================
AV 69.3 38.2 2.5 FASTST M M 0 MAX(MPH)
MISC ----> # 16 290 33 180
================================================================================
NOTES:
# LAST OF SEVERAL OCCURRENCES
COLUMN 17 PEAK WIND IN M.P.H.
PRELIMINARY LOCAL CLIMATOLOGICAL DATA (WS FORM: F-6) , PAGE 2
STATION: LAKE YELLOWSTONE WY
MONTH: AUGUST
YEAR: 2021
LATITUDE: 44 32 N
LONGITUDE: 110 25 W
[TEMPERATURE DATA] [PRECIPITATION DATA] SYMBOLS USED IN COLUMN 16
AVERAGE MONTHLY: 53.7 TOTAL FOR MONTH: 2.43 1 = FOG OR MIST
DPTR FM NORMAL: -0.2 DPTR FM NORMAL: 1.09 2 = FOG REDUCING VISIBILITY
HIGHEST: 83 ON 14 GRTST 24HR 0.86 ON 17-18 TO 1/4 MILE OR LESS
LOWEST: 28 ON 29 3 = THUNDER
SNOW, ICE PELLETS, HAIL 4 = ICE PELLETS
TOTAL MONTH: M 5 = HAIL
GRTST 24HR M ON M 6 = FREEZING RAIN OR DRIZZLE
GRTST DEPTH: M ON M 7 = DUSTSTORM OR SANDSTORM:
VSBY 1/2 MILE OR LESS
8 = SMOKE OR HAZE
[NO. OF DAYS WITH] [WEATHER - DAYS WITH] 9 = BLOWING SNOW
X = TORNADO
MAX 32 OR BELOW: 0 0.01 INCH OR MORE: 12
MAX 90 OR ABOVE: 0 0.10 INCH OR MORE: 7
MIN 32 OR BELOW: 4 0.50 INCH OR MORE: 1
MIN 0 OR BELOW: 0 1.00 INCH OR MORE: 0
[HDD (BASE 65) ]
TOTAL THIS MO. 342 CLEAR (SCALE 0-3) 31
DPTR FM NORMAL -4 PTCLDY (SCALE 4-7) 0
TOTAL FM JUL 1 485 CLOUDY (SCALE 8-10) 0
DPTR FM NORMAL -156
[CDD (BASE 65) ]
TOTAL THIS MO. 0
DPTR FM NORMAL 0 [PRESSURE DATA]
TOTAL FM JAN 1 0 HIGHEST SLP 30.38 ON 1
DPTR FM NORMAL 0 LOWEST SLP 29.68 ON 17
[REMARKS]
#FINAL-08-21#