354
CXUS55 KRIW 051203
CF6P60
PRELIMINARY LOCAL CLIMATOLOGICAL DATA (WS FORM: F-6)
STATION: LAKE YELLOWSTONE WY
MONTH: JULY
YEAR: 2020
LATITUDE: 44 32 N
LONGITUDE: 110 25 W
TEMPERATURE IN F: :PCPN: SNOW: WIND :SUNSHINE: SKY :PK WND
================================================================================
1 2 3 4 5 6A 6B 7 8 9 10 11 12 13 14 15 16 17 18
12Z AVG MX 2MIN
DY MAX MIN AVG DEP HDD CDD WTR SNW DPTH SPD SPD DIR MIN PSBL S-S WX SPD DR
================================================================================
1 60 33 47 -6 18 0 0.11 M 999 3.3 14 240 M M 0 31 280
2 64 33 49 -5 16 0 0.00 M M 3.5 12 270 M M 0 27 170
3 72 43 58 4 7 0 0.01 M M 2.1 20 300 M M 0 35 280
4 75 38 57 3 8 0 0.01 M M 2.1 10 220 M M 0 24 250
5 71 37 54 0 11 0 0.00 M M 2.4 13 280 M M 0 26 260
6 72 34 53 -1 12 0 0.00 M M 3.4 13 280 M M 0 25 200
7 71 38 55 0 10 0 0.00 M M 4.8 16 260 M M 0 33 230
8 65 38 52 -3 13 0 0.00 M M 3.7 13 270 M M 0 24 260
9 71 32 52 -3 13 0 0.00 M M 3.0 12 230 M M 0 26 280
10 69 37 53 -2 12 0 0.00 M M 4.4 16 280 M M 0 30 300
11 76 34 55 -1 10 0 0.00 M M 1.6 14 280 M M 0 24 280
12 74 37 56 0 9 0 0.00 M M 3.6 13 210 M M 0 31 210
13 65 37 51 -5 14 0 0.04 M M 3.8 15 290 M M 0 31 300
14 66 30 48 -8 17 0 0.00 M M 3.3 14 290 M M 0 25 310
15 71 31 51 -5 14 0 0.00 M M 2.5 16 280 M M 0 26 270
16 75 33 54 -2 11 0 0.00 M M 2.6 10 270 M M 0 22 250
17 79 37 58 2 7 0 0.00 M M 2.8 16 280 M M 0 30 270
18 73 42 58 1 7 0 0.00 M M 3.2 17 270 M M 0 24 280
19 75 36 56 -1 9 0 0.00 M M 3.4 13 300 M M 0 23 300
20 73 39 56 -1 9 0 0.00 M M 2.6 10 270 M M 0 17 280
21 77 38 58 1 7 0 0.00 M M 2.1 12 270 M M 0 22 110
22 77 39 58 1 7 0 0.06 M M 3.1 13 270 M M 0 31 280
23 72 49 61 4 4 0 0.11 M M 1.6 12 250 M M 0 29 240
24 71 39 55 -2 10 0 0.00 M M 2.8 15 280 M M 0 28 290
25 73 38 56 -1 9 0 0.00 M M 3.5 18 300 M M 0 36 280
26 74 36 55 -2 10 0 0.00 M M 2.2 8 60 M M 0 13 20
27 80 38 59 2 6 0 0.00 M M 1.5 8 110 M M 0 15 140
28 64 45 55 -2 10 0 0.07 M M 1.4 12 310 M M 0 19 290
29 66 44 55 -2 10 0 0.06 M M 1.6 13 270 M M 0 25 280
30 74 37 56 -1 9 0 0.00 M M 2.1 8 90 M M 0 14 120
31 77 39 58 1 7 0 0.00 M M 1.1 7 290 M M 0 16 80
================================================================================
SM 2222 1161 316 0 0.47 M 85.1 M 0
================================================================================
AV 71.7 37.5 2.7 FASTST M M 0 MAX(MPH)
MISC ----> # 20 300 # 36 280
================================================================================
NOTES:
# LAST OF SEVERAL OCCURRENCES
COLUMN 17 PEAK WIND IN M.P.H.
PRELIMINARY LOCAL CLIMATOLOGICAL DATA (WS FORM: F-6) , PAGE 2
STATION: LAKE YELLOWSTONE WY
MONTH: JULY
YEAR: 2020
LATITUDE: 44 32 N
LONGITUDE: 110 25 W
[TEMPERATURE DATA] [PRECIPITATION DATA] SYMBOLS USED IN COLUMN 16
AVERAGE MONTHLY: 54.6 TOTAL FOR MONTH: 0.47 1 = FOG OR MIST
DPTR FM NORMAL: -1.3 DPTR FM NORMAL: -1.00 2 = FOG REDUCING VISIBILITY
HIGHEST: 80 ON 27 GRTST 24HR 0.21 ON 30- 1 TO 1/4 MILE OR LESS
LOWEST: 30 ON 14 3 = THUNDER
SNOW, ICE PELLETS, HAIL 4 = ICE PELLETS
TOTAL MONTH: M 5 = HAIL
GRTST 24HR M ON M 6 = FREEZING RAIN OR DRIZZLE
GRTST DEPTH: 999 ON 1 7 = DUSTSTORM OR SANDSTORM:
VSBY 1/2 MILE OR LESS
8 = SMOKE OR HAZE
[NO. OF DAYS WITH] [WEATHER - DAYS WITH] 9 = BLOWING SNOW
X = TORNADO
MAX 32 OR BELOW: 0 0.01 INCH OR MORE: 8
MAX 90 OR ABOVE: 0 0.10 INCH OR MORE: 2
MIN 32 OR BELOW: 3 0.50 INCH OR MORE: 0
MIN 0 OR BELOW: 0 1.00 INCH OR MORE: 0
[HDD (BASE 65) ]
TOTAL THIS MO. 316 CLEAR (SCALE 0-3) 31
DPTR FM NORMAL 33 PTCLDY (SCALE 4-7) 0
TOTAL FM JUL 1 316 CLOUDY (SCALE 8-10) 0
DPTR FM NORMAL 33
[CDD (BASE 65) ]
TOTAL THIS MO. 0
DPTR FM NORMAL 0 [PRESSURE DATA]
TOTAL FM JAN 1 0 HIGHEST SLP 30.36 ON 30
DPTR FM NORMAL 0 LOWEST SLP 29.79 ON 7
[REMARKS]
#FINAL-07-20#