000
CXUS56 KLKN 161832
CF6P68
PRELIMINARY LOCAL CLIMATOLOGICAL DATA (WS FORM: F-6)
STATION: EUREKA AIRPORT NV
MONTH: APRIL
YEAR: 2020
LATITUDE: 39 30 N
LONGITUDE: 115 58 W
TEMPERATURE IN F: :PCPN: SNOW: WIND :SUNSHINE: SKY :PK WND
================================================================================
1 2 3 4 5 6A 6B 7 8 9 10 11 12 13 14 15 16 17 18
12Z AVG MX 2MIN
DY MAX MIN AVG DEP HDD CDD WTR SNW DPTH SPD SPD DIR MIN PSBL S-S WX SPD DR
================================================================================
1 62 21 42 1 23 0 0.00 M M 11.9 31 20 M M M 40 270
2 43 8 26 -15 39 0 0.00 M M 3.5 16 20 M M M 24 10
3 53 11 32 -9 33 0 0.00 M M 6.9 20 270 M M M 30 230
4 59 18 39 -2 26 0 0.00 M M 9.5 28 180 M M M 41 170
5 58 32 45 3 20 0 0.01 M M 16.7 40 170 M M M 49 180
6 52 36 44 2 21 0 0.00 M M 13.6 31 170 M M M 40 180
7 56 27 42 0 23 0 0.00 M M 10.2 16 200 M M M 32 210
8 63 20 42 0 23 0 0.00 M M 8.8 23 160 M M M 30 70
9 48 19 34 -8 31 0 0.03 M M 9.7 29 180 M M M 39 170
10 58 17 38 -4 27 0 0.00 M M 4.3 12 10 M M M 15 20
11 65 28 47 5 18 0 0.00 M M 10.1 24 290 M M M 33 280
12 52 16 34 -8 31 0 0.00 M M 9.0 21 10 M M M 27 360
13 47 15 31 -12 34 0 0.00 M M 9.2 24 340 M M M 31 360
14 56 10 33 -10 32 0 0.00 M M 6.8 18 310 M M M 27 320
15 64 30 47 4 18 0 0.00 M M 11.8 28 310 M M M 36 310
16 52 20 36 -7 29 0 0.00 M M 8.3 18 20 M M M 25 20
17 57 20 39 -4 26 0 0.00 M M 6.3 22 180 M M M 26 180
18 64 28 46 2 19 0 0.00 M M 5.8 18 320 M M M 24 330
19 57 30 44 0 21 0 0.00 M M 5.9 21 330 M M M 28 330
20 60 24 42 -2 23 0 0.00 M M 4.1 24 130 M M M 32 130
21 66 28 47 3 18 0 0.00 M M 8.3 25 360 M M M 35 360
22 70 30 50 5 15 0 0.00 M M 8.2 23 300 M M M 38 290
23 66 37 52 7 13 0 0.04 M M 11.6 28 290 M M M 37 300
24 69 26 48 3 17 0 0.00 M M 6.3 21 20 M M M 26 20
25 76 29 53 8 12 0 0.00 M M 5.1 16 250 M M M 23 260
26 77 36 57 11 8 0 0.00 M M 6.9 16 250 M M M 24 270
27 75 31 53 7 12 0 0.00 M M 7.2 22 320 M M M 26 330
28 77 35 56 10 9 0 0.00 M M 5.5 14 10 M M M 21 300
29 86 39 63 17 2 0 0.00 M M 9.5 22 160 M M M 38 200
30 78 44 61 14 4 0 0.00 M M 10.4 25 270 M M M 33 280
================================================================================
SM 1866 765 627 0 0.08 M 251.4 M M
================================================================================
AV 62.2 25.5 8.4 FASTST M M M MAX(MPH)
MISC ----> 40 170 49 180
================================================================================
NOTES:
# LAST OF SEVERAL OCCURRENCES
COLUMN 17 PEAK WIND IN M.P.H.
PRELIMINARY LOCAL CLIMATOLOGICAL DATA (WS FORM: F-6) , PAGE 2
STATION: EUREKA AIRPORT NV
MONTH: APRIL
YEAR: 2020
LATITUDE: 39 30 N
LONGITUDE: 115 58 W
[TEMPERATURE DATA] [PRECIPITATION DATA] SYMBOLS USED IN COLUMN 16
AVERAGE MONTHLY: 43.9 TOTAL FOR MONTH: 0.08 1 = FOG OR MIST
DPTR FM NORMAL: 0.3 DPTR FM NORMAL: -1.00 2 = FOG REDUCING VISIBILITY
HIGHEST: 86 ON 29 GRTST 24HR 0.04 ON 23-23 TO 1/4 MILE OR LESS
LOWEST: 8 ON 2 3 = THUNDER
SNOW, ICE PELLETS, HAIL 4 = ICE PELLETS
TOTAL MONTH: M 5 = HAIL
GRTST 24HR M ON M 6 = FREEZING RAIN OR DRIZZLE
GRTST DEPTH: M ON M 7 = DUSTSTORM OR SANDSTORM:
VSBY 1/2 MILE OR LESS
8 = SMOKE OR HAZE
[NO. OF DAYS WITH] [WEATHER - DAYS WITH] 9 = BLOWING SNOW
X = TORNADO
MAX 32 OR BELOW: 0 0.01 INCH OR MORE: 3
MAX 90 OR ABOVE: 0 0.10 INCH OR MORE: 0
MIN 32 OR BELOW: 24 0.50 INCH OR MORE: 0
MIN 0 OR BELOW: 0 1.00 INCH OR MORE: 0
[HDD (BASE 65) ]
TOTAL THIS MO. 627 CLEAR (SCALE 0-3) 0
DPTR FM NORMAL -19 PTCLDY (SCALE 4-7) 0
TOTAL FM JUL 1 6578 CLOUDY (SCALE 8-10) 30
DPTR FM NORMAL -28
[CDD (BASE 65) ]
TOTAL THIS MO. 0
DPTR FM NORMAL 0 [PRESSURE DATA]
TOTAL FM JAN 1 0 HIGHEST SLP M ON M
DPTR FM NORMAL 0 LOWEST SLP 29.47 ON 5
[REMARKS]
#FINAL-04-20#