000
CXUS53 KPAH 011352
CLMPAH
CLIMATE REPORT
NATIONAL WEATHER SERVICE PADUCAH KY
852 AM CDT MON MAY 01 2023
...................................
...THE PADUCAH KY CLIMATE SUMMARY FOR THE MONTH OF APRIL 2023...
CLIMATE NORMAL PERIOD 1991 TO 2020
CLIMATE RECORD PERIOD 1937 TO 2023
WEATHER OBSERVED NORMAL DEPART LAST YEAR`S
VALUE DATE(S) VALUE FROM VALUE DATE(S)
NORMAL
................................................................
TEMPERATURE (F)
RECORD
HIGH 90 04/21/1987
04/21/1946
LOW 21 04/08/2007
HIGHEST 86 04/04 84 04/22
04/23
LOWEST 35 04/23 33 04/01
04/24
04/02
04/03
AVG. MAXIMUM 71.4 70.4 1.0 68.3
AVG. MINIMUM 46.7 47.6 -0.9 47.3
MEAN 59.1 59.0 0.1 57.8
DAYS MAX >= 90 0 0.0 0.0 0
DAYS MAX <= 32 0 0.0 0.0 0
DAYS MIN <= 32 0 2.0 -2.0 0
DAYS MIN <= 0 0 0.0 0.0 0
PRECIPITATION (INCHES)
RECORD
MAXIMUM 15.91 2011
MINIMUM 0.56 2012
TOTALS 3.86 5.17 -1.31 7.02
DAILY AVG. 0.13 0.17 -0.04 0.23
DAYS >= .01 8 11.1 -3.1 15
DAYS >= .10 5 7.5 -2.5 11
DAYS >= .50 3 3.8 -0.8 5
DAYS >= 1.00 1 1.3 -0.3 3
GREATEST
24 HR. TOTAL 2.45 04/20 TO 04/21
SNOWFALL (INCHES)
RECORDS
TOTAL 3.5 1971
TOTALS 0.0 0.0 0.0 0.0
SINCE 7/1 7.9 8.9 -1.0 MM
SNOWDEPTH AVG. 0 0
DAYS >= TRACE 0
DAYS >= 1.0 0 0.0 0.0 0
GREATEST
SNOW DEPTH 0 0 MM
24 HR TOTAL MM
STORM TOTAL 0.0
(MM/DD(HH))
DEGREE DAYS
HEATING TOTAL 199 221 -22 257
SINCE 7/1 3396 3868 -472 MM
COOLING TOTAL 30 41 -11 48
SINCE 1/1 41 50 -9 MM
FREEZE DATES
EARLIEST 10/18
LATEST 03/20
................................................................
WIND (MPH)
AVERAGE WIND SPEED 5.7
HIGHEST WIND SPEED/DIRECTION 25/290 DATE 04/01
HIGHEST GUST SPEED/DIRECTION 47/250 DATE 04/15
SKY COVER
POSSIBLE SUNSHINE (PERCENT) MM
AVERAGE SKY COVER 0.26
NUMBER OF DAYS FAIR 22
NUMBER OF DAYS PC 5
NUMBER OF DAYS CLOUDY 3
AVERAGE RH (PERCENT) 60
WEATHER CONDITIONS. NUMBER OF DAYS WITH
THUNDERSTORM 3 MIXED PRECIP 0
HEAVY RAIN 5 RAIN 3
LIGHT RAIN 9 FREEZING RAIN 0
LT FREEZING RAIN 0 HAIL 0
HEAVY SNOW 0 SNOW 0
LIGHT SNOW 0 SLEET 0
FOG 14 FOG W/VIS <= 1/4 MILE 0
HAZE 2
- INDICATES NEGATIVE NUMBERS.
R INDICATES RECORD WAS SET OR TIED.
MM INDICATES DATA IS MISSING.
T INDICATES TRACE AMOUNT.
$$