000
CXUS54 KLZK 011637
CLSPBF
CLIMATE REPORT
NATIONAL WEATHER SERVICE LITTLE ROCK AR
1137 AM CDT WED JUN 01 2022
...................................
...THE PINE BLUFF CLIMATE SUMMARY FOR THE SEASON, FROM
3/1/2022 TO 5/31/2022...
CLIMATE NORMAL PERIOD 1991 TO 2020
CLIMATE RECORD PERIOD 1883 TO 2022
WEATHER OBSERVED NORMAL DEPART LAST YEAR`S
VALUE DATE(S) VALUE FROM VALUE DATE(S)
NORMAL
................................................................
TEMPERATURE (F)
RECORD
HIGH 100 05/29/1926
LOW 11 03/09/1932
HIGHEST 93 05/13 73 20 91 05/27
05/12
05/11
LOWEST 26 03/12 52 -26 32 03/03
03/06
AVG. MAXIMUM 75.9 73.4 2.5 74.6
AVG. MINIMUM 54.0 52.8 1.2 53.0
MEAN 65.0 63.1 1.9 63.8
DAYS MAX >= 90 10 3.3 6.7 1
DAYS MAX <= 32 0 0.1 -0.1 0
DAYS MIN <= 32 3 3.0 0.0 2
DAYS MIN <= 0 0 0.0 0.0 0
PRECIPITATION (INCHES)
RECORD
MAXIMUM 34.46 1905
MINIMUM 4.79 1925
TOTALS 19.80 15.44 4.36 14.43
DAILY AVG. 0.22 0.17 0.05 0.16
DAYS >= .01 25 31.5 -6.5 32
DAYS >= .10 20 23
DAYS >= .50 10 13
DAYS >= 1.00 6 5.0 1.0 5
GREATEST
24 HR. TOTAL 4.14 05/05 TO 05/05
SNOWFALL (INCHES)
RECORDS
TOTAL 14.0 1892
24 HR TOTAL 14.0 03/17/1892 TO 03/17/1892
SNOW DEPTH 14 03/17/1892
TOTALS 2.2 0.3 1.9 0.0
LIQUID EQUIV 0.20 0.00 0.20 0.00
SINCE 7/1 4.2 2.5 1.7 MM
LIQUID 7/1 0.42 0.20 0.22 MM
SNOWDEPTH AVG. 0 0
DAYS >= TRACE 1 MM MM 0
DAYS >= 1.0 1 MM MM 0
GREATEST
SNOW DEPTH 2 03/12 0 MM
24 HR TOTAL 2.2 0MM11 TO 03/11 0.0
STORM TOTAL 2.2 0.0
(MM/DD(HH)) MM
DEGREE DAYS
HEATING TOTAL 396 485 -89 365
SINCE 7/1 2327 2831 -504 MM
COOLING TOTAL 420 310 110 285
SINCE 1/1 420 316 104 MM
FREEZE DATES
RECORD
EARLIEST 10/10/2000
LATEST 04/25/1910
EARLIEST 11/26
LATEST 03/06
................................................................
WIND (MPH)
AVERAGE WIND SPEED 8.5
HIGHEST WIND SPEED/DIRECTION 38/320 DATE 05/21
HIGHEST GUST SPEED/DIRECTION 51/320 DATE 05/21
SKY COVER
POSSIBLE SUNSHINE (PERCENT) MM
AVERAGE SKY COVER 0.33
NUMBER OF DAYS FAIR 33
NUMBER OF DAYS PC 15
NUMBER OF DAYS CLOUDY 9
WEATHER CONDITIONS. NUMBER OF DAYS WITH
THUNDERSTORM 19 MIXED PRECIP 0
HEAVY RAIN 14 RAIN 15
LIGHT RAIN 33 FREEZING RAIN 0
LT FREEZING RAIN 0 HAIL 0
HEAVY SNOW 1 SLEET 0
FOG 27 FOG W/VIS <= 1/4 MILE 2
HAZE 6
- INDICATES NEGATIVE NUMBERS.
R INDICATES RECORD WAS SET OR TIED.
MM INDICATES DATA IS MISSING.
T INDICATES TRACE AMOUNT.
&&
$$
...ADDITIONAL DATA FOR PINE BLUFF FOR SPRING 2022...
.SEASONAL TEMPERATURES...
THE AVERAGE HIGH TEMPERATURE WAS THE WARMEST IN TEN YEARS (SINCE
2012). THE AVERAGE LOW TEMPERATURE WAS THE WARMEST IN FIVE YEARS
(SINCE 2017). THE AVERAGE SEASONAL TEMPERATURE WAS ALSO THE WARMEST
IN TEN YEARS (SINCE 2012).
THERE WERE TEN DAYS WITH HIGH TEMPERATURES AT OR ABOVE 90 DEGREES,
WHICH WAS THE MOST SINCE 2012. THERE WERE THREE DAYS WITH LOW
TEMPERATURES AT OR BELOW FREEZING, WHICH WAS THE MOST IN THREE YEARS
(SINCE 2019).
.SEASONAL RAINFALL...
IT WAS THE WETTEST SPRING IN SIX YEARS (SINCE 2016). THERE WERE 25
DAYS WITH MEASURABLE RAINFALL, WHICH WAS, HOWEVER, THE LOWEST AMOUNT
SINCE 2012.
.SEASONAL SNOWFALL...
IT WAS THE SNOWIEST SPRING IN SEVEN YEARS (SINCE 2015), AND THE 8TH
SNOWIEST SPRING ON RECORD. INTERESTINGLY ENOUGH, THE LATEST
MEASURABLE SNOW ON MARCH 11TH WAS THE LATEST MEASURABLE SNOW AT PINE
BUFF SINCE 1960.
$$
57