000
CXUS53 KARX 010900
CF6PDC
PRELIMINARY LOCAL CLIMATOLOGICAL DATA (WS FORM: F-6)
STATION: PRAIRIE_DU_CHIEN_MUN
MONTH: MARCH
YEAR: 2024
LATITUDE: 43 1 N
LONGITUDE: 91 7 W
TEMPERATURE IN F: :PCPN: SNOW: WIND :SUNSHINE: SKY :PK WND
================================================================================
1 2 3 4 5 6A 6B 7 8 9 10 11 12 13 14 15 16 17 18
12Z AVG MX 2MIN
DY MAX MIN AVG DEP HDD CDD WTR SNW DPTH SPD SPD DIR MIN PSBL S-S WX SPD DR
================================================================================
1 51 33 42 M 23 0 0.00 0.0 0 7.1 14 160 M M 0 25 170
2 64 33 49 M 16 0 0.00 0.0 0 6.6 14 120 M M 0 21 120
3 76 44 60 M 5 0 0.00 0.0 0 13.4 24 180 M M 2 36 180
4 46 33 40 M 25 0 0.12 0.0 0 6.2 13 10 M M 8 3 18 10
5 55 30 43 M 22 0 0.00 0.0 0 3.8 10 330 M M 3 17 330
6 56 24 40 M 25 0 0.00 0.0 0 6.1 13 90 M M 1 17 90
7 56 37 47 M 18 0 0.00 0.0 0 5.6 8 130 M M 5 M M
8 46 34 40 M 25 0 0.22 M M 7.0 14 330 M M 9 1 18 330
9 41 26 34 M 31 0 M M M 10.4 16 310 M M 2 24 310
10 49 21 35 M 30 0 0.00 0.0 0 2.6 8 280 M M 0 M M
11 72 31 52 M 13 0 0.00 0.0 0 6.6 10 200 M M 0 17 210
12 70 38 54 M 11 0 0.00 0.0 0 6.2 13 240 M M 0 21 210
13 71 31 51 M 14 0 0.00 0.0 0 4.3 13 90 M M 2 18 90
14 55 41 48 M 17 0 0.71 0.0 0 4.7 13 70 M M 7 20 70
15 58 31 45 M 20 0 0.00 0.0 0 4.6 15 260 M M 1 20 270
16 49 35 42 M 23 0 M M 0 16.9 27 300 M M 4 36 300
17 36 28 32 M 33 0 M M 0 14.9 23 290 M M 9 29 300
18 38 26 32 M 33 0 M M 0 10.0 13 260 M M 6 20 330
19 59 30 45 M 20 0 0.00 0.0 0 13.7 24 310 M M 0 36 290
20 38 27 33 M 32 0 0.00 0.0 0 10.2 16 310 M M 1 25 310
21 38 28 33 M 32 0 M M 0 2.7 9 100 M M 10 M M
22 35 30 33 M 32 0 M M M 5.2 15 320 M M 10 21 340
23 39 21 30 M 35 0 M M M 4.1 8 290 M M 4 M M
24 42 29 36 M 29 0 M M M 11.1 18 90 M M 9 1 23 100
25 58 41 50 M 15 0 M M M 9.3 14 110 M M 10 20 110
26 51 27 39 M 26 0 0.14 M M 12.6 24 260 M M 10 31 260
27 39 26 33 M 32 0 M M M 11.5 17 280 M M 7 25 280
28 46 21 34 M 31 0 0.00 0.0 M 3.9 9 300 M M 0 M M
29 55 26 41 M 24 0 0.13 0.0 M 7.3 14 100 M M 5 21 100
30 58 39 49 M 16 0 0.13 0.0 M 5.4 12 330 M M 3 20 330
31 50 40 45 M 20 0 0.00 0.0 M 4.8 8 70 M M 9 M M
================================================================================
SM 1597 961 728 0 1.45 0.0 238.8 M 137
================================================================================
AV 51.5 31.0 7.7 FASTST M M 4 MAX(MPH)
MISC ----> 27 300 # 36 180
================================================================================
NOTES:
# LAST OF SEVERAL OCCURRENCES
COLUMN 17 PEAK WIND IN M.P.H.
PRELIMINARY LOCAL CLIMATOLOGICAL DATA (WS FORM: F-6) , PAGE 2
STATION: PRAIRIE_DU_CHIEN_MUN
MONTH: MARCH
YEAR: 2024
LATITUDE: 43 1 N
LONGITUDE: 91 7 W
[TEMPERATURE DATA] [PRECIPITATION DATA] SYMBOLS USED IN COLUMN 16
AVERAGE MONTHLY: 41.3 TOTAL FOR MONTH: 1.45 1 = FOG OR MIST
DPTR FM NORMAL: 0.0 DPTR FM NORMAL: M 2 = FOG REDUCING VISIBILITY
HIGHEST: 76 ON 3 GRTST 24HR 0.71 ON 14-14 TO 1/4 MILE OR LESS
LOWEST: 21 ON 28,23 3 = THUNDER
SNOW, ICE PELLETS, HAIL 4 = ICE PELLETS
TOTAL MONTH: 0.0 INCH 5 = HAIL
GRTST 24HR 0.0 6 = FREEZING RAIN OR DRIZZLE
GRTST DEPTH: 0 7 = DUSTSTORM OR SANDSTORM:
VSBY 1/2 MILE OR LESS
8 = SMOKE OR HAZE
[NO. OF DAYS WITH] [WEATHER - DAYS WITH] 9 = BLOWING SNOW
X = TORNADO
MAX 32 OR BELOW: 0 0.01 INCH OR MORE: 6
MAX 90 OR ABOVE: 0 0.10 INCH OR MORE: 6
MIN 32 OR BELOW: 19 0.50 INCH OR MORE: 1
MIN 0 OR BELOW: 0 1.00 INCH OR MORE: 0
[HDD (BASE 65) ]
TOTAL THIS MO. 728 CLEAR (SCALE 0-3) 14
DPTR FM NORMAL M PTCLDY (SCALE 4-7) 9
TOTAL FM JUL 1 4923 CLOUDY (SCALE 8-10) 8
DPTR FM NORMAL M
[CDD (BASE 65) ]
TOTAL THIS MO. 0
DPTR FM NORMAL M [PRESSURE DATA]
TOTAL FM JAN 1 0 HIGHEST SLP M ON M
DPTR FM NORMAL M LOWEST SLP M ON M
[REMARKS]
#FINAL-03-24#