000
CXUS52 KFFC 011010
CF6PDK
PRELIMINARY LOCAL CLIMATOLOGICAL DATA (WS FORM: F-6)
STATION: DEKALB PEACHTREE AIRPORT
MONTH: MARCH
YEAR: 2021
LATITUDE: 33 52 N
LONGITUDE: 84 18 W
TEMPERATURE IN F: :PCPN: SNOW: WIND :SUNSHINE: SKY :PK WND
================================================================================
1 2 3 4 5 6A 6B 7 8 9 10 11 12 13 14 15 16 17 18
12Z AVG MX 2MIN
DY MAX MIN AVG DEP HDD CDD WTR SNW DPTH SPD SPD DIR MIN PSBL S-S WX SPD DR
================================================================================
1 68 46 57 8 8 0 0.19 M M 9.8 26 330 M M 8 1 43 330
2 48 39 44 -6 21 0 0.05 M M 5.1 15 310 M M 7 22 310
3 63 38 51 1 14 0 0.18 M M 7.4 15 280 M M 4 1 21 290
4 69 42 56 6 9 0 0.00 M M 8.7 17 310 M M 0 24 300
5 66 38 52 2 13 0 0.00 M M 6.7 16 310 M M 1 25 330
6 53 39 46 -5 19 0 0.00 M M 5.1 12 330 M M 7 18 310
7 61 29 45 -6 20 0 0.00 M M 6.9 21 10 M M 0 28 360
8 67 29 48 -3 17 0 0.00 M M 1.9 9 350 M M 0 18 16 360
9 71 32 52 1 13 0 0.00 M M 1.9 12 230 M M 0 8 18 210
10 72 34 53 1 12 0 0.00 M M 3.7 13 170 M M 0 8 20 210
11 73 44 59 7 6 0 0.00 M M 3.3 13 230 M M 0 8 19 150
12 76 45 61 9 4 0 0.00 M M 2.6 12 240 M M 0 18 16 260
13 76 49 63 10 2 0 0.00 M M 2.9 12 330 M M 4 16 280
14 78 51 65 12 0 0 0.00 M M 2.0 9 280 M M 3 13 280
15 68 59 64 11 1 0 T M M 6.0 15 110 M M 7 25 120
16 59 45 52 -1 13 0 1.05 M M 4.4 12 80 M M 10 1 25 80
17 57 48 53 -1 12 0 0.17 M M 4.0 9 100 M M 10 13 17 140
18 72 45 59 5 6 0 0.87 M M 12.6 26 240 M M 9 13 37 210
19 59 44 52 -2 13 0 T M M 8.7 18 310 M M 10 26 320
20 58 40 49 -6 16 0 0.00 M M 6.6 16 50 M M 1 29 40
21 66 45 56 1 9 0 0.00 M M 5.4 14 30 M M 8 25 40
22 70 51 61 6 4 0 0.00 M M 4.4 15 70 M M 0 27 80
23 68 55 62 7 3 0 0.00 M M 4.5 14 100 M M 3 25 110
24 73 59 66 10 0 1 0.00 M M 4.1 13 120 M M 5 23 140
25 74 59 67 11 0 2 0.49 M M 7.4 20 210 M M 8 13 28 210
26 75 61 68 12 0 3 0.40 M M 4.3 20 220 M M 8 13 28 220
27 81 62 72 15 0 7 0.00 M M 6.5 20 220 M M 7 1 27 210
28 72 51 62 5 3 0 0.26 0.0 M 12.2 22 330 M M 5 1 32 320
29 68 39 54 -3 11 0 0.00 0.0 M 4.7 14 320 M M 0 30 300
30 74 49 62 5 3 0 0.01 0.0 M 4.3 13 180 M M 7 20 150
31 65 43 54 -4 11 0 1.37 0.0 M 6.8 24 330 M M 9 13 39 290
================================================================================
SM 2100 1410 263 13 5.04 0.0 174.9 M 141
================================================================================
AV 67.7 45.5 5.6 FASTST M M 5 MAX(MPH)
MISC ----> # 26 330 43 330
================================================================================
NOTES:
# LAST OF SEVERAL OCCURRENCES
COLUMN 17 PEAK WIND IN M.P.H.
PRELIMINARY LOCAL CLIMATOLOGICAL DATA (WS FORM: F-6) , PAGE 2
STATION: DEKALB PEACHTREE AIRPORT
MONTH: MARCH
YEAR: 2021
LATITUDE: 33 52 N
LONGITUDE: 84 18 W
[TEMPERATURE DATA] [PRECIPITATION DATA] SYMBOLS USED IN COLUMN 16
AVERAGE MONTHLY: 56.6 TOTAL FOR MONTH: 5.04 1 = FOG OR MIST
DPTR FM NORMAL: 3.2 DPTR FM NORMAL: 0.06 2 = FOG REDUCING VISIBILITY
HIGHEST: 81 ON 27 GRTST 24HR 1.37 ON 31-31 TO 1/4 MILE OR LESS
LOWEST: 29 ON 8, 7 3 = THUNDER
SNOW, ICE PELLETS, HAIL 4 = ICE PELLETS
TOTAL MONTH: 0.0 INCH 5 = HAIL
GRTST 24HR 0.0 6 = FREEZING RAIN OR DRIZZLE
GRTST DEPTH: M ON M 7 = DUSTSTORM OR SANDSTORM:
VSBY 1/2 MILE OR LESS
8 = SMOKE OR HAZE
[NO. OF DAYS WITH] [WEATHER - DAYS WITH] 9 = BLOWING SNOW
X = TORNADO
MAX 32 OR BELOW: 0 0.01 INCH OR MORE: 11
MAX 90 OR ABOVE: 0 0.10 INCH OR MORE: 9
MIN 32 OR BELOW: 3 0.50 INCH OR MORE: 3
MIN 0 OR BELOW: 0 1.00 INCH OR MORE: 2
[HDD (BASE 65) ]
TOTAL THIS MO. 263 CLEAR (SCALE 0-3) 13
DPTR FM NORMAL -105 PTCLDY (SCALE 4-7) 11
TOTAL FM JUL 1 2475 CLOUDY (SCALE 8-10) 7
DPTR FM NORMAL -295
[CDD (BASE 65) ]
TOTAL THIS MO. 13
DPTR FM NORMAL 6 [PRESSURE DATA]
TOTAL FM JAN 1 13 HIGHEST SLP 30.58 ON 8
DPTR FM NORMAL 6 LOWEST SLP 29.62 ON 18
[REMARKS]
#FINAL-03-21#