000
CXUS56 KPDT 020532
CF6PDT
PRELIMINARY LOCAL CLIMATOLOGICAL DATA (WS FORM: F-6)
STATION: PENDLETON OR
MONTH: JULY
YEAR: 2020
LATITUDE: 45 40 N
LONGITUDE: 118 51 W
TEMPERATURE IN F: :PCPN: SNOW: WIND :SUNSHINE: SKY :PK WND
================================================================================
1 2 3 4 5 6A 6B 7 8 9 10 11 12 13 14 15 16 17 18
12Z AVG MX 2MIN
DY MAX MIN AVG DEP HDD CDD WTR SNW DPTH SPD SPD DIR MIN PSBL S-S WX SPD DR
================================================================================
1 74 53 64 -5 1 0 0.00 0.0 0 22.1 33 270 M M 3 41 280
2 80 51 66 -3 0 1 0.00 0.0 0 10.7 22 250 M M 1 27 260
3 84 49 67 -3 0 2 0.00 0.0 0 9.4 18 300 M M 0 22 300
4 82 50 66 -4 0 1 0.00 0.0 0 7.2 20 270 M M 0 34 260
5 84 50 67 -3 0 2 0.00 0.0 0 6.3 14 260 M M 0 18 230
6 85 50 68 -3 0 3 T 0.0 0 9.0 23 280 M M 1 3 28 310
7 79 57 68 -3 0 3 0.00 0.0 0 20.1 29 270 M M 1 41 260
8 82 51 67 -4 0 2 0.00 0.0 0 8.1 21 260 M M 0 25 260
9 85 49 67 -4 0 2 0.06 0.0 0 10.2 26 270 M M 1 32 270
10 87 56 72 0 0 7 0.00 0.0 0 6.4 16 280 M M 1 20 260
11 92 54 73 1 0 8 0.00 0.0 0 13.1 29 260 M M 0 37 270
12 82 58 70 -2 0 5 0.00 0.0 0 12.2 24 260 M M 0 29 280
13 82 47 65 -7 0 0 0.00 0.0 0 6.2 15 300 M M 0 20 300
14 88 45 67 -6 0 2 0.00 0.0 0 7.2 16 10 M M 0 23 310
15 92 56 74 1 0 9 0.00 0.0 0 9.6 16 320 M M 0 21 300
16 95 61 78 5 0 13 0.00 0.0 0 11.1 24 240 M M 0 8 29 240
17 87 57 72 -1 0 7 0.00 0.0 0 12.9 26 260 M M 0 33 250
18 89 53 71 -3 0 6 0.00 0.0 0 5.9 15 310 M M 0 19 310
19 95 58 77 3 0 12 0.00 0.0 0 7.1 14 310 M M 0 21 320
20 98 62 80 6 0 15 0.00 0.0 0 7.1 14 20 M M 0 20 10
21 100 64 82 8 0 17 0.00 0.0 0 7.4 20 260 M M 0 24 290
22 96 66 81 7 0 16 0.00 0.0 0 11.8 22 260 M M 0 31 290
23 89 66 78 4 0 13 0.00 0.0 0 11.3 21 310 M M 0 32 320
24 84 54 69 -5 0 4 0.00 0.0 0 11.3 26 280 M M 0 37 290
25 84 49 67 -7 0 2 0.00 0.0 0 5.3 14 340 M M 0 22 340
26 94 52 73 -1 0 8 0.00 0.0 0 6.8 16 20 M M 0 22 20
27 101 60 81 7 0 16 0.00 0.0 0 6.2 13 140 M M 0 19 30
28 102 72 87 13 0 22 0.00 0.0 0 8.1 21 200 M M 0 8 30 190
29 104 66 85 11 0 20 0.00 0.0 0 7.0 20 30 M M 0 8 26 50
30 109 66 88 14 0 23 0.00 0.0 0 9.0 20 30 M M 0 8 27 300
31 102 73 88 14 0 23 0.00 0.0 0 13.2 30 280 M M 0 8 41 290
================================================================================
SM 2787 1755 1 264 0.06 0.0 299.3 M 8
================================================================================
AV 89.9 56.6 9.7 FASTST M M 0 MAX(MPH)
MISC ----> # 33 270 # 41 280
================================================================================
NOTES:
# LAST OF SEVERAL OCCURRENCES
COLUMN 17 PEAK WIND IN M.P.H.
PRELIMINARY LOCAL CLIMATOLOGICAL DATA (WS FORM: F-6) , PAGE 2
STATION: PENDLETON OR
MONTH: JULY
YEAR: 2020
LATITUDE: 45 40 N
LONGITUDE: 118 51 W
[TEMPERATURE DATA] [PRECIPITATION DATA] SYMBOLS USED IN COLUMN 16
AVERAGE MONTHLY: 73.3 TOTAL FOR MONTH: 0.06 1 = FOG OR MIST
DPTR FM NORMAL: 0.7 DPTR FM NORMAL: -0.26 2 = FOG REDUCING VISIBILITY
HIGHEST: 109 ON 30 GRTST 24HR 0.06 ON 9- 9 TO 1/4 MILE OR LESS
LOWEST: 45 ON 14 3 = THUNDER
SNOW, ICE PELLETS, HAIL 4 = ICE PELLETS
TOTAL MONTH: 0.0 INCH 5 = HAIL
GRTST 24HR 0.0 6 = FREEZING RAIN OR DRIZZLE
GRTST DEPTH: 0 7 = DUSTSTORM OR SANDSTORM:
VSBY 1/2 MILE OR LESS
8 = SMOKE OR HAZE
[NO. OF DAYS WITH] [WEATHER - DAYS WITH] 9 = BLOWING SNOW
X = TORNADO
MAX 32 OR BELOW: 0 0.01 INCH OR MORE: 1
MAX 90 OR ABOVE: 13 0.10 INCH OR MORE: 0
MIN 32 OR BELOW: 0 0.50 INCH OR MORE: 0
MIN 0 OR BELOW: 0 1.00 INCH OR MORE: 0
[HDD (BASE 65) ]
TOTAL THIS MO. 1 CLEAR (SCALE 0-3) 30
DPTR FM NORMAL -10 PTCLDY (SCALE 4-7) 1
TOTAL FM JUL 1 1 CLOUDY (SCALE 8-10) 0
DPTR FM NORMAL -10
[CDD (BASE 65) ]
TOTAL THIS MO. 264
DPTR FM NORMAL 18 [PRESSURE DATA]
TOTAL FM JAN 1 384 HIGHEST SLP 30.12 ON 10
DPTR FM NORMAL 36 LOWEST SLP 29.62 ON 22
[REMARKS]
#FINAL-07-20#