000
CXUS56 KPDT 020532
CF6PDT
PRELIMINARY LOCAL CLIMATOLOGICAL DATA (WS FORM: F-6)
STATION: PENDLETON OR
MONTH: APRIL
YEAR: 2020
LATITUDE: 45 40 N
LONGITUDE: 118 51 W
TEMPERATURE IN F: :PCPN: SNOW: WIND :SUNSHINE: SKY :PK WND
================================================================================
1 2 3 4 5 6A 6B 7 8 9 10 11 12 13 14 15 16 17 18
12Z AVG MX 2MIN
DY MAX MIN AVG DEP HDD CDD WTR SNW DPTH SPD SPD DIR MIN PSBL S-S WX SPD DR
================================================================================
1 46 30 38 -10 27 0 0.02 T 0 7.3 22 260 M M 7 1 26 270
2 52 32 42 -7 23 0 T T 0 7.1 29 260 M M 6 34 260
3 54 35 45 -4 20 0 0.00 0.0 0 13.6 28 280 M M 6 35 260
4 56 34 45 -4 20 0 0.01 0.0 0 5.2 16 30 M M 8 19 40
5 58 34 46 -3 19 0 T 0.0 0 4.8 14 40 M M 7 18 30
6 65 39 52 3 13 0 0.00 0.0 0 7.0 16 240 M M 5 18 20 240
7 68 39 54 5 11 0 0.00 0.0 0 8.8 18 250 M M 0 23 270
8 68 34 51 2 14 0 0.00 0.0 0 6.0 13 150 M M 0 8 15 330
9 73 39 56 6 9 0 0.00 0.0 0 6.2 15 140 M M 0 18 310
10 76 41 59 9 6 0 0.00 0.0 0 11.8 28 250 M M 0 35 260
11 63 36 50 0 15 0 0.00 0.0 0 14.9 28 270 M M 7 8 34 270
12 57 29 43 -7 22 0 0.00 0.0 0 5.6 16 340 M M 4 23 320
13 58 28 43 -7 22 0 0.00 0.0 0 7.4 20 330 M M 0 27 310
14 71 38 55 5 10 0 0.00 0.0 0 13.0 32 250 M M 3 40 260
15 66 35 51 1 14 0 T 0.0 0 13.6 31 20 M M 5 37 350
16 63 28 46 -4 19 0 0.00 0.0 0 8.0 20 50 M M 0 25 10
17 74 30 52 1 13 0 0.00 0.0 0 7.2 14 300 M M 0 16 280
18 69 41 55 4 10 0 0.00 0.0 0 10.6 26 270 M M 1 32 270
19 69 37 53 2 12 0 0.00 0.0 0 6.1 15 260 M M 3 20 250
20 75 39 57 6 8 0 0.00 0.0 0 6.1 15 290 M M 0 19 300
21 71 50 61 10 4 0 0.00 0.0 0 16.0 29 280 M M 0 38 270
22 64 39 52 0 13 0 0.07 0.0 0 7.8 24 250 M M 6 30 260
23 68 45 57 5 8 0 T 0.0 0 19.3 29 250 M M 6 37 270
24 70 42 56 4 9 0 0.00 0.0 0 7.5 16 280 M M 4 19 270
25 70 45 58 6 7 0 0.01 0.0 0 10.1 28 270 M M 4 34 280
26 72 40 56 4 9 0 0.00 0.0 0 5.5 13 320 M M 1 18 320
27 75 54 65 12 0 0 T 0.0 0 14.7 32 290 M M 5 38 280
28 78 44 61 8 4 0 0.00 0.0 0 6.4 16 330 M M 2 19 330
29 77 44 61 8 4 0 0.00 0.0 0 8.2 25 270 M M 3 33 270
30 67 44 56 2 9 0 0.10 0.0 0 14.5 29 270 M M 5 37 270
================================================================================
SM 1993 1145 374 0 0.21 T 280.3 M 98
================================================================================
AV 66.4 38.2 9.3 FASTST M M 3 MAX(MPH)
MISC ----> # 32 250 # 40 260
================================================================================
NOTES:
# LAST OF SEVERAL OCCURRENCES
COLUMN 17 PEAK WIND IN M.P.H.
PRELIMINARY LOCAL CLIMATOLOGICAL DATA (WS FORM: F-6) , PAGE 2
STATION: PENDLETON OR
MONTH: APRIL
YEAR: 2020
LATITUDE: 45 40 N
LONGITUDE: 118 51 W
[TEMPERATURE DATA] [PRECIPITATION DATA] SYMBOLS USED IN COLUMN 16
AVERAGE MONTHLY: 52.3 TOTAL FOR MONTH: 0.21 1 = FOG OR MIST
DPTR FM NORMAL: 1.6 DPTR FM NORMAL: -0.99 2 = FOG REDUCING VISIBILITY
HIGHEST: 78 ON 28 GRTST 24HR 0.10 ON 30-30 TO 1/4 MILE OR LESS
LOWEST: 28 ON 16,13 3 = THUNDER
SNOW, ICE PELLETS, HAIL 4 = ICE PELLETS
TOTAL MONTH: T 5 = HAIL
GRTST 24HR T ON 2- 2 6 = FREEZING RAIN OR DRIZZLE
GRTST DEPTH: 0 7 = DUSTSTORM OR SANDSTORM:
VSBY 1/2 MILE OR LESS
8 = SMOKE OR HAZE
[NO. OF DAYS WITH] [WEATHER - DAYS WITH] 9 = BLOWING SNOW
X = TORNADO
MAX 32 OR BELOW: 0 0.01 INCH OR MORE: 5
MAX 90 OR ABOVE: 0 0.10 INCH OR MORE: 1
MIN 32 OR BELOW: 6 0.50 INCH OR MORE: 0
MIN 0 OR BELOW: 0 1.00 INCH OR MORE: 0
[HDD (BASE 65) ]
TOTAL THIS MO. 374 CLEAR (SCALE 0-3) 14
DPTR FM NORMAL -57 PTCLDY (SCALE 4-7) 16
TOTAL FM JUL 1 4713 CLOUDY (SCALE 8-10) 0
DPTR FM NORMAL -234
[CDD (BASE 65) ]
TOTAL THIS MO. 0
DPTR FM NORMAL -1 [PRESSURE DATA]
TOTAL FM JAN 1 0 HIGHEST SLP 30.39 ON 13
DPTR FM NORMAL -1 LOWEST SLP 29.54 ON 5
[REMARKS]
#FINAL-04-20#