000
CXUS56 KPQR 011301
CF6PDX
PRELIMINARY LOCAL CLIMATOLOGICAL DATA (WS FORM: F-6)
STATION: PORTLAND OR
MONTH: NOVEMBER
YEAR: 2023
LATITUDE: 45 35 N
LONGITUDE: 122 36 W
TEMPERATURE IN F: :PCPN: SNOW: WIND :SUNSHINE: SKY :PK WND
================================================================================
1 2 3 4 5 6A 6B 7 8 9 10 11 12 13 14 15 16 17 18
12Z AVG MX 2MIN
DY MAX MIN AVG DEP HDD CDD WTR SNW DPTH SPD SPD DIR MIN PSBL S-S WX SPD DR
================================================================================
1 55 48 52 1 13 0 0.65 0.0 0 8.1 17 120 M M 9 1 21 110
2 68 50 59 9 6 0 0.06 0.0 0 10.9 23 220 M M 9 1 29 220
3 61 47 54 4 11 0 0.50 0.0 0 5.5 20 120 M M 8 12 25 120
4 67 54 61 11 4 0 0.78 0.0 0 8.7 18 110 M M 8 1 23 170
5 64 53 59 9 6 0 0.94 0.0 0 6.8 15 100 M M 8 1 23 230
6 58 53 56 7 9 0 0.73 0.0 0 12.2 23 180 M M 9 1 31 170
7 59 48 54 5 11 0 0.28 0.0 0 7.0 17 210 M M 9 23 200
8 55 40 48 -1 17 0 0.00 0.0 0 2.6 8 290 M M 5 12 11 290
9 54 36 45 -4 20 0 0.15 0.0 0 5.6 22 100 M M 8 12 25 110
10 55 49 52 4 13 0 0.01 0.0 0 6.1 14 210 M M 10 17 190
11 56 50 53 5 12 0 0.19 0.0 0 11.3 24 200 M M 8 1 34 190
12 57 48 53 5 12 0 0.13 0.0 0 8.7 21 120 M M 9 26 120
13 58 43 51 3 14 0 0.01 0.0 0 2.2 8 320 M M 6 10 320
14 55 41 48 1 17 0 T 0.0 0 4.4 13 310 M M 7 14 310
15 52 44 48 1 17 0 0.02 0.0 0 3.6 13 310 M M 10 18 16 300
16 54 39 47 0 18 0 0.00 0.0 0 6.2 17 120 M M 5 23 120
17 57 37 47 0 18 0 0.00 0.0 0 6.6 16 120 M M 5 12 20 130
18 52 39 46 0 19 0 0.32 0.0 0 7.3 16 120 M M 6 1 22 120
19 55 39 47 1 18 0 0.02 0.0 0 6.9 14 240 M M 6 1 17 300
20 51 39 45 -1 20 0 0.00 0.0 0 4.0 16 90 M M 7 12 20 100
21 56 41 49 3 16 0 0.09 0.0 0 9.4 20 110 M M 8 25 110
22 54 44 49 3 16 0 0.13 0.0 0 6.5 14 110 M M 8 1 17 120
23 53 38 46 1 19 0 0.00 0.0 0 5.8 13 310 M M 5 17 320
24 52 30 41 -4 24 0 0.00 0.0 0 2.6 10 320 M M 1 128 12 320
25 52 28 40 -5 25 0 0.00 0.0 0 3.9 10 290 M M 4 12 12 300
26 52 30 41 -4 24 0 0.00 0.0 0 6.2 16 110 M M 2 1 20 110
27 49 28 39 -5 26 0 0.00 0.0 0 8.4 18 120 M M 1 1 23 100
28 46 28 37 -7 28 0 0.00 0.0 0 6.0 15 140 M M 2 19 100
29 40 27 34 -10 31 0 0.00 0.0 0 1.7 7 100 M M 7 18 8 90
30 40 36 38 -6 27 0 0.26 0.0 0 8.9 16 120 M M 10 1 21 120
================================================================================
SM 1637 1227 511 0 5.27 0.0 194.1 M 200
================================================================================
AV 54.6 40.9 6.5 FASTST M M 7 MAX(MPH)
MISC ----> 24 200 34 190
================================================================================
NOTES:
# LAST OF SEVERAL OCCURRENCES
COLUMN 17 PEAK WIND IN M.P.H.
PRELIMINARY LOCAL CLIMATOLOGICAL DATA (WS FORM: F-6) , PAGE 2
STATION: PORTLAND OR
MONTH: NOVEMBER
YEAR: 2023
LATITUDE: 45 35 N
LONGITUDE: 122 36 W
[TEMPERATURE DATA] [PRECIPITATION DATA] SYMBOLS USED IN COLUMN 16
AVERAGE MONTHLY: 47.7 TOTAL FOR MONTH: 5.27 1 = FOG OR MIST
DPTR FM NORMAL: 0.6 DPTR FM NORMAL: -0.18 2 = FOG REDUCING VISIBILITY
HIGHEST: 68 ON 2 GRTST 24HR 1.57 ON 5- 6 TO 1/4 MILE OR LESS
LOWEST: 27 ON 29 3 = THUNDER
SNOW, ICE PELLETS, HAIL 4 = ICE PELLETS
TOTAL MONTH: 0.0 INCH 5 = HAIL
GRTST 24HR 0.0 6 = FREEZING RAIN OR DRIZZLE
GRTST DEPTH: 0 7 = DUSTSTORM OR SANDSTORM:
VSBY 1/2 MILE OR LESS
8 = SMOKE OR HAZE
[NO. OF DAYS WITH] [WEATHER - DAYS WITH] 9 = BLOWING SNOW
X = TORNADO
MAX 32 OR BELOW: 0 0.01 INCH OR MORE: 18
MAX 90 OR ABOVE: 0 0.10 INCH OR MORE: 12
MIN 32 OR BELOW: 6 0.50 INCH OR MORE: 5
MIN 0 OR BELOW: 0 1.00 INCH OR MORE: 0
[HDD (BASE 65) ]
TOTAL THIS MO. 511 CLEAR (SCALE 0-3) 4
DPTR FM NORMAL -27 PTCLDY (SCALE 4-7) 14
TOTAL FM JUL 1 786 CLOUDY (SCALE 8-10) 12
DPTR FM NORMAL -127
[CDD (BASE 65) ]
TOTAL THIS MO. 0
DPTR FM NORMAL 0 [PRESSURE DATA]
TOTAL FM JAN 1 898 HIGHEST SLP 30.56 ON 19
DPTR FM NORMAL 390 LOWEST SLP 29.55 ON 6
[REMARKS]
#FINAL-11-23#