000
CXUS51 KPHI 010815
CF6PHL
PRELIMINARY LOCAL CLIMATOLOGICAL DATA (WS FORM: F-6)
STATION: PHILADELPHIA PA
MONTH: SEPTEMBER
YEAR: 2023
LATITUDE: 39 52 N
LONGITUDE: 75 15 W
TEMPERATURE IN F: :PCPN: SNOW: WIND :SUNSHINE: SKY :PK WND
================================================================================
1 2 3 4 5 6A 6B 7 8 9 10 11 12 13 14 15 16 17 18
12Z AVG MX 2MIN
DY MAX MIN AVG DEP HDD CDD WTR SNW DPTH SPD SPD DIR MIN PSBL S-S WX SPD DR
================================================================================
1 79 62 71 -3 0 6 0.00 0.0 0 6.9 15 30 M M 0 24 360
2 82 58 70 -4 0 5 0.00 0.0 0 5.7 14 230 M M 3 17 220
3 92 67 80 6 0 15 0.00 0.0 0 7.9 18 260 M M 3 27 270
4 96 73 85 11 0 20 0.00 0.0 0 6.8 17 330 M M 6 24 320
5 94 78 86 13 0 21 0.00 0.0 0 6.2 14 330 M M 7 17 350
6 95 77 86 13 0 21 0.00 0.0 0 6.2 16 300 M M 2 21 300
7 97 73 85 12 0 20 0.00 0.0 0 6.8 18 330 M M 5 24 190
8 94 72 83 10 0 18 0.30 0.0 0 5.9 18 230 M M 6 13 22 240
9 91 70 81 9 0 16 0.36 0.0 0 5.6 28 100 M M 8 138 34 100
10 84 70 77 5 0 12 1.96 0.0 0 4.0 18 250 M M 9 13 21 250
11 84 69 77 5 0 12 0.04 0.0 0 5.8 17 290 M M 7 13 21 290
12 85 68 77 6 0 12 0.00 0.0 0 4.4 12 190 M M 6 20 210
13 83 70 77 6 0 12 0.16 0.0 0 7.0 24 210 M M 7 13 30 210
14 80 63 72 1 0 7 0.00 0.0 0 11.8 20 10 M M 3 26 10
15 77 56 67 -3 0 2 0.00 0.0 0 11.7 17 360 M M 2 24 350
16 78 59 69 -1 0 4 0.00 0.0 0 8.4 16 320 M M 3 23 340
17 81 57 69 -1 0 4 0.65 0.0 0 5.5 21 270 M M 6 1 25 280
18 73 63 68 -1 0 3 0.46 0.0 0 7.7 17 330 M M 8 1 23 320
19 74 59 67 -2 0 2 0.00 0.0 0 10.1 18 310 M M 2 26 320
20 76 57 67 -1 0 2 0.00 0.0 0 3.3 13 340 M M 3 18 320
21 77 57 67 -1 0 2 0.00 0.0 0 4.9 12 20 M M 5 8 20 10
22 74 58 66 -2 0 1 0.00 0.0 0 12.5 22 70 M M 8 29 50
23 63 58 61 -6 4 0 1.15 0.0 0 19.8 30 40 M M 10 1 39 50
24 70 63 67 0 0 2 0.53 0.0 0 9.9 21 50 M M 10 1 31 70
25 66 58 62 -5 3 0 0.09 0.0 0 11.0 22 40 M M 10 1 27 40
26 63 58 61 -5 4 0 0.02 0.0 0 11.2 18 40 M M 10 1 24 40
27 70 55 63 -3 2 0 0.00 0.0 0 9.3 15 40 M M 7 20 40
28 65 56 61 -4 4 0 0.06 0.0 0 11.2 18 50 M M 9 1 28 40
29 68 59 64 -1 1 0 0.21 0.0 0 10.4 17 40 M M 10 1 27 20
30 71 60 66 2 0 1 T 0.0 0 8.2 15 10 M M 9 1 23 10
================================================================================
SM 2382 1903 18 220 5.99 0.0 246.1 M 184
================================================================================
AV 79.4 63.4 8.2 FASTST M M 6 MAX(MPH)
MISC ----> 30 40 39 50
================================================================================
NOTES:
# LAST OF SEVERAL OCCURRENCES
COLUMN 17 PEAK WIND IN M.P.H.
PRELIMINARY LOCAL CLIMATOLOGICAL DATA (WS FORM: F-6) , PAGE 2
STATION: PHILADELPHIA PA
MONTH: SEPTEMBER
YEAR: 2023
LATITUDE: 39 52 N
LONGITUDE: 75 15 W
[TEMPERATURE DATA] [PRECIPITATION DATA] SYMBOLS USED IN COLUMN 16
AVERAGE MONTHLY: 71.4 TOTAL FOR MONTH: 5.99 1 = FOG OR MIST
DPTR FM NORMAL: 1.5 DPTR FM NORMAL: 1.59 2 = FOG REDUCING VISIBILITY
HIGHEST: 97 ON 7 GRTST 24HR 2.00 ON 10-11 TO 1/4 MILE OR LESS
LOWEST: 55 ON 27 3 = THUNDER
SNOW, ICE PELLETS, HAIL 4 = ICE PELLETS
TOTAL MONTH: 0.0 INCH 5 = HAIL
GRTST 24HR 0.0 6 = FREEZING RAIN OR DRIZZLE
GRTST DEPTH: 0 7 = DUSTSTORM OR SANDSTORM:
VSBY 1/2 MILE OR LESS
8 = SMOKE OR HAZE
[NO. OF DAYS WITH] [WEATHER - DAYS WITH] 9 = BLOWING SNOW
X = TORNADO
MAX 32 OR BELOW: 0 0.01 INCH OR MORE: 13
MAX 90 OR ABOVE: 7 0.10 INCH OR MORE: 9
MIN 32 OR BELOW: 0 0.50 INCH OR MORE: 4
MIN 0 OR BELOW: 0 1.00 INCH OR MORE: 2
[HDD (BASE 65) ]
TOTAL THIS MO. 18 CLEAR (SCALE 0-3) 5
DPTR FM NORMAL -10 PTCLDY (SCALE 4-7) 16
TOTAL FM JUL 1 18 CLOUDY (SCALE 8-10) 9
DPTR FM NORMAL -9
[CDD (BASE 65) ]
TOTAL THIS MO. 220
DPTR FM NORMAL 45 [PRESSURE DATA]
TOTAL FM JAN 1 1297 HIGHEST SLP 30.34 ON 27
DPTR FM NORMAL -35 LOWEST SLP 29.75 ON 18
[REMARKS]
#FINAL-09-23#