000
CXUS53 KUNR 011030
CF6PHP
PRELIMINARY LOCAL CLIMATOLOGICAL DATA (WS FORM: F-6)
STATION: PHILIP SD
MONTH: DECEMBER
YEAR: 2022
LATITUDE: 44 3 N
LONGITUDE: 101 36 W
TEMPERATURE IN F: :PCPN: SNOW: WIND :SUNSHINE: SKY :PK WND
================================================================================
1 2 3 4 5 6A 6B 7 8 9 10 11 12 13 14 15 16 17 18
12Z AVG MX 2MIN
DY MAX MIN AVG DEP HDD CDD WTR SNW DPTH SPD SPD DIR MIN PSBL S-S WX SPD DR
================================================================================
1 61 20 41 13 24 0 0.00 M M 8.7 23 190 M M 0 34 200
2 50 0 25 -3 40 0 0.03 M M 16.7 33 320 M M 4 1 45 320
3 43 -9 17 -11 48 0 0.00 M M 4.4 15 260 M M 0 19 270
4 52 7 30 3 35 0 0.00 M M 9.4 23 240 M M 1 31 240
5 31 11 21 -6 44 0 T M M 7.3 14 360 M M 7 17 10
6 32 5 19 -8 46 0 0.00 M M 7.7 18 70 M M 1 24 360
7 24 6 15 -11 50 0 T M M 8.5 17 60 M M 5 18 23 70
8 31 2 17 -9 48 0 0.00 M M 4.0 14 320 M M 2 17 320
9 46 4 25 -1 40 0 0.00 M M 7.1 20 200 M M 0 28 210
10 46 18 32 7 33 0 0.00 M M 7.7 17 310 M M 0 23 300
11 55 10 33 8 32 0 0.00 M M 5.2 15 140 M M 0 20 150
12 38 24 31 6 34 0 0.02 M M 11.1 22 340 M M 6 16 30 330
13 28 25 27 3 38 0 0.30 M M 24.0 37 340 M M 10 126 46 340
14 25 14 20 -4 45 0 0.07 M M 30.4 39 320 M M 10 129 57 320
15 19 M M M M M T M M 29.5 46 310 M M 7 19 63 310
16 19 10 15 -9 50 0 0.05 M M 24.4 39 310 M M 0 129 54 310
17 20 -4 8 -16 57 0 0.00 M M 5.0 12 330 M M 5 16 250
18 5 -7 -1 -24 66 0 T M M 7.1 14 60 M M 8 1 17 70
19 4 -11 -3 -26 68 0 T M M 5.4 12 310 M M 5 1 13 310
20 1 -15 -7 -30 72 0 0.00 M M 6.3 17 100 M M 6 21 110
21 -3 -19 -11 -34 76 0 0.05 M M 22.8 45 320 M M 4 128 55 320
22 -9 -18 -13 -36 78 0 0.07 M M 28.7 41 310 M M 1 128 55 310
23 0 -11 -5 -27 70 0 0.00 M M 14.0 28 310 M M 0 8 38 310
24 7 -8 0 -22 65 0 0.00 M M 4.5 10 100 M M 9 12 110
25 42 3 23 1 42 0 T M M 18.4 47 350 M M 5 59 340
26 22 -3 10 -12 55 0 0.00 M M 6.6 25 340 M M 3 1 33 360
27 48 16 32 10 33 0 0.00 M M 8.2 21 240 M M 0 27 230
28 53 33 43 21 22 0 0.00 M M 7.7 14 300 M M 2 19 310
29 37 28 33 11 32 0 0.00 M M 4.9 12 50 M M 6 1 14 30
30 42 19 31 9 34 0 0.00 M M 4.1 13 210 M M 1 16 210
31 44 19 32 10 33 0 0.00 M M 7.5 14 240 M M 2 19 220
================================================================================
SM 913 169 1410 0 0.59 M 357.3 M 110
================================================================================
AV 29.5 5.6 11.5 FASTST M M 4 MAX(MPH)
MISC ----> 47 350 63 310
================================================================================
NOTES:
# LAST OF SEVERAL OCCURRENCES
COLUMN 17 PEAK WIND IN M.P.H.
PRELIMINARY LOCAL CLIMATOLOGICAL DATA (WS FORM: F-6) , PAGE 2
STATION: PHILIP SD
MONTH: DECEMBER
YEAR: 2022
LATITUDE: 44 3 N
LONGITUDE: 101 36 W
[TEMPERATURE DATA] [PRECIPITATION DATA] SYMBOLS USED IN COLUMN 16
AVERAGE MONTHLY: 17.5 TOTAL FOR MONTH: 0.59 1 = FOG OR MIST
DPTR FM NORMAL: -6.7 DPTR FM NORMAL: 0.15 2 = FOG REDUCING VISIBILITY
HIGHEST: 61 ON 1 GRTST 24HR 0.31 ON 12-13 TO 1/4 MILE OR LESS
LOWEST: -19 ON 21 3 = THUNDER
SNOW, ICE PELLETS, HAIL 4 = ICE PELLETS
TOTAL MONTH: M 5 = HAIL
GRTST 24HR M ON M 6 = FREEZING RAIN OR DRIZZLE
GRTST DEPTH: M ON M 7 = DUSTSTORM OR SANDSTORM:
VSBY 1/2 MILE OR LESS
8 = SMOKE OR HAZE
[NO. OF DAYS WITH] [WEATHER - DAYS WITH] 9 = BLOWING SNOW
X = TORNADO
MAX 32 OR BELOW: 17 0.01 INCH OR MORE: 7
MAX 90 OR ABOVE: 0 0.10 INCH OR MORE: 1
MIN 32 OR BELOW: 29 0.50 INCH OR MORE: 0
MIN 0 OR BELOW: 11 1.00 INCH OR MORE: 0
[HDD (BASE 65) ]
TOTAL THIS MO. 1410 CLEAR (SCALE 0-3) 16
DPTR FM NORMAL 147 PTCLDY (SCALE 4-7) 11
TOTAL FM JUL 1 3025 CLOUDY (SCALE 8-10) 4
DPTR FM NORMAL 178
[CDD (BASE 65) ]
TOTAL THIS MO. 0
DPTR FM NORMAL 0 [PRESSURE DATA]
TOTAL FM JAN 1 995 HIGHEST SLP 30.79 ON 20
DPTR FM NORMAL 162 LOWEST SLP 29.18 ON 27
[REMARKS]
#FINAL-12-22#