000
CXUS53 KUNR 010930
CF6PHP
PRELIMINARY LOCAL CLIMATOLOGICAL DATA (WS FORM: F-6)
STATION: PHILIP SD
MONTH: MAY
YEAR: 2022
LATITUDE: 44 3 N
LONGITUDE: 101 36 W
TEMPERATURE IN F: :PCPN: SNOW: WIND :SUNSHINE: SKY :PK WND
================================================================================
1 2 3 4 5 6A 6B 7 8 9 10 11 12 13 14 15 16 17 18
12Z AVG MX 2MIN
DY MAX MIN AVG DEP HDD CDD WTR SNW DPTH SPD SPD DIR MIN PSBL S-S WX SPD DR
================================================================================
1 63 29 46 -5 19 0 0.00 M M 10.1 21 360 M M 0 30 20
2 58 30 44 -7 21 0 0.00 M M 5.4 16 70 M M 3 22 70
3 55 27 41 -10 24 0 0.00 M M 11.7 22 110 M M 3 12 33 120
4 58 38 48 -4 17 0 0.00 M M 6.3 16 140 M M 5 20 130
5 69 37 53 1 12 0 0.00 M M 5.8 17 110 M M 3 23 110
6 82 42 62 9 3 0 0.00 M M 8.3 17 310 M M 1 23 340
7 86 39 63 10 2 0 T M M 10.3 39 270 M M 2 123 61 280
8 78 40 59 6 6 0 0.54 M M 8.1 25 200 M M 4 13 36 200
9 65 49 57 3 8 0 0.31 M M 14.4 33 270 M M 7 13 43 280
10 73 47 60 6 5 0 T M M 8.7 21 130 M M 3 29 110
11 77 48 63 8 2 0 T M M 10.0 18 40 M M 3 3 24 30
12 62 47 55 0 10 0 0.03 M M 15.2 31 350 M M 7 1 41 350
13 74 40 57 1 8 0 0.00 M M 15.3 31 270 M M 1 43 260
14 69 39 54 -2 11 0 0.00 M M 8.6 22 280 M M 2 28 270
15 74 42 58 2 7 0 0.02 M M 9.3 22 310 M M 4 32 290
16 85 37 61 4 4 0 0.00 M M 10.0 22 90 M M 0 30 80
17 74 51 63 6 2 0 T M M 5.8 17 70 M M 1 23 40
18 79 46 63 5 2 0 T M M 7.8 25 330 M M 2 34 330
19 68 46 57 -1 8 0 0.00 M M 15.0 47 320 M M 3 3 60 330
20 50 37 44 -14 21 0 0.01 M M 20.5 40 300 M M 5 54 310
21 55 30 43 -16 22 0 0.01 M M 11.1 31 330 M M 7 39 330
22 64 28 46 -13 19 0 0.00 M M 6.7 16 90 M M 1 22 100
23 56 40 48 -12 17 0 0.08 M M 11.5 24 180 M M 6 1 33 170
24 66 38 52 -8 13 0 0.00 M M 6.8 17 170 M M 3 22 110
25 74 33 54 -6 11 0 0.00 M M 5.9 14 40 M M 0 21 20
26 84 38 61 0 4 0 0.00 M M 9.4 24 340 M M 1 33 330
27 94 43 69 8 0 4 T M M 12.0 51 290 M M 0 38 67 300
28 87 50 69 8 0 4 T M M 10.3 24 130 M M 0 3 41 140
29 79 53 66 4 0 1 0.00 M M 11.4 25 330 M M 1 33 340
30 67 54 61 -1 4 0 0.12 M M 16.0 31 350 M M 8 1 41 350
31 60 40 50 -12 15 0 0.02 M M 15.8 30 340 M M 7 1 39 340
================================================================================
SM 2185 1258 297 9 1.14 M 323.5 M 93
================================================================================
AV 70.5 40.6 10.4 FASTST M M 3 MAX(MPH)
MISC ----> 51 290 67 300
================================================================================
NOTES:
# LAST OF SEVERAL OCCURRENCES
COLUMN 17 PEAK WIND IN M.P.H.
PRELIMINARY LOCAL CLIMATOLOGICAL DATA (WS FORM: F-6) , PAGE 2
STATION: PHILIP SD
MONTH: MAY
YEAR: 2022
LATITUDE: 44 3 N
LONGITUDE: 101 36 W
[TEMPERATURE DATA] [PRECIPITATION DATA] SYMBOLS USED IN COLUMN 16
AVERAGE MONTHLY: 55.5 TOTAL FOR MONTH: 1.14 1 = FOG OR MIST
DPTR FM NORMAL: -1.1 DPTR FM NORMAL: -1.82 2 = FOG REDUCING VISIBILITY
HIGHEST: 94 ON 27 GRTST 24HR 0.85 ON 8- 9 TO 1/4 MILE OR LESS
LOWEST: 27 ON 3 3 = THUNDER
SNOW, ICE PELLETS, HAIL 4 = ICE PELLETS
TOTAL MONTH: M 5 = HAIL
GRTST 24HR M ON M 6 = FREEZING RAIN OR DRIZZLE
GRTST DEPTH: M ON M 7 = DUSTSTORM OR SANDSTORM:
VSBY 1/2 MILE OR LESS
8 = SMOKE OR HAZE
[NO. OF DAYS WITH] [WEATHER - DAYS WITH] 9 = BLOWING SNOW
X = TORNADO
MAX 32 OR BELOW: 0 0.01 INCH OR MORE: 9
MAX 90 OR ABOVE: 1 0.10 INCH OR MORE: 3
MIN 32 OR BELOW: 5 0.50 INCH OR MORE: 1
MIN 0 OR BELOW: 0 1.00 INCH OR MORE: 0
[HDD (BASE 65) ]
TOTAL THIS MO. 297 CLEAR (SCALE 0-3) 18
DPTR FM NORMAL 13 PTCLDY (SCALE 4-7) 12
TOTAL FM JUL 1 6710 CLOUDY (SCALE 8-10) 1
DPTR FM NORMAL -362
[CDD (BASE 65) ]
TOTAL THIS MO. 9
DPTR FM NORMAL -16 [PRESSURE DATA]
TOTAL FM JAN 1 9 HIGHEST SLP 30.42 ON 22
DPTR FM NORMAL -17 LOWEST SLP 29.24 ON 9
[REMARKS]
#FINAL-05-22#