000
CXUS55 KPSR 011005
CF6PHX
PRELIMINARY LOCAL CLIMATOLOGICAL DATA (WS FORM: F-6)
STATION: PHOENIX AZ
MONTH: AUGUST
YEAR: 2020
LATITUDE: 33 25 N
LONGITUDE: 112 1 W
TEMPERATURE IN F: :PCPN: SNOW: WIND :SUNSHINE: SKY :PK WND
================================================================================
1 2 3 4 5 6A 6B 7 8 9 10 11 12 13 14 15 16 17 18
12Z AVG MX 2MIN
DY MAX MIN AVG DEP HDD CDD WTR SNW DPTH SPD SPD DIR MIN PSBL S-S WX SPD DR
================================================================================
1 111 93 102 8 0 37 0.00 0.0 0 8.0 18 290 M M 3 22 290
2 109 93 101 7 0 36 0.00 0.0 0 6.5 16 280 M M 7 23 270
3 114 89 102 8 0 37 0.00 0.0 0 7.1 21 270 M M 7 24 270
4 111 87 99 5 0 34 0.00 0.0 0 5.9 20 270 M M 5 24 280
5 112 90 101 7 0 36 0.00 0.0 0 10.0 22 280 M M 2 31 300
6 109 83 96 2 0 31 0.00 0.0 0 5.5 17 280 M M 1 27 160
7 109 83 96 2 0 31 0.00 0.0 0 5.1 14 300 M M 1 20 330
8 111 88 100 6 0 35 0.00 0.0 0 5.9 18 280 M M 1 24 320
9 112 84 98 4 0 33 0.00 0.0 0 5.7 22 280 M M 2 25 290
10 111 84 98 4 0 33 0.00 0.0 0 6.7 18 280 M M 2 24 280
11 109 89 99 5 0 34 0.00 0.0 0 7.2 21 210 M M 3 25 200
12 111 89 100 6 0 35 0.00 0.0 0 5.7 16 270 M M 2 21 280
13 115 91 103 9 0 38 0.00 0.0 0 6.1 24 270 M M 6 30 270
14 117 89 103 9 0 38 0.00 0.0 0 6.9 18 270 M M 3 24 300
15 114 92 103 9 0 38 0.00 0.0 0 7.7 18 280 M M 2 23 280
16 115 91 103 9 0 38 0.00 0.0 0 8.1 21 160 M M 6 78 27 160
17 115 90 103 9 0 38 T 0.0 0 7.5 39 100 M M 5 378 59 90
18 115 90 103 9 0 38 0.00 0.0 0 7.2 29 60 M M 5 3 35 60
19 115 91 103 9 0 38 0.00 0.0 0 5.0 14 80 M M 5 18 220
20 112 79 96 3 0 31 0.90 0.0 0 9.6 38 360 M M 6 3 56 360
21 100 81 91 -2 0 26 0.00 0.0 0 9.4 21 290 M M 8 28 280
22 106 87 97 4 0 32 0.00 0.0 0 8.7 21 280 M M 6 23 280
23 110 89 100 7 0 35 0.00 0.0 0 5.1 14 80 M M 4 20 310
24 115 90 103 10 0 38 0.00 0.0 0 5.0 22 270 M M 3 28 260
25 112 91 102 9 0 37 0.00 0.0 0 4.5 18 10 M M 5 25 10
26 112 89 101 8 0 36 0.00 0.0 0 5.2 14 130 M M 5 15 120
27 113 89 101 8 0 36 0.00 0.0 0 7.0 25 80 M M 5 29 80
28 112 90 101 8 0 36 0.00 0.0 0 7.4 20 270 M M 6 24 290
29 103 83 93 0 0 28 T 0.0 0 9.7 33 170 M M 7 3 43 170
30 103 77 90 -2 0 25 0.00 0.0 0 7.1 29 340 M M 5 36 330
31 100 78 89 -3 0 24 0.00 0.0 M 6.2 16 280 M M 3 22 260
================================================================================
SM 3433 2709 01062 0.90 0.0 212.7 M 131
================================================================================
AV110.7 87.4 6.9 FASTST M M 4 MAX(MPH)
MISC ----> 39 100 59 90
================================================================================
NOTES:
# LAST OF SEVERAL OCCURRENCES
COLUMN 17 PEAK WIND IN M.P.H.
PRELIMINARY LOCAL CLIMATOLOGICAL DATA (WS FORM: F-6) , PAGE 2
STATION: PHOENIX AZ
MONTH: AUGUST
YEAR: 2020
LATITUDE: 33 25 N
LONGITUDE: 112 1 W
[TEMPERATURE DATA] [PRECIPITATION DATA] SYMBOLS USED IN COLUMN 16
AVERAGE MONTHLY: 99.1 TOTAL FOR MONTH: 0.90 1 = FOG OR MIST
DPTR FM NORMAL: 5.5 DPTR FM NORMAL: -0.10 2 = FOG REDUCING VISIBILITY
HIGHEST: 117 ON 14 GRTST 24HR 0.90 ON 20-20 TO 1/4 MILE OR LESS
LOWEST: 77 ON 30 3 = THUNDER
SNOW, ICE PELLETS, HAIL 4 = ICE PELLETS
TOTAL MONTH: 0.0 INCH 5 = HAIL
GRTST 24HR 0.0 6 = FREEZING RAIN OR DRIZZLE
GRTST DEPTH: 0 7 = DUSTSTORM OR SANDSTORM:
VSBY 1/2 MILE OR LESS
8 = SMOKE OR HAZE
[NO. OF DAYS WITH] [WEATHER - DAYS WITH] 9 = BLOWING SNOW
X = TORNADO
MAX 32 OR BELOW: 0 0.01 INCH OR MORE: 1
MAX 90 OR ABOVE: 31 0.10 INCH OR MORE: 1
MIN 32 OR BELOW: 0 0.50 INCH OR MORE: 1
MIN 0 OR BELOW: 0 1.00 INCH OR MORE: 0
[HDD (BASE 65) ]
TOTAL THIS MO. 0 CLEAR (SCALE 0-3) 12
DPTR FM NORMAL 0 PTCLDY (SCALE 4-7) 19
TOTAL FM JUL 1 0 CLOUDY (SCALE 8-10) 0
DPTR FM NORMAL 0
[CDD (BASE 65) ]
TOTAL THIS MO. 1062
DPTR FM NORMAL 177 [PRESSURE DATA]
TOTAL FM JAN 1 3935 HIGHEST SLP 29.90 ON 18
DPTR FM NORMAL 466 LOWEST SLP 29.49 ON 27
[REMARKS]
#FINAL-08-20#